{"id":51224,"date":"2018-11-12T17:28:13","date_gmt":"2018-11-12T16:28:13","guid":{"rendered":"https:\/\/www.fundacionnaturgy.org\/ca\/?page_id=51224"},"modified":"2018-12-11T12:53:00","modified_gmt":"2018-12-11T11:53:00","slug":"maqueta-torre-de-les-aigues","status":"publish","type":"page","link":"https:\/\/www.fundacionnaturgy.org\/ca\/educacio-divulgacio\/arxiu-i-patrimoni\/maqueta-torre-de-les-aigues\/","title":{"rendered":"Maqueta Torre de les Aig\u00fces"},"content":{"rendered":"<p>[vc_row][vc_column width=&#8221;1\/3&#8243;][vc_single_image image=&#8221;50545&#8243; img_size=&#8221;full&#8221;][\/vc_column][vc_column width=&#8221;2\/3&#8243;]<div class=\"gnf-texto-destacado\" style=\"background-color:#edf0f1;border-color:#004165;\"><h4 style=\"color:#004165\">Maqueta Torre de les Aig\u00fces<\/h4>Fusta de balsa, cartr\u00f3, paper i pintura acr\u00edlica.<\/p>\n<p>MG1209<\/p>\n<p>Edifici original: \u201cTorre de les Aig\u00fces de la Barceloneta\u201d<\/p>\n<p>Barcelona<\/div>[vc_empty_space][vc_column_text]Aquesta maqueta\u00a0representa un dels edificis m\u00e9s emblem\u00e0tics de Naturgy. Constru\u00efda per Jordi Mi\u00f1ana Chesa, treballador de l&#8217;empresa i maquetista de vocaci\u00f3, cedida a Naturgy\u00a0l&#8217;abril de 1993. Actualment es guarda a les reserves del Museu del Gas, juntament amb la resta de col\u00b7lecci\u00f3.<\/p>\n<p>La maqueta est\u00e0 elaborada amb fusta de balsa, cartr\u00f3 i paper i pintures acr\u00edliques\/aquarel\u00b7les\u00a0que mostren amb un detall fidel l&#8217;edifici original.\u00a0 El treball el va realitzar en poc m\u00e9s de 3 mesos.[\/vc_column_text][\/vc_column][\/vc_row][vc_row][vc_column][vc_column_text]<\/p>\n<h3>La Torre de les Aig\u00fces<\/h3>\n<p>La Torre de les Aig\u00fces de la Barceloneta\u00a0va ser constru\u00efda el 1905 al recinte de la f\u00e0brica de gas, de la que era \u201cSocietat Catalana per a l&#8217;Enllumenat per Gas\u201d. Amb els anys, aquesta torre es va convertir en un s\u00edmbol de la companyia que avui dia fins i tot podem veure en la seva ubicaci\u00f3 habitual.<\/p>\n<p>La torre \u00e9s d&#8217;estil modernista i va ser dissenyada per l&#8217;arquitecte Jos\u00e9 Dom\u00e8nech i Estap\u00e0, a qui se li va encomanar la renovaci\u00f3 de la f\u00e0brica de la Barceloneta el 1905. L&#8217;arquitecte es va inspirar en altres models centreeuropeus, especialment de Frankfurt i Holanda.<\/p>\n<p>L&#8217;origen d&#8217;aquesta torre es troba en les primeres modificacions i ampliacions de la f\u00e0brica de gas, quan es van modificar els edificis de forns i de les oficines i es va estimar la necessitat de disposar de m\u00e9s pressi\u00f3 d&#8217;aigua per a f\u00e0brica, es va comen\u00e7ar a projectar l&#8217;any 1893.<\/p>\n<p>La torre es va dissenyar amb un cos\/base on es van incloure, a tres nivells diferents, un dip\u00f2sit per a les aig\u00fces amoniacals concentrades, un altre per a les dilu\u00efdes i un tercer per al quitr\u00e0, amb els corresponents jocs de canonades i bombes extractores, a m\u00e9s d&#8217;instal\u00b7lar un gran dip\u00f2sit d&#8217;aigua a la part superior.<\/p>\n<p>La capacitat del dip\u00f2sit principal \u00e9s de 450 m<sup>3<\/sup>, i l&#8217;al\u00e7\u00e0ria de la torre des del terra fins a la punta de la c\u00fapula \u00e9s de 44,5 metres, sense comptar el parallamps.<\/p>\n<p>Per ordre de l&#8217;enginyer en cap de F\u00e0briques, Jos\u00e9 M. Garriga Carbonell, durant els anys 50 es va restaurar totalment i es van renovar les instal\u00b7lacions interiors. Malgrat els canvis, amb la instal\u00b7laci\u00f3 de les l\u00ednies ONIA-GEGI, la torre i els seus dip\u00f2sits van quedar fora de servei. L&#8217;any 1892, quan el cap de F\u00e0briques era Jaime Riba Codorniu, es va procedir a una altra restauraci\u00f3, es va consolidar tota l&#8217;estructura i es va efectuar una neteja total, tant de l&#8217;interior com de l&#8217;exterior. Des d&#8217;aleshores podem veure-la presidint la zona de la Barceloneta, al costat de la Torre Marenostrum, edifici de les oficines de Gas Natural Fenosa.[\/vc_column_text][\/vc_column][\/vc_row]<\/p>\n","protected":false},"excerpt":{"rendered":"<p>[vc_row][vc_column width=&#8221;1\/3&#8243;][vc_single_image image=&#8221;50545&#8243; img_size=&#8221;full&#8221;][\/vc_column][vc_column width=&#8221;2\/3&#8243;][vc_empty_space][vc_column_text]Aquesta maqueta\u00a0representa un dels edificis m\u00e9s emblem\u00e0tics de Naturgy. Constru\u00efda per Jordi Mi\u00f1ana Chesa, treballador de l&#8217;empresa i maquetista de vocaci\u00f3, cedida a Naturgy\u00a0l&#8217;abril de 1993.<span class=\"more-link\"><a href=\"https:\/\/www.fundacionnaturgy.org\/ca\/educacio-divulgacio\/arxiu-i-patrimoni\/maqueta-torre-de-les-aigues\/\">Llegir m\u00e9s<\/a><\/span><\/p>\n","protected":false},"author":1454,"featured_media":0,"parent":45311,"menu_order":0,"comment_status":"closed","ping_status":"closed","template":"templates\/full-width.php","meta":{"inline_featured_image":false},"categories":[],"acf":[],"_links":{"self":[{"href":"https:\/\/www.fundacionnaturgy.org\/ca\/wp-json\/wp\/v2\/pages\/51224"}],"collection":[{"href":"https:\/\/www.fundacionnaturgy.org\/ca\/wp-json\/wp\/v2\/pages"}],"about":[{"href":"https:\/\/www.fundacionnaturgy.org\/ca\/wp-json\/wp\/v2\/types\/page"}],"author":[{"embeddable":true,"href":"https:\/\/www.fundacionnaturgy.org\/ca\/wp-json\/wp\/v2\/users\/1454"}],"replies":[{"embeddable":true,"href":"https:\/\/www.fundacionnaturgy.org\/ca\/wp-json\/wp\/v2\/comments?post=51224"}],"version-history":[{"count":0,"href":"https:\/\/www.fundacionnaturgy.org\/ca\/wp-json\/wp\/v2\/pages\/51224\/revisions"}],"up":[{"embeddable":true,"href":"https:\/\/www.fundacionnaturgy.org\/ca\/wp-json\/wp\/v2\/pages\/45311"}],"wp:attachment":[{"href":"https:\/\/www.fundacionnaturgy.org\/ca\/wp-json\/wp\/v2\/media?parent=51224"}],"wp:term":[{"taxonomy":"category","embeddable":true,"href":"https:\/\/www.fundacionnaturgy.org\/ca\/wp-json\/wp\/v2\/categories?post=51224"}],"curies":[{"name":"wp","href":"https:\/\/api.w.org\/{rel}","templated":true}]}}

Maqueta Torre de les Aigües

<p>[vc_row][vc_column width=&#8221;1/3&#8243;][vc_single_image image=&#8221;50545&#8243; img_size=&#8221;full&#8221;][/vc_column][vc_column width=&#8221;2/3&#8243;]<div class="gnf-texto-destacado" style="background-color:#edf0f1;border-color:#004165;"><h4 style="color:#004165">Maqueta Torre de les Aigües</h4>Fusta de balsa, cartró, paper i pintura acrílica.</p>
<p>MG1209</p>
<p>Edifici original: “Torre de les Aigües de la Barceloneta”</p>
<p>Barcelona</div>[vc_empty_space][vc_column_text]Aquesta maqueta representa un dels edificis més emblemàtics de Naturgy. Construïda per Jordi Miñana Chesa, treballador de l&#8217;empresa i maquetista de vocació, cedida a Naturgy l&#8217;abril de 1993. Actualment es guarda a les reserves del Museu del Gas, juntament amb la resta de col·lecció.</p>
<p>La maqueta està elaborada amb fusta de balsa, cartró i paper i pintures acríliques/aquarel·les que mostren amb un detall fidel l&#8217;edifici original.  El treball el va realitzar en poc més de 3 mesos.[/vc_column_text][/vc_column][/vc_row][vc_row][vc_column][vc_column_text]</p>
<h3>La Torre de les Aigües</h3>
<p>La Torre de les Aigües de la Barceloneta va ser construïda el 1905 al recinte de la fàbrica de gas, de la que era “Societat Catalana per a l&#8217;Enllumenat per Gas”. Amb els anys, aquesta torre es va convertir en un símbol de la companyia que avui dia fins i tot podem veure en la seva ubicació habitual.</p>
<p>La torre és d&#8217;estil modernista i va ser dissenyada per l&#8217;arquitecte José Domènech i Estapà, a qui se li va encomanar la renovació de la fàbrica de la Barceloneta el 1905. L&#8217;arquitecte es va inspirar en altres models centreeuropeus, especialment de Frankfurt i Holanda.</p>
<p>L&#8217;origen d&#8217;aquesta torre es troba en les primeres modificacions i ampliacions de la fàbrica de gas, quan es van modificar els edificis de forns i de les oficines i es va estimar la necessitat de disposar de més pressió d&#8217;aigua per a fàbrica, es va començar a projectar l&#8217;any 1893.</p>
<p>La torre es va dissenyar amb un cos/base on es van incloure, a tres nivells diferents, un dipòsit per a les aigües amoniacals concentrades, un altre per a les diluïdes i un tercer per al quitrà, amb els corresponents jocs de canonades i bombes extractores, a més d&#8217;instal·lar un gran dipòsit d&#8217;aigua a la part superior.</p>
<p>La capacitat del dipòsit principal és de 450 m<sup>3</sup>, i l&#8217;alçària de la torre des del terra fins a la punta de la cúpula és de 44,5 metres, sense comptar el parallamps.</p>
<p>Per ordre de l&#8217;enginyer en cap de Fàbriques, José M. Garriga Carbonell, durant els anys 50 es va restaurar totalment i es van renovar les instal·lacions interiors. Malgrat els canvis, amb la instal·lació de les línies ONIA-GEGI, la torre i els seus dipòsits van quedar fora de servei. L&#8217;any 1892, quan el cap de Fàbriques era Jaime Riba Codorniu, es va procedir a una altra restauració, es va consolidar tota l&#8217;estructura i es va efectuar una neteja total, tant de l&#8217;interior com de l&#8217;exterior. Des d&#8217;aleshores podem veure-la presidint la zona de la Barceloneta, al costat de la Torre Marenostrum, edifici de les oficines de Gas Natural Fenosa.[/vc_column_text][/vc_column][/vc_row]</p>

<p>[vc_row][vc_column width=&#8221;1/3&#8243;][vc_single_image image=&#8221;50545&#8243; img_size=&#8221;full&#8221;][/vc_column][vc_column width=&#8221;2/3&#8243;][vc_empty_space][vc_column_text]Aquesta maqueta representa un dels edificis més emblemàtics de Naturgy. Construïda per Jordi Miñana Chesa, treballador de l&#8217;empresa i maquetista de vocació, cedida a Naturgy l&#8217;abril de 1993.<span class="more-link"><a href="https://www.fundacionnaturgy.org/ca/educacio-divulgacio/arxiu-i-patrimoni/maqueta-torre-de-les-aigues/">Llegir més</a></span></p>
