{"id":71079,"date":"2020-03-25T12:21:37","date_gmt":"2020-03-25T11:21:37","guid":{"rendered":"https:\/\/www.fundacionnaturgy.org\/aplicacions-online-sobre-energia\/converteix-te-en-gestor-energetic\/"},"modified":"2020-04-30T14:25:04","modified_gmt":"2020-04-30T12:25:04","slug":"converteix-te-en-gestor-energetic","status":"publish","type":"page","link":"https:\/\/www.fundacionnaturgy.org\/ca\/educacio-divulgacio\/efigy-education\/efigy-education-digital\/aplicacions-online-sobre-energia\/converteix-te-en-gestor-energetic\/","title":{"rendered":"Converteix-te en gestor energ\u00e8tic!"},"content":{"rendered":"<p>[vc_row][vc_column width=&#8221;1\/2&#8243;][vc_single_image image=&#8221;70569&#8243; img_size=&#8221;full&#8221;][\/vc_column][vc_column width=&#8221;1\/2&#8243;][vc_column_text]Les centrals energ\u00e8tiques tenen el mateix cost d\u2019instal\u00b7laci\u00f3 i manteniment? I produeixen el mateix impacte mediambiental? Quines centrals energ\u00e8tiques creieu que s\u00f3n les m\u00e9s cares? I quines s\u00f3n les de m\u00e9s impacte mediambiental?<\/p>\n<p>Es tracta de compondre un <strong>paisatge amb diferents elements relacionats amb l\u2019energia<\/strong>. En acabar, s\u2019obt\u00e9 una valoraci\u00f3 de la producci\u00f3 energ\u00e8tica del paisatge, a m\u00e9s d\u2019altres valors com els costos, les emissions i l\u2019impacte mediambiental. Per obtenir cada producci\u00f3 energ\u00e8tica \u00e9s necess\u00e0ria una font d\u2019energia que hi ha a la naturalesa i una instal\u00b7laci\u00f3 humana o central energ\u00e8tica. Les valoracions finals s\u00f3n valors simb\u00f2lics, proporcionals entre les diferents fonts, de manera que tenen un valor merament comparatiu.<\/p>\n<p>A trav\u00e9s d\u2019aquest joc interactiu, l\u2019usuari pren el protagonisme per apropar-se a la <strong>producci\u00f3 i el consum energ\u00e8tic i descobreix que no totes les fonts d\u2019energia produeixen el mateix ni tenen el mateix impacte<\/strong>.[\/vc_column_text][\/vc_column][\/vc_row][vc_row][vc_column width=&#8221;1\/2&#8243;][vc_column_text]<\/p>\n<h3><span style=\"color: #e57200;\">Edat\u00a0m\u00ednima\u00a0i tem\u00e0tica<\/span><\/h3>\n<p>A partir dels <b>9 anys<\/b>.<\/p>\n<p>Coneixement del medi natural, social i cultural.[\/vc_column_text][\/vc_column][vc_column width=&#8221;1\/2&#8243;][vc_column_text]<\/p>\n<h3><span style=\"color: #e57200;\">Objectius did\u00e0ctics<\/span><\/h3>\n<p>Con\u00e8ixer, a trav\u00e9s d\u2019un joc interactiu, la <strong>diferent producci\u00f3 d\u2019energia a partir de fonts presents a la naturalesa<\/strong>.\u00a0Consolidar valors de conservaci\u00f3 del medi ambient i d\u2019<strong>estalvi d\u2019energia<\/strong>.[\/vc_column_text][\/vc_column][\/vc_row][vc_row][vc_column width=&#8221;1\/2&#8243;][vc_column_text]<\/p>\n<h3><span style=\"color: #e57200;\">Continguts del programa educatiu<\/span><\/h3>\n<ul>\n<li>Les fonts d\u2019energia a la naturalesa.<\/li>\n<li>Diferents produccions de cada font.<\/li>\n<li>Efici\u00e8ncia energ\u00e8tica.<\/li>\n<\/ul>\n<p>[\/vc_column_text][\/vc_column][vc_column width=&#8221;1\/2&#8243;][vc_column_text]<\/p>\n<h3><span style=\"color: #e57200;\">Compet\u00e8ncies\u00a0curriculars<\/span><\/h3>\n<ul>\n<li>Compet\u00e8ncia matem\u00e0tica i compet\u00e8ncies b\u00e0siques en ci\u00e8ncia i tecnologia.<\/li>\n<li>Aprendre a aprendre.<\/li>\n<li>Comunicaci\u00f3 ling\u00fc\u00edstica.<\/li>\n<\/ul>\n<p>[\/vc_column_text][\/vc_column][\/vc_row][vc_row][vc_column]<a class=\"gnf-boton oscuro left\" href=\"http:\/\/energychallenge.es\/EnergyPaisaje\/\" title=\"\" target=\"_self\">Accedeix a l\u2019aplicaci\u00f3<\/a>[\/vc_column][\/vc_row][vc_row][vc_column][\/vc_column][\/vc_row]<\/p>\n","protected":false},"excerpt":{"rendered":"<p>[vc_row][vc_column width=&#8221;1\/2&#8243;][vc_single_image image=&#8221;70569&#8243; img_size=&#8221;full&#8221;][\/vc_column][vc_column width=&#8221;1\/2&#8243;][vc_column_text]Les centrals energ\u00e8tiques tenen el mateix cost d\u2019instal\u00b7laci\u00f3 i manteniment? I produeixen el mateix impacte mediambiental? Quines centrals energ\u00e8tiques creieu que s\u00f3n les m\u00e9s cares? I<span class=\"more-link\"><a href=\"https:\/\/www.fundacionnaturgy.org\/ca\/educacio-divulgacio\/efigy-education\/efigy-education-digital\/aplicacions-online-sobre-energia\/converteix-te-en-gestor-energetic\/\">Llegir m\u00e9s<\/a><\/span><\/p>\n","protected":false},"author":1454,"featured_media":0,"parent":71068,"menu_order":0,"comment_status":"closed","ping_status":"closed","template":"templates\/full-width.php","meta":{"inline_featured_image":false},"categories":[],"acf":[],"_links":{"self":[{"href":"https:\/\/www.fundacionnaturgy.org\/ca\/wp-json\/wp\/v2\/pages\/71079"}],"collection":[{"href":"https:\/\/www.fundacionnaturgy.org\/ca\/wp-json\/wp\/v2\/pages"}],"about":[{"href":"https:\/\/www.fundacionnaturgy.org\/ca\/wp-json\/wp\/v2\/types\/page"}],"author":[{"embeddable":true,"href":"https:\/\/www.fundacionnaturgy.org\/ca\/wp-json\/wp\/v2\/users\/1454"}],"replies":[{"embeddable":true,"href":"https:\/\/www.fundacionnaturgy.org\/ca\/wp-json\/wp\/v2\/comments?post=71079"}],"version-history":[{"count":0,"href":"https:\/\/www.fundacionnaturgy.org\/ca\/wp-json\/wp\/v2\/pages\/71079\/revisions"}],"up":[{"embeddable":true,"href":"https:\/\/www.fundacionnaturgy.org\/ca\/wp-json\/wp\/v2\/pages\/71068"}],"wp:attachment":[{"href":"https:\/\/www.fundacionnaturgy.org\/ca\/wp-json\/wp\/v2\/media?parent=71079"}],"wp:term":[{"taxonomy":"category","embeddable":true,"href":"https:\/\/www.fundacionnaturgy.org\/ca\/wp-json\/wp\/v2\/categories?post=71079"}],"curies":[{"name":"wp","href":"https:\/\/api.w.org\/{rel}","templated":true}]}}

Converteix-te en gestor energètic!

<p>[vc_row][vc_column width=&#8221;1/2&#8243;][vc_single_image image=&#8221;70569&#8243; img_size=&#8221;full&#8221;][/vc_column][vc_column width=&#8221;1/2&#8243;][vc_column_text]Les centrals energètiques tenen el mateix cost d’instal·lació i manteniment? I produeixen el mateix impacte mediambiental? Quines centrals energètiques creieu que són les més cares? I quines són les de més impacte mediambiental?</p>
<p>Es tracta de compondre un <strong>paisatge amb diferents elements relacionats amb l’energia</strong>. En acabar, s’obté una valoració de la producció energètica del paisatge, a més d’altres valors com els costos, les emissions i l’impacte mediambiental. Per obtenir cada producció energètica és necessària una font d’energia que hi ha a la naturalesa i una instal·lació humana o central energètica. Les valoracions finals són valors simbòlics, proporcionals entre les diferents fonts, de manera que tenen un valor merament comparatiu.</p>
<p>A través d’aquest joc interactiu, l’usuari pren el protagonisme per apropar-se a la <strong>producció i el consum energètic i descobreix que no totes les fonts d’energia produeixen el mateix ni tenen el mateix impacte</strong>.[/vc_column_text][/vc_column][/vc_row][vc_row][vc_column width=&#8221;1/2&#8243;][vc_column_text]</p>
<h3><span style="color: #e57200;">Edat mínima i temàtica</span></h3>
<p>A partir dels <b>9 anys</b>.</p>
<p>Coneixement del medi natural, social i cultural.[/vc_column_text][/vc_column][vc_column width=&#8221;1/2&#8243;][vc_column_text]</p>
<h3><span style="color: #e57200;">Objectius didàctics</span></h3>
<p>Conèixer, a través d’un joc interactiu, la <strong>diferent producció d’energia a partir de fonts presents a la naturalesa</strong>. Consolidar valors de conservació del medi ambient i d’<strong>estalvi d’energia</strong>.[/vc_column_text][/vc_column][/vc_row][vc_row][vc_column width=&#8221;1/2&#8243;][vc_column_text]</p>
<h3><span style="color: #e57200;">Continguts del programa educatiu</span></h3>
<ul>
<li>Les fonts d’energia a la naturalesa.</li>
<li>Diferents produccions de cada font.</li>
<li>Eficiència energètica.</li>
</ul>
<p>[/vc_column_text][/vc_column][vc_column width=&#8221;1/2&#8243;][vc_column_text]</p>
<h3><span style="color: #e57200;">Competències curriculars</span></h3>
<ul>
<li>Competència matemàtica i competències bàsiques en ciència i tecnologia.</li>
<li>Aprendre a aprendre.</li>
<li>Comunicació lingüística.</li>
</ul>
<p>[/vc_column_text][/vc_column][/vc_row][vc_row][vc_column]<a class="gnf-boton oscuro left" href="http://energychallenge.es/EnergyPaisaje/" title="" target="_self">Accedeix a l’aplicació</a>[/vc_column][/vc_row][vc_row][vc_column][/vc_column][/vc_row]</p>

<p>[vc_row][vc_column width=&#8221;1/2&#8243;][vc_single_image image=&#8221;70569&#8243; img_size=&#8221;full&#8221;][/vc_column][vc_column width=&#8221;1/2&#8243;][vc_column_text]Les centrals energètiques tenen el mateix cost d’instal·lació i manteniment? I produeixen el mateix impacte mediambiental? Quines centrals energètiques creieu que són les més cares? I<span class="more-link"><a href="https://www.fundacionnaturgy.org/ca/educacio-divulgacio/efigy-education/efigy-education-digital/aplicacions-online-sobre-energia/converteix-te-en-gestor-energetic/">Llegir més</a></span></p>
