{"id":79675,"date":"2021-09-22T22:44:15","date_gmt":"2021-09-22T20:44:15","guid":{"rendered":"https:\/\/www.fundacionnaturgy.org\/experiencies-digitals\/"},"modified":"2024-04-29T10:30:45","modified_gmt":"2024-04-29T08:30:45","slug":"experiencies-digitals","status":"publish","type":"page","link":"https:\/\/www.fundacionnaturgy.org\/ca\/educacio-divulgacio\/experiencies-digitals\/","title":{"rendered":"Experi\u00e8ncies digitals"},"content":{"rendered":"<p>[vc_row][vc_column][vc_column_text]<\/p>\n<h2><strong>Donem a con\u00e8ixer a la societat coneixements t\u00e8cnics actualitzats en l&#8217;\u00e0mbit de l&#8217;energia i el medi ambient<br \/>\n<\/strong><\/h2>\n<p>[\/vc_column_text][vc_column_text]<\/p>\n<p class=\"x_xxxmsonormal\">T&#8217;oferim un ventall de propostes, de producci\u00f3 pr\u00f2pia, que et permetran descobrir, des de qualsevol lloc i quan vulguis, la innovaci\u00f3 tecnol\u00f2gica desenvolupada al sector de l&#8217;energia amb l&#8217;objectiu de complir els reptes mediambientals futurs.<\/p>\n<p>[\/vc_column_text][\/vc_column][\/vc_row][vc_row][vc_column][vc_single_image image=&#8221;79643&#8243; img_size=&#8221;full&#8221; alignment=&#8221;center&#8221;][\/vc_column][\/vc_row][vc_row][vc_column][vc_empty_space][\/vc_column][\/vc_row][vc_row][vc_column width=&#8221;1\/2&#8243; css=&#8221;.vc_custom_1632340124409{padding-bottom: 20px !important;}&#8221;][vc_single_image image=&#8221;81460&#8243; img_size=&#8221;full&#8221; alignment=&#8221;center&#8221; onclick=&#8221;custom_link&#8221; link=&#8221;https:\/\/www.fundacionnaturgy.org\/educacion-y-divulgacion\/experiencias-digitales\/que-aire-respiramos-en-las-ciudades\/&#8221;][vc_column_text]<\/p>\n<h4><strong>Quin aire respirem a les ciutats<br \/>\n<\/strong><\/h4>\n<p>Aquesta exposici\u00f3 virtual produ\u00efda per la Fundaci\u00f3 Naturgy mostra com el fenomen de la contaminaci\u00f3 atmosf\u00e8rica \u00e9s un factor clau que determina la salut de les persones i del medi ambient.[\/vc_column_text]<a class=\"gnf-boton oscuro left\" href=\"https:\/\/www.fundacionnaturgy.org\/ca\/educacio-divulgacio\/experiencies-digitals\/quin-aire-respirem-a-les-ciutats\/\" title=\"\" target=\"_blank\">Veure m\u00e9s<\/a>[\/vc_column][vc_column width=&#8221;1\/2&#8243;][vc_single_image image=&#8221;81457&#8243; img_size=&#8221;full&#8221; alignment=&#8221;center&#8221; onclick=&#8221;custom_link&#8221; link=&#8221;https:\/\/www.fundacionnaturgy.org\/educacion-y-divulgacion\/experiencias-digitales\/energy-challenge-sumate-al-reto-transicion-energetica\/&#8221;][vc_column_text]<\/p>\n<h4><strong>Suma\u2019t al repte de la transici\u00f3 energ\u00e8tica<br \/>\n<\/strong><\/h4>\n<p>Aquesta proposta virtual oferir\u00e0 als visitants una experi\u00e8ncia que pret\u00e9n transferir coneixement especialitzat i t\u00e8cnic sobre energia, com ara les noves tecnologies energ\u00e8tiques, la transici\u00f3 energ\u00e8tica, l&#8217;economia circular i la qualitat de l&#8217;aire.[\/vc_column_text]<a class=\"gnf-boton oscuro left\" href=\"https:\/\/www.fundacionnaturgy.org\/ca\/educacio-divulgacio\/experiencies-digitals\/energy-challenge\/\" title=\"\" target=\"_blank\">Veure m\u00e9s<\/a>[\/vc_column][\/vc_row][vc_row][vc_column][vc_empty_space][\/vc_column][\/vc_row][vc_row css=&#8221;.vc_custom_1650401986391{padding-top: 50px !important;padding-right: 30px !important;padding-bottom: 50px !important;padding-left: 30px !important;background-color: #bfb8ae !important;}&#8221;][vc_column][vc_column_text]<\/p>\n<h2><strong>Comparteix la teva experi\u00e8ncia a xarxes amb l&#8217;etiqueta\u00a0#DigitalFNaturgy<br \/>\n<\/strong><\/h2>\n<p>&nbsp;<\/p>\n<h3>Si coneixes de primera m\u00e0 alguna de les propostes digitals que oferim, uneix-te a la nostra comunitat de xarxes socials i comparteix-ho amb tots els teus contactes.<\/h3>\n<p>[\/vc_column_text][\/vc_column][\/vc_row][vc_row][vc_column][vc_row_inner css=&#8221;.vc_custom_1648462809432{border-top-width: 1px !important;border-right-width: 1px !important;border-bottom-width: 1px !important;border-left-width: 1px !important;border-left-color: #e5ecf1 !important;border-left-style: solid !important;border-right-color: #e5ecf1 !important;border-right-style: solid !important;border-top-color: #e5ecf1 !important;border-top-style: solid !important;border-bottom-color: #e5ecf1 !important;border-bottom-style: solid !important;border-radius: 1px !important;}&#8221;][vc_column_inner width=&#8221;1\/4&#8243;][vc_single_image image=&#8221;81427&#8243; img_size=&#8221;full&#8221; alignment=&#8221;right&#8221;][\/vc_column_inner][vc_column_inner width=&#8221;3\/4&#8243;][vc_column_text]<\/p>\n<h4><b>M\u00e9s informaci\u00f3:<\/b><\/h4>\n<p>Si vols saber-ne m\u00e9s, ens pots contactar per:<\/p>\n<p>Adre\u00e7a electr\u00f2nica<\/p>\n<p><strong><a href=\"mailto:efigyeducation@naturgy.com\">educaci\u00f3nfundacion@naturgy.com<\/a><\/strong>[\/vc_column_text][\/vc_column_inner][\/vc_row_inner][\/vc_column][\/vc_row]<\/p>\n","protected":false},"excerpt":{"rendered":"<p>[vc_row][vc_column][vc_column_text] Donem a con\u00e8ixer a la societat coneixements t\u00e8cnics actualitzats en l&#8217;\u00e0mbit de l&#8217;energia i el medi ambient [\/vc_column_text][vc_column_text] T&#8217;oferim un ventall de propostes, de producci\u00f3 pr\u00f2pia, que et permetran<span class=\"more-link\"><a href=\"https:\/\/www.fundacionnaturgy.org\/ca\/educacio-divulgacio\/experiencies-digitals\/\">Llegir m\u00e9s<\/a><\/span><\/p>\n","protected":false},"author":11,"featured_media":0,"parent":45308,"menu_order":0,"comment_status":"closed","ping_status":"closed","template":"templates\/full-width.php","meta":{"inline_featured_image":false},"categories":[],"acf":[],"_links":{"self":[{"href":"https:\/\/www.fundacionnaturgy.org\/ca\/wp-json\/wp\/v2\/pages\/79675"}],"collection":[{"href":"https:\/\/www.fundacionnaturgy.org\/ca\/wp-json\/wp\/v2\/pages"}],"about":[{"href":"https:\/\/www.fundacionnaturgy.org\/ca\/wp-json\/wp\/v2\/types\/page"}],"author":[{"embeddable":true,"href":"https:\/\/www.fundacionnaturgy.org\/ca\/wp-json\/wp\/v2\/users\/11"}],"replies":[{"embeddable":true,"href":"https:\/\/www.fundacionnaturgy.org\/ca\/wp-json\/wp\/v2\/comments?post=79675"}],"version-history":[{"count":1,"href":"https:\/\/www.fundacionnaturgy.org\/ca\/wp-json\/wp\/v2\/pages\/79675\/revisions"}],"predecessor-version":[{"id":89100,"href":"https:\/\/www.fundacionnaturgy.org\/ca\/wp-json\/wp\/v2\/pages\/79675\/revisions\/89100"}],"up":[{"embeddable":true,"href":"https:\/\/www.fundacionnaturgy.org\/ca\/wp-json\/wp\/v2\/pages\/45308"}],"wp:attachment":[{"href":"https:\/\/www.fundacionnaturgy.org\/ca\/wp-json\/wp\/v2\/media?parent=79675"}],"wp:term":[{"taxonomy":"category","embeddable":true,"href":"https:\/\/www.fundacionnaturgy.org\/ca\/wp-json\/wp\/v2\/categories?post=79675"}],"curies":[{"name":"wp","href":"https:\/\/api.w.org\/{rel}","templated":true}]}}

Experiències digitals

<p>[vc_row][vc_column][vc_column_text]</p>
<h2><strong>Donem a conèixer a la societat coneixements tècnics actualitzats en l&#8217;àmbit de l&#8217;energia i el medi ambient<br />
</strong></h2>
<p>[/vc_column_text][vc_column_text]</p>
<p class="x_xxxmsonormal">T&#8217;oferim un ventall de propostes, de producció pròpia, que et permetran descobrir, des de qualsevol lloc i quan vulguis, la innovació tecnològica desenvolupada al sector de l&#8217;energia amb l&#8217;objectiu de complir els reptes mediambientals futurs.</p>
<p>[/vc_column_text][/vc_column][/vc_row][vc_row][vc_column][vc_single_image image=&#8221;79643&#8243; img_size=&#8221;full&#8221; alignment=&#8221;center&#8221;][/vc_column][/vc_row][vc_row][vc_column][vc_empty_space][/vc_column][/vc_row][vc_row][vc_column width=&#8221;1/2&#8243; css=&#8221;.vc_custom_1632340124409{padding-bottom: 20px !important;}&#8221;][vc_single_image image=&#8221;81460&#8243; img_size=&#8221;full&#8221; alignment=&#8221;center&#8221; onclick=&#8221;custom_link&#8221; link=&#8221;https://www.fundacionnaturgy.org/educacion-y-divulgacion/experiencias-digitales/que-aire-respiramos-en-las-ciudades/&#8221;][vc_column_text]</p>
<h4><strong>Quin aire respirem a les ciutats<br />
</strong></h4>
<p>Aquesta exposició virtual produïda per la Fundació Naturgy mostra com el fenomen de la contaminació atmosfèrica és un factor clau que determina la salut de les persones i del medi ambient.[/vc_column_text]<a class="gnf-boton oscuro left" href="https://www.fundacionnaturgy.org/ca/educacio-divulgacio/experiencies-digitals/quin-aire-respirem-a-les-ciutats/" title="" target="_blank">Veure més</a>[/vc_column][vc_column width=&#8221;1/2&#8243;][vc_single_image image=&#8221;81457&#8243; img_size=&#8221;full&#8221; alignment=&#8221;center&#8221; onclick=&#8221;custom_link&#8221; link=&#8221;https://www.fundacionnaturgy.org/educacion-y-divulgacion/experiencias-digitales/energy-challenge-sumate-al-reto-transicion-energetica/&#8221;][vc_column_text]</p>
<h4><strong>Suma’t al repte de la transició energètica<br />
</strong></h4>
<p>Aquesta proposta virtual oferirà als visitants una experiència que pretén transferir coneixement especialitzat i tècnic sobre energia, com ara les noves tecnologies energètiques, la transició energètica, l&#8217;economia circular i la qualitat de l&#8217;aire.[/vc_column_text]<a class="gnf-boton oscuro left" href="https://www.fundacionnaturgy.org/ca/educacio-divulgacio/experiencies-digitals/energy-challenge/" title="" target="_blank">Veure més</a>[/vc_column][/vc_row][vc_row][vc_column][vc_empty_space][/vc_column][/vc_row][vc_row css=&#8221;.vc_custom_1650401986391{padding-top: 50px !important;padding-right: 30px !important;padding-bottom: 50px !important;padding-left: 30px !important;background-color: #bfb8ae !important;}&#8221;][vc_column][vc_column_text]</p>
<h2><strong>Comparteix la teva experiència a xarxes amb l&#8217;etiqueta #DigitalFNaturgy<br />
</strong></h2>
<p>&nbsp;</p>
<h3>Si coneixes de primera mà alguna de les propostes digitals que oferim, uneix-te a la nostra comunitat de xarxes socials i comparteix-ho amb tots els teus contactes.</h3>
<p>[/vc_column_text][/vc_column][/vc_row][vc_row][vc_column][vc_row_inner css=&#8221;.vc_custom_1648462809432{border-top-width: 1px !important;border-right-width: 1px !important;border-bottom-width: 1px !important;border-left-width: 1px !important;border-left-color: #e5ecf1 !important;border-left-style: solid !important;border-right-color: #e5ecf1 !important;border-right-style: solid !important;border-top-color: #e5ecf1 !important;border-top-style: solid !important;border-bottom-color: #e5ecf1 !important;border-bottom-style: solid !important;border-radius: 1px !important;}&#8221;][vc_column_inner width=&#8221;1/4&#8243;][vc_single_image image=&#8221;81427&#8243; img_size=&#8221;full&#8221; alignment=&#8221;right&#8221;][/vc_column_inner][vc_column_inner width=&#8221;3/4&#8243;][vc_column_text]</p>
<h4><b>Més informació:</b></h4>
<p>Si vols saber-ne més, ens pots contactar per:</p>
<p>Adreça electrònica</p>
<p><strong><a href="mailto:efigyeducation@naturgy.com">educaciónfundacion@naturgy.com</a></strong>[/vc_column_text][/vc_column_inner][/vc_row_inner][/vc_column][/vc_row]</p>

<p>[vc_row][vc_column][vc_column_text] Donem a conèixer a la societat coneixements tècnics actualitzats en l&#8217;àmbit de l&#8217;energia i el medi ambient [/vc_column_text][vc_column_text] T&#8217;oferim un ventall de propostes, de producció pròpia, que et permetran<span class="more-link"><a href="https://www.fundacionnaturgy.org/ca/educacio-divulgacio/experiencies-digitals/">Llegir més</a></span></p>
