{"id":83501,"date":"2022-06-30T22:50:48","date_gmt":"2022-06-30T20:50:48","guid":{"rendered":"https:\/\/www.fundacionnaturgy.org\/energia-i-medi-ambient-2\/seminaris-jornades-i-forums-tecnologics\/sendes-geopolitiques-de-la-transicio-energetica\/"},"modified":"2025-10-28T14:11:05","modified_gmt":"2025-10-28T13:11:05","slug":"sendes-geopolitiques-de-la-transicio-energetica","status":"publish","type":"page","link":"https:\/\/www.fundacionnaturgy.org\/ca\/energia-i-medi-ambient-2\/seminaris-jornades-i-forums-tecnologics\/sendes-geopolitiques-de-la-transicio-energetica\/","title":{"rendered":"Sendes geopol\u00edtiques de la transici\u00f3 energ\u00e8tica, amb Real Instituto Elcano"},"content":{"rendered":"<p>[vc_row][vc_column][vc_column_text]<\/p>\n<h2><strong>Reflexions sobre el canvi de model energ\u00e8tic<\/strong><\/h2>\n<p>[\/vc_column_text][\/vc_column][\/vc_row][vc_row][vc_column][vc_column_text]<strong>Fundaci\u00f3 Naturgy i el Real Instituto Elcano <\/strong>et convidem a jornades en qu\u00e8 analitzem les implicacions geopol\u00edtiques de la transici\u00f3 energ\u00e8tica. La col\u00b7laboraci\u00f3 d&#8217;ambdues institucions explora el <strong>panorama global dibuixat per la transformaci\u00f3 <\/strong>que vivim en l&#8217;\u00e0mbit de l&#8217;<strong>energia<\/strong><strong> i el medi ambient<\/strong>.[\/vc_column_text]<a class=\"gnf-boton oscuro left\" href=\"https:\/\/www.realinstitutoelcano.org\/\" title=\"\" target=\"_blank\">Anar a Real Instituto Elcano<\/a>[\/vc_column][\/vc_row][vc_row][vc_column][vc_empty_space][\/vc_column][\/vc_row][vc_row full_width=&#8221;stretch_row_content_no_spaces&#8221;][vc_column][vc_column_text]<a href=\"https:\/\/www.fundacionnaturgy.org\/wp-content\/uploads\/2022\/06\/0le_3836-scaled.jpg\"><img loading=\"lazy\" class=\"aligncenter size-full wp-image-82030\" src=\"https:\/\/www.fundacionnaturgy.org\/wp-content\/uploads\/2022\/06\/0le_3836-scaled.jpg\" alt=\"\" width=\"2560\" height=\"1695\" srcset=\"https:\/\/www.fundacionnaturgy.org\/wp-content\/uploads\/2022\/06\/0le_3836-scaled.jpg 2560w, https:\/\/www.fundacionnaturgy.org\/wp-content\/uploads\/2022\/06\/0le_3836-300x199.jpg 300w, https:\/\/www.fundacionnaturgy.org\/wp-content\/uploads\/2022\/06\/0le_3836-1024x678.jpg 1024w, https:\/\/www.fundacionnaturgy.org\/wp-content\/uploads\/2022\/06\/0le_3836-768x508.jpg 768w, https:\/\/www.fundacionnaturgy.org\/wp-content\/uploads\/2022\/06\/0le_3836-1536x1017.jpg 1536w, https:\/\/www.fundacionnaturgy.org\/wp-content\/uploads\/2022\/06\/0le_3836-2048x1356.jpg 2048w, https:\/\/www.fundacionnaturgy.org\/wp-content\/uploads\/2022\/06\/0le_3836-212x140.jpg 212w, https:\/\/www.fundacionnaturgy.org\/wp-content\/uploads\/2022\/06\/0le_3836-600x397.jpg 600w\" sizes=\"(max-width: 2560px) 100vw, 2560px\" \/><\/a>[\/vc_column_text][\/vc_column][\/vc_row][vc_row][vc_column][vc_column_text]<\/p>\n<h2><strong>Sessions\u00a0completes<\/strong><\/h2>\n<p>[\/vc_column_text][vc_row_inner][vc_column_inner width=&#8221;1\/2&#8243;][vc_column_text]<\/p>\n<h4><strong>Pol\u00edtiques industrials i comercials a la Xina, la UE i els EUA.<\/strong><\/h4>\n<p><span style=\"color: #004571;\">11 de juny de 2025<\/span>[\/vc_column_text][vc_video link=&#8221;https:\/\/www.youtube.com\/watch?v=f3nRJw-0MMA&#8221; el_width=&#8221;80&#8243;][\/vc_column_inner][vc_column_inner width=&#8221;1\/2&#8243;][vc_column_text]<\/p>\n<h4><strong>Mediterrani Oriental<\/strong><\/h4>\n<p><span style=\"color: #004571;\">24 d&#8217;abril de 2024<\/span>[\/vc_column_text][vc_video link=&#8221;https:\/\/youtu.be\/x1RedsMsBqo&#8221; el_width=&#8221;80&#8243;][\/vc_column_inner][\/vc_row_inner][vc_row_inner][vc_column_inner width=&#8221;1\/2&#8243;][vc_column_text]<\/p>\n<h4><strong>La relaci\u00f3 transatl\u00e0ntica<\/strong><\/h4>\n<p><span style=\"color: #004571;\">9 de maig de 2023<\/span>[\/vc_column_text][vc_video link=&#8221;https:\/\/www.youtube.com\/watch?v=YGu35le0KAA&#8221; el_width=&#8221;80&#8243;][\/vc_column_inner][vc_column_inner width=&#8221;1\/2&#8243;][vc_column_text]<\/p>\n<h4><strong>Orient Mitj\u00e0<\/strong><\/h4>\n<p><span style=\"color: #004571;\">19 de maig de 2022<\/span>[\/vc_column_text][vc_video link=&#8221;https:\/\/www.youtube.com\/watch?v=UFNA_MIQg8E&#8221; el_width=&#8221;80&#8243;][\/vc_column_inner][\/vc_row_inner][\/vc_column][\/vc_row]<\/p>\n","protected":false},"excerpt":{"rendered":"<p>[vc_row][vc_column][vc_column_text] Reflexions sobre el canvi de model energ\u00e8tic [\/vc_column_text][\/vc_column][\/vc_row][vc_row][vc_column][vc_column_text]Fundaci\u00f3 Naturgy i el Real Instituto Elcano et convidem a jornades en qu\u00e8 analitzem les implicacions geopol\u00edtiques de la transici\u00f3 energ\u00e8tica. La<span class=\"more-link\"><a href=\"https:\/\/www.fundacionnaturgy.org\/ca\/energia-i-medi-ambient-2\/seminaris-jornades-i-forums-tecnologics\/sendes-geopolitiques-de-la-transicio-energetica\/\">Llegir m\u00e9s<\/a><\/span><\/p>\n","protected":false},"author":1454,"featured_media":0,"parent":73281,"menu_order":0,"comment_status":"closed","ping_status":"closed","template":"templates\/full-width.php","meta":{"inline_featured_image":false},"categories":[],"acf":[],"_links":{"self":[{"href":"https:\/\/www.fundacionnaturgy.org\/ca\/wp-json\/wp\/v2\/pages\/83501"}],"collection":[{"href":"https:\/\/www.fundacionnaturgy.org\/ca\/wp-json\/wp\/v2\/pages"}],"about":[{"href":"https:\/\/www.fundacionnaturgy.org\/ca\/wp-json\/wp\/v2\/types\/page"}],"author":[{"embeddable":true,"href":"https:\/\/www.fundacionnaturgy.org\/ca\/wp-json\/wp\/v2\/users\/1454"}],"replies":[{"embeddable":true,"href":"https:\/\/www.fundacionnaturgy.org\/ca\/wp-json\/wp\/v2\/comments?post=83501"}],"version-history":[{"count":6,"href":"https:\/\/www.fundacionnaturgy.org\/ca\/wp-json\/wp\/v2\/pages\/83501\/revisions"}],"predecessor-version":[{"id":94155,"href":"https:\/\/www.fundacionnaturgy.org\/ca\/wp-json\/wp\/v2\/pages\/83501\/revisions\/94155"}],"up":[{"embeddable":true,"href":"https:\/\/www.fundacionnaturgy.org\/ca\/wp-json\/wp\/v2\/pages\/73281"}],"wp:attachment":[{"href":"https:\/\/www.fundacionnaturgy.org\/ca\/wp-json\/wp\/v2\/media?parent=83501"}],"wp:term":[{"taxonomy":"category","embeddable":true,"href":"https:\/\/www.fundacionnaturgy.org\/ca\/wp-json\/wp\/v2\/categories?post=83501"}],"curies":[{"name":"wp","href":"https:\/\/api.w.org\/{rel}","templated":true}]}}

Sendes geopolítiques de la transició energètica, amb Real Instituto Elcano

<p>[vc_row][vc_column][vc_column_text]</p>
<h2><strong>Reflexions sobre el canvi de model energètic</strong></h2>
<p>[/vc_column_text][/vc_column][/vc_row][vc_row][vc_column][vc_column_text]<strong>Fundació Naturgy i el Real Instituto Elcano </strong>et convidem a jornades en què analitzem les implicacions geopolítiques de la transició energètica. La col·laboració d&#8217;ambdues institucions explora el <strong>panorama global dibuixat per la transformació </strong>que vivim en l&#8217;àmbit de l&#8217;<strong>energia</strong><strong> i el medi ambient</strong>.[/vc_column_text]<a class="gnf-boton oscuro left" href="https://www.realinstitutoelcano.org/" title="" target="_blank">Anar a Real Instituto Elcano</a>[/vc_column][/vc_row][vc_row][vc_column][vc_empty_space][/vc_column][/vc_row][vc_row full_width=&#8221;stretch_row_content_no_spaces&#8221;][vc_column][vc_column_text]<a href="https://www.fundacionnaturgy.org/wp-content/uploads/2022/06/0le_3836-scaled.jpg"><img loading="lazy" class="aligncenter size-full wp-image-82030" src="https://www.fundacionnaturgy.org/wp-content/uploads/2022/06/0le_3836-scaled.jpg" alt="" width="2560" height="1695" srcset="https://www.fundacionnaturgy.org/wp-content/uploads/2022/06/0le_3836-scaled.jpg 2560w, https://www.fundacionnaturgy.org/wp-content/uploads/2022/06/0le_3836-300x199.jpg 300w, https://www.fundacionnaturgy.org/wp-content/uploads/2022/06/0le_3836-1024x678.jpg 1024w, https://www.fundacionnaturgy.org/wp-content/uploads/2022/06/0le_3836-768x508.jpg 768w, https://www.fundacionnaturgy.org/wp-content/uploads/2022/06/0le_3836-1536x1017.jpg 1536w, https://www.fundacionnaturgy.org/wp-content/uploads/2022/06/0le_3836-2048x1356.jpg 2048w, https://www.fundacionnaturgy.org/wp-content/uploads/2022/06/0le_3836-212x140.jpg 212w, https://www.fundacionnaturgy.org/wp-content/uploads/2022/06/0le_3836-600x397.jpg 600w" sizes="(max-width: 2560px) 100vw, 2560px" /></a>[/vc_column_text][/vc_column][/vc_row][vc_row][vc_column][vc_column_text]</p>
<h2><strong>Sessions completes</strong></h2>
<p>[/vc_column_text][vc_row_inner][vc_column_inner width=&#8221;1/2&#8243;][vc_column_text]</p>
<h4><strong>Polítiques industrials i comercials a la Xina, la UE i els EUA.</strong></h4>
<p><span style="color: #004571;">11 de juny de 2025</span>[/vc_column_text][vc_video link=&#8221;https://www.youtube.com/watch?v=f3nRJw-0MMA&#8221; el_width=&#8221;80&#8243;][/vc_column_inner][vc_column_inner width=&#8221;1/2&#8243;][vc_column_text]</p>
<h4><strong>Mediterrani Oriental</strong></h4>
<p><span style="color: #004571;">24 d&#8217;abril de 2024</span>[/vc_column_text][vc_video link=&#8221;https://youtu.be/x1RedsMsBqo&#8221; el_width=&#8221;80&#8243;][/vc_column_inner][/vc_row_inner][vc_row_inner][vc_column_inner width=&#8221;1/2&#8243;][vc_column_text]</p>
<h4><strong>La relació transatlàntica</strong></h4>
<p><span style="color: #004571;">9 de maig de 2023</span>[/vc_column_text][vc_video link=&#8221;https://www.youtube.com/watch?v=YGu35le0KAA&#8221; el_width=&#8221;80&#8243;][/vc_column_inner][vc_column_inner width=&#8221;1/2&#8243;][vc_column_text]</p>
<h4><strong>Orient Mitjà</strong></h4>
<p><span style="color: #004571;">19 de maig de 2022</span>[/vc_column_text][vc_video link=&#8221;https://www.youtube.com/watch?v=UFNA_MIQg8E&#8221; el_width=&#8221;80&#8243;][/vc_column_inner][/vc_row_inner][/vc_column][/vc_row]</p>

<p>[vc_row][vc_column][vc_column_text] Reflexions sobre el canvi de model energètic [/vc_column_text][/vc_column][/vc_row][vc_row][vc_column][vc_column_text]Fundació Naturgy i el Real Instituto Elcano et convidem a jornades en què analitzem les implicacions geopolítiques de la transició energètica. La<span class="more-link"><a href="https://www.fundacionnaturgy.org/ca/energia-i-medi-ambient-2/seminaris-jornades-i-forums-tecnologics/sendes-geopolitiques-de-la-transicio-energetica/">Llegir més</a></span></p>
