{"id":83993,"date":"2022-11-14T13:04:31","date_gmt":"2022-11-14T12:04:31","guid":{"rendered":"https:\/\/www.fundacionnaturgy.org\/30-anys-compromesos-amb-la-societat\/"},"modified":"2022-12-01T11:40:14","modified_gmt":"2022-12-01T10:40:14","slug":"30-anys-compromesos-amb-la-societat","status":"publish","type":"page","link":"https:\/\/www.fundacionnaturgy.org\/ca\/30-anys-compromesos-amb-la-societat\/","title":{"rendered":"30 anys compromesos amb la societat"},"content":{"rendered":"<p>[vc_row][vc_column][vc_single_image image=&#8221;83998&#8243; img_size=&#8221;full&#8221;][\/vc_column][\/vc_row][vc_row][vc_column][vc_empty_space][\/vc_column][\/vc_row][vc_row][vc_column][vc_column_text]<\/p>\n<h2><strong>T&#8217;invitem a con\u00e8ixer millor el nostre ADN<\/strong><\/h2>\n<h4>Entre tots, hem constru\u00eft un projecte com\u00fa que, despr\u00e9s de 30 anys d&#8217;hist\u00f2ria, ens ha convertit en una <strong>veu reconeguda dins del debat social en mat\u00e8ria d&#8217;energia, medi ambient i sostenibilitat<\/strong>.<\/h4>\n<p>[\/vc_column_text][vc_video link=&#8221;https:\/\/youtu.be\/K5YZVV5f5rU&#8221;][\/vc_column][\/vc_row]<\/p>\n","protected":false},"excerpt":{"rendered":"<p>[vc_row][vc_column][vc_single_image image=&#8221;83998&#8243; img_size=&#8221;full&#8221;][\/vc_column][\/vc_row][vc_row][vc_column][vc_empty_space][\/vc_column][\/vc_row][vc_row][vc_column][vc_column_text] T&#8217;invitem a con\u00e8ixer millor el nostre ADN Entre tots, hem constru\u00eft un projecte com\u00fa que, despr\u00e9s de 30 anys d&#8217;hist\u00f2ria, ens ha convertit en una veu reconeguda<span class=\"more-link\"><a href=\"https:\/\/www.fundacionnaturgy.org\/ca\/30-anys-compromesos-amb-la-societat\/\">Llegir m\u00e9s<\/a><\/span><\/p>\n","protected":false},"author":1454,"featured_media":0,"parent":0,"menu_order":0,"comment_status":"closed","ping_status":"closed","template":"templates\/full-width.php","meta":{"inline_featured_image":false},"categories":[],"acf":[],"_links":{"self":[{"href":"https:\/\/www.fundacionnaturgy.org\/ca\/wp-json\/wp\/v2\/pages\/83993"}],"collection":[{"href":"https:\/\/www.fundacionnaturgy.org\/ca\/wp-json\/wp\/v2\/pages"}],"about":[{"href":"https:\/\/www.fundacionnaturgy.org\/ca\/wp-json\/wp\/v2\/types\/page"}],"author":[{"embeddable":true,"href":"https:\/\/www.fundacionnaturgy.org\/ca\/wp-json\/wp\/v2\/users\/1454"}],"replies":[{"embeddable":true,"href":"https:\/\/www.fundacionnaturgy.org\/ca\/wp-json\/wp\/v2\/comments?post=83993"}],"version-history":[{"count":0,"href":"https:\/\/www.fundacionnaturgy.org\/ca\/wp-json\/wp\/v2\/pages\/83993\/revisions"}],"wp:attachment":[{"href":"https:\/\/www.fundacionnaturgy.org\/ca\/wp-json\/wp\/v2\/media?parent=83993"}],"wp:term":[{"taxonomy":"category","embeddable":true,"href":"https:\/\/www.fundacionnaturgy.org\/ca\/wp-json\/wp\/v2\/categories?post=83993"}],"curies":[{"name":"wp","href":"https:\/\/api.w.org\/{rel}","templated":true}]}}

<p>[vc_row][vc_column][vc_single_image image=&#8221;83998&#8243; img_size=&#8221;full&#8221;][/vc_column][/vc_row][vc_row][vc_column][vc_empty_space][/vc_column][/vc_row][vc_row][vc_column][vc_column_text]</p>
<h2><strong>T&#8217;invitem a conèixer millor el nostre ADN</strong></h2>
<h4>Entre tots, hem construït un projecte comú que, després de 30 anys d&#8217;història, ens ha convertit en una <strong>veu reconeguda dins del debat social en matèria d&#8217;energia, medi ambient i sostenibilitat</strong>.</h4>
<p>[/vc_column_text][vc_video link=&#8221;https://youtu.be/K5YZVV5f5rU&#8221;][/vc_column][/vc_row]</p>

<p>[vc_row][vc_column][vc_single_image image=&#8221;83998&#8243; img_size=&#8221;full&#8221;][/vc_column][/vc_row][vc_row][vc_column][vc_empty_space][/vc_column][/vc_row][vc_row][vc_column][vc_column_text] T&#8217;invitem a conèixer millor el nostre ADN Entre tots, hem construït un projecte comú que, després de 30 anys d&#8217;història, ens ha convertit en una veu reconeguda<span class="more-link"><a href="https://www.fundacionnaturgy.org/ca/30-anys-compromesos-amb-la-societat/">Llegir més</a></span></p>
