{"id":88776,"date":"2024-03-06T14:05:22","date_gmt":"2024-03-06T13:05:22","guid":{"rendered":"https:\/\/www.fundacionnaturgy.org\/energia-i-medi-ambient-2\/seminaris-jornades-i-forums-tecnologics\/situacio-del-sector-energetic\/"},"modified":"2025-10-28T14:10:53","modified_gmt":"2025-10-28T13:10:53","slug":"situacio-del-sector-energetic","status":"publish","type":"page","link":"https:\/\/www.fundacionnaturgy.org\/ca\/energia-i-medi-ambient-2\/seminaris-jornades-i-forums-tecnologics\/situacio-del-sector-energetic\/","title":{"rendered":"Situaci\u00f3 del sector energ\u00e8tic, amb Cercle d&#8217;Economia"},"content":{"rendered":"<p>[vc_row][vc_column][vc_column_text]<\/p>\n<div class=\"flex flex-grow flex-col max-w-full\">\n<div class=\"min-h-[20px] text-message flex flex-col items-start gap-3 whitespace-pre-wrap break-words [.text-message+&amp;]:mt-5 overflow-x-auto\" data-message-author-role=\"assistant\" data-message-id=\"2029db55-9827-4c8e-ae82-ce77ed759cad\">\n<div class=\"markdown prose w-full break-words dark:prose-invert light\">\n<h2><strong>Una an\u00e0lisi del sector energ\u00e8tic en confer\u00e8ncies<\/strong><\/h2>\n<\/div>\n<\/div>\n<\/div>\n<p>[\/vc_column_text][\/vc_column][\/vc_row][vc_row][vc_column][vc_column_text]<strong>Fundaci\u00f3 Naturgy<\/strong> i el<strong> Cercle d\u2019Economia<\/strong> de manera conjunta aborden la situaci\u00f3 del sector energ\u00e8tic en la complexa conjuntura internacional amb focus especial a Europa i Espanya.[\/vc_column_text]<a class=\"gnf-boton oscuro left\" href=\"https:\/\/cercledeconomia.com\/\" title=\"\" target=\"_blank\">Anar a Cercle d'Economia<\/a>[vc_empty_space height=&#8221;64px&#8221;][vc_empty_space][\/vc_column][\/vc_row][vc_row][vc_column][vc_column_text]<\/p>\n<h2><strong>Sessions\u00a0completes<\/strong><\/h2>\n<p>[\/vc_column_text][vc_row_inner][vc_column_inner width=&#8221;1\/2&#8243;][vc_column_text]<\/p>\n<h4><strong>Perspectives\u00a0del sector energ\u00e8tic<\/strong><\/h4>\n<p><span style=\"color: #004571;\">3 d&#8217;octubre de 2025<\/span>[\/vc_column_text][vc_video link=&#8221;https:\/\/www.youtube.com\/watch?v=3vauLpghQrA&#8221; el_width=&#8221;80&#8243;][\/vc_column_inner][vc_column_inner width=&#8221;1\/2&#8243;][vc_column_text]<\/p>\n<h4><strong>Perspectives del sector energ\u00e8tic<\/strong><\/h4>\n<p><span style=\"color: #004571;\">10 de maig de 2024<\/span>[\/vc_column_text][vc_video link=&#8221;https:\/\/www.youtube.com\/watch?v=FbkPbW-75b0&amp;t&#8221; el_width=&#8221;80&#8243;][\/vc_column_inner][\/vc_row_inner][vc_row_inner][vc_column_inner width=&#8221;1\/2&#8243;][vc_column_text]<\/p>\n<h4><strong>Situaci\u00f3\u00a0del sector energ\u00e8tic<\/strong><\/h4>\n<p><span style=\"color: #004571;\">5 de maig de 2023<\/span>[\/vc_column_text][vc_video link=&#8221;https:\/\/youtu.be\/6upGXZJIcOc&#8221; el_width=&#8221;80&#8243;][\/vc_column_inner][vc_column_inner width=&#8221;1\/2&#8243;][\/vc_column_inner][\/vc_row_inner][\/vc_column][\/vc_row]<\/p>\n","protected":false},"excerpt":{"rendered":"<p>[vc_row][vc_column][vc_column_text] Una an\u00e0lisi del sector energ\u00e8tic en confer\u00e8ncies [\/vc_column_text][\/vc_column][\/vc_row][vc_row][vc_column][vc_column_text]Fundaci\u00f3 Naturgy i el Cercle d\u2019Economia de manera conjunta aborden la situaci\u00f3 del sector energ\u00e8tic en la complexa conjuntura internacional amb focus<span class=\"more-link\"><a href=\"https:\/\/www.fundacionnaturgy.org\/ca\/energia-i-medi-ambient-2\/seminaris-jornades-i-forums-tecnologics\/situacio-del-sector-energetic\/\">Llegir m\u00e9s<\/a><\/span><\/p>\n","protected":false},"author":1454,"featured_media":0,"parent":73281,"menu_order":0,"comment_status":"closed","ping_status":"closed","template":"templates\/full-width.php","meta":{"inline_featured_image":false},"categories":[],"acf":[],"_links":{"self":[{"href":"https:\/\/www.fundacionnaturgy.org\/ca\/wp-json\/wp\/v2\/pages\/88776"}],"collection":[{"href":"https:\/\/www.fundacionnaturgy.org\/ca\/wp-json\/wp\/v2\/pages"}],"about":[{"href":"https:\/\/www.fundacionnaturgy.org\/ca\/wp-json\/wp\/v2\/types\/page"}],"author":[{"embeddable":true,"href":"https:\/\/www.fundacionnaturgy.org\/ca\/wp-json\/wp\/v2\/users\/1454"}],"replies":[{"embeddable":true,"href":"https:\/\/www.fundacionnaturgy.org\/ca\/wp-json\/wp\/v2\/comments?post=88776"}],"version-history":[{"count":8,"href":"https:\/\/www.fundacionnaturgy.org\/ca\/wp-json\/wp\/v2\/pages\/88776\/revisions"}],"predecessor-version":[{"id":94154,"href":"https:\/\/www.fundacionnaturgy.org\/ca\/wp-json\/wp\/v2\/pages\/88776\/revisions\/94154"}],"up":[{"embeddable":true,"href":"https:\/\/www.fundacionnaturgy.org\/ca\/wp-json\/wp\/v2\/pages\/73281"}],"wp:attachment":[{"href":"https:\/\/www.fundacionnaturgy.org\/ca\/wp-json\/wp\/v2\/media?parent=88776"}],"wp:term":[{"taxonomy":"category","embeddable":true,"href":"https:\/\/www.fundacionnaturgy.org\/ca\/wp-json\/wp\/v2\/categories?post=88776"}],"curies":[{"name":"wp","href":"https:\/\/api.w.org\/{rel}","templated":true}]}}

Situació del sector energètic, amb Cercle d&#8217;Economia

<p>[vc_row][vc_column][vc_column_text]</p>
<div class="flex flex-grow flex-col max-w-full">
<div class="min-h-[20px] text-message flex flex-col items-start gap-3 whitespace-pre-wrap break-words [.text-message+&amp;]:mt-5 overflow-x-auto" data-message-author-role="assistant" data-message-id="2029db55-9827-4c8e-ae82-ce77ed759cad">
<div class="markdown prose w-full break-words dark:prose-invert light">
<h2><strong>Una anàlisi del sector energètic en conferències</strong></h2>
</div>
</div>
</div>
<p>[/vc_column_text][/vc_column][/vc_row][vc_row][vc_column][vc_column_text]<strong>Fundació Naturgy</strong> i el<strong> Cercle d’Economia</strong> de manera conjunta aborden la situació del sector energètic en la complexa conjuntura internacional amb focus especial a Europa i Espanya.[/vc_column_text]<a class="gnf-boton oscuro left" href="https://cercledeconomia.com/" title="" target="_blank">Anar a Cercle d'Economia</a>[vc_empty_space height=&#8221;64px&#8221;][vc_empty_space][/vc_column][/vc_row][vc_row][vc_column][vc_column_text]</p>
<h2><strong>Sessions completes</strong></h2>
<p>[/vc_column_text][vc_row_inner][vc_column_inner width=&#8221;1/2&#8243;][vc_column_text]</p>
<h4><strong>Perspectives del sector energètic</strong></h4>
<p><span style="color: #004571;">3 d&#8217;octubre de 2025</span>[/vc_column_text][vc_video link=&#8221;https://www.youtube.com/watch?v=3vauLpghQrA&#8221; el_width=&#8221;80&#8243;][/vc_column_inner][vc_column_inner width=&#8221;1/2&#8243;][vc_column_text]</p>
<h4><strong>Perspectives del sector energètic</strong></h4>
<p><span style="color: #004571;">10 de maig de 2024</span>[/vc_column_text][vc_video link=&#8221;https://www.youtube.com/watch?v=FbkPbW-75b0&amp;t&#8221; el_width=&#8221;80&#8243;][/vc_column_inner][/vc_row_inner][vc_row_inner][vc_column_inner width=&#8221;1/2&#8243;][vc_column_text]</p>
<h4><strong>Situació del sector energètic</strong></h4>
<p><span style="color: #004571;">5 de maig de 2023</span>[/vc_column_text][vc_video link=&#8221;https://youtu.be/6upGXZJIcOc&#8221; el_width=&#8221;80&#8243;][/vc_column_inner][vc_column_inner width=&#8221;1/2&#8243;][/vc_column_inner][/vc_row_inner][/vc_column][/vc_row]</p>

<p>[vc_row][vc_column][vc_column_text] Una anàlisi del sector energètic en conferències [/vc_column_text][/vc_column][/vc_row][vc_row][vc_column][vc_column_text]Fundació Naturgy i el Cercle d’Economia de manera conjunta aborden la situació del sector energètic en la complexa conjuntura internacional amb focus<span class="more-link"><a href="https://www.fundacionnaturgy.org/ca/energia-i-medi-ambient-2/seminaris-jornades-i-forums-tecnologics/situacio-del-sector-energetic/">Llegir més</a></span></p>
