{"id":89530,"date":"2024-05-22T16:41:08","date_gmt":"2024-05-22T14:41:08","guid":{"rendered":"https:\/\/www.fundacionnaturgy.org\/educacio-divulgacio\/formacio-professional-per-a-locupabilitat\/curs-presencial-de-fp-per-a-locupabilitat-a-installacio-de-sistemes-solars-fotovoltaics\/"},"modified":"2024-05-23T08:36:23","modified_gmt":"2024-05-23T06:36:23","slug":"curs-presencial-de-fp-per-a-locupabilitat-a-installacio-de-sistemes-solars-fotovoltaics","status":"publish","type":"page","link":"https:\/\/www.fundacionnaturgy.org\/ca\/educacio-divulgacio\/formacio-professional-per-a-locupabilitat\/curs-presencial-de-fp-per-a-locupabilitat-a-installacio-de-sistemes-solars-fotovoltaics\/","title":{"rendered":"Curs presencial de FP per a l&#8217;ocupabilitat a \u201cInstal\u00b7laci\u00f3 de sistemes solars fotovoltaics\u201d"},"content":{"rendered":"<p>[vc_row][vc_column width=&#8221;1\/2&#8243;][vc_single_image image=&#8221;89522&#8243; img_size=&#8221;full&#8221; alignment=&#8221;center&#8221;][\/vc_column][vc_column width=&#8221;1\/2&#8243;][vc_column_text]<strong>De 10 de juny a 5 juliol de 2024<\/strong><\/p>\n<p>T&#8217;oferim un curs de formaci\u00f3 pr\u00e0ctica becada sobre la instal\u00b7laci\u00f3 de sistemes solars fotovoltaics.<\/p>\n<p>Curs certificat per la Fundaci\u00f3 Naturgy i la Universitat Polit\u00e8cnica de Madrid (UPM), en col\u00b7laboraci\u00f3 amb la Plataforma per l&#8217;Ocupaci\u00f3 i l&#8217;Emprenedoria Verda.<\/p>\n<p><strong>Duraci\u00f3\u00a0de la formaci\u00f3: 210 hores<\/strong><\/p>\n<ul>\n<li>190 hores de formaci\u00f3 teoricopr\u00e0ctica<\/li>\n<li>20 hores de pr\u00e0ctiques en empreses<\/li>\n<\/ul>\n<p>[\/vc_column_text][\/vc_column][\/vc_row][vc_row][vc_column width=&#8221;1\/2&#8243;][vc_column_text]<\/p>\n<h3>Objetiu del curs<\/h3>\n<p>El principal objectiu del programa \u00e9s millorar l&#8217;ocupabilitat dels participants, coneixent les t\u00e8cniques elementals de la instal\u00b7laci\u00f3 el\u00e8ctrica i fotovoltaica, un sector d&#8217;activitat en auge.[\/vc_column_text][\/vc_column][vc_column width=&#8221;1\/2&#8243;][vc_column_text]<\/p>\n<h3>Continguts<\/h3>\n<ul>\n<li>Compet\u00e8ncies t\u00e8cnics professionals:<\/li>\n<\/ul>\n<ul>\n<li style=\"list-style-type: none;\">\n<ul>\n<li>Fonaments el\u00e8ctrics per a instal\u00b7lacions fotovoltaiques<\/li>\n<li>Tipologia d&#8217;instal\u00b7lacions fotovoltaiques i components<\/li>\n<li>Recurs solar<\/li>\n<li>M\u00f2duls fotovoltaics<\/li>\n<li>Inversors fotovoltaics<\/li>\n<li>Disseny de sistemes fotovoltaics connectats a la xarxa<\/li>\n<li>Generaci\u00f3 el\u00e8ctrica esperable<\/li>\n<li>Disseny de sistemes fotovoltaics aut\u00f2noms<\/li>\n<li>Muntatge i manteniment d&#8217;instal\u00b7lacions solars fotovoltaiques<\/li>\n<li>Prevenci\u00f3 de riscos laborals<\/li>\n<\/ul>\n<\/li>\n<\/ul>\n<ul>\n<li>Compet\u00e8ncies transversals: comunicaci\u00f3, treball en equip, assertivitat, compet\u00e8ncia digital\u2026<\/li>\n<li>Pr\u00e0ctiques en empreses del sector<\/li>\n<\/ul>\n<p>[\/vc_column_text][\/vc_column][\/vc_row][vc_row][vc_column width=&#8221;1\/2&#8243;][vc_column_text]<\/p>\n<h3>Destinataris<\/h3>\n<p>Els destinataris del programa s\u00f3n preferentment persones en situaci\u00f3 d&#8217;atur que vulguin adquirir compet\u00e8ncies professionals al sector de la fotovoltaica.[\/vc_column_text][\/vc_column][vc_column width=&#8221;1\/2&#8243;]<div class=\"gnf-destacado-icono small-text-center medium-text-left row collapse\"><div class=\"gnf-destacado-icono__icono large-4 columns small-text-center medium-text-left \"><div class=\"icon-outer icon-style-default\" style=\"background-color:\"><span class=\"ico_info\"><\/span><\/div><\/div><div class=\"gnf-destacado-icono__texto large-8 columns\"><h4><\/h4><\/p>\n<h4>M\u00e9s informaci\u00f3 i peticions:<\/h4>\n<p>Contacta&#8217;ns a trav\u00e9s del correu electr\u00f2nic: <a href=\"mailto:FP_fundacion @naturgy.com\" target=\"_blank\" rel=\"noopener\">FP_fundacion@naturgy.com<\/a><br \/>\n<strong>Places limitades<\/strong><\/div><\/div>[vc_empty_space][\/vc_column][\/vc_row][vc_row][vc_column width=&#8221;1\/2&#8243;][\/vc_column][vc_column width=&#8221;1\/2&#8243;][\/vc_column][\/vc_row]<\/p>\n","protected":false},"excerpt":{"rendered":"<p>[vc_row][vc_column width=&#8221;1\/2&#8243;][vc_single_image image=&#8221;89522&#8243; img_size=&#8221;full&#8221; alignment=&#8221;center&#8221;][\/vc_column][vc_column width=&#8221;1\/2&#8243;][vc_column_text]De 10 de juny a 5 juliol de 2024 T&#8217;oferim un curs de formaci\u00f3 pr\u00e0ctica becada sobre la instal\u00b7laci\u00f3 de sistemes solars fotovoltaics. Curs certificat<span class=\"more-link\"><a href=\"https:\/\/www.fundacionnaturgy.org\/ca\/educacio-divulgacio\/formacio-professional-per-a-locupabilitat\/curs-presencial-de-fp-per-a-locupabilitat-a-installacio-de-sistemes-solars-fotovoltaics\/\">Llegir m\u00e9s<\/a><\/span><\/p>\n","protected":false},"author":1454,"featured_media":0,"parent":73285,"menu_order":0,"comment_status":"closed","ping_status":"closed","template":"templates\/full-width.php","meta":{"inline_featured_image":false},"categories":[],"acf":[],"_links":{"self":[{"href":"https:\/\/www.fundacionnaturgy.org\/ca\/wp-json\/wp\/v2\/pages\/89530"}],"collection":[{"href":"https:\/\/www.fundacionnaturgy.org\/ca\/wp-json\/wp\/v2\/pages"}],"about":[{"href":"https:\/\/www.fundacionnaturgy.org\/ca\/wp-json\/wp\/v2\/types\/page"}],"author":[{"embeddable":true,"href":"https:\/\/www.fundacionnaturgy.org\/ca\/wp-json\/wp\/v2\/users\/1454"}],"replies":[{"embeddable":true,"href":"https:\/\/www.fundacionnaturgy.org\/ca\/wp-json\/wp\/v2\/comments?post=89530"}],"version-history":[{"count":5,"href":"https:\/\/www.fundacionnaturgy.org\/ca\/wp-json\/wp\/v2\/pages\/89530\/revisions"}],"predecessor-version":[{"id":89538,"href":"https:\/\/www.fundacionnaturgy.org\/ca\/wp-json\/wp\/v2\/pages\/89530\/revisions\/89538"}],"up":[{"embeddable":true,"href":"https:\/\/www.fundacionnaturgy.org\/ca\/wp-json\/wp\/v2\/pages\/73285"}],"wp:attachment":[{"href":"https:\/\/www.fundacionnaturgy.org\/ca\/wp-json\/wp\/v2\/media?parent=89530"}],"wp:term":[{"taxonomy":"category","embeddable":true,"href":"https:\/\/www.fundacionnaturgy.org\/ca\/wp-json\/wp\/v2\/categories?post=89530"}],"curies":[{"name":"wp","href":"https:\/\/api.w.org\/{rel}","templated":true}]}}

Curs presencial de FP per a l&#8217;ocupabilitat a “Instal·lació de sistemes solars fotovoltaics”

<p>[vc_row][vc_column width=&#8221;1/2&#8243;][vc_single_image image=&#8221;89522&#8243; img_size=&#8221;full&#8221; alignment=&#8221;center&#8221;][/vc_column][vc_column width=&#8221;1/2&#8243;][vc_column_text]<strong>De 10 de juny a 5 juliol de 2024</strong></p>
<p>T&#8217;oferim un curs de formació pràctica becada sobre la instal·lació de sistemes solars fotovoltaics.</p>
<p>Curs certificat per la Fundació Naturgy i la Universitat Politècnica de Madrid (UPM), en col·laboració amb la Plataforma per l&#8217;Ocupació i l&#8217;Emprenedoria Verda.</p>
<p><strong>Duració de la formació: 210 hores</strong></p>
<ul>
<li>190 hores de formació teoricopràctica</li>
<li>20 hores de pràctiques en empreses</li>
</ul>
<p>[/vc_column_text][/vc_column][/vc_row][vc_row][vc_column width=&#8221;1/2&#8243;][vc_column_text]</p>
<h3>Objetiu del curs</h3>
<p>El principal objectiu del programa és millorar l&#8217;ocupabilitat dels participants, coneixent les tècniques elementals de la instal·lació elèctrica i fotovoltaica, un sector d&#8217;activitat en auge.[/vc_column_text][/vc_column][vc_column width=&#8221;1/2&#8243;][vc_column_text]</p>
<h3>Continguts</h3>
<ul>
<li>Competències tècnics professionals:</li>
</ul>
<ul>
<li style="list-style-type: none;">
<ul>
<li>Fonaments elèctrics per a instal·lacions fotovoltaiques</li>
<li>Tipologia d&#8217;instal·lacions fotovoltaiques i components</li>
<li>Recurs solar</li>
<li>Mòduls fotovoltaics</li>
<li>Inversors fotovoltaics</li>
<li>Disseny de sistemes fotovoltaics connectats a la xarxa</li>
<li>Generació elèctrica esperable</li>
<li>Disseny de sistemes fotovoltaics autònoms</li>
<li>Muntatge i manteniment d&#8217;instal·lacions solars fotovoltaiques</li>
<li>Prevenció de riscos laborals</li>
</ul>
</li>
</ul>
<ul>
<li>Competències transversals: comunicació, treball en equip, assertivitat, competència digital…</li>
<li>Pràctiques en empreses del sector</li>
</ul>
<p>[/vc_column_text][/vc_column][/vc_row][vc_row][vc_column width=&#8221;1/2&#8243;][vc_column_text]</p>
<h3>Destinataris</h3>
<p>Els destinataris del programa són preferentment persones en situació d&#8217;atur que vulguin adquirir competències professionals al sector de la fotovoltaica.[/vc_column_text][/vc_column][vc_column width=&#8221;1/2&#8243;]<div class="gnf-destacado-icono small-text-center medium-text-left row collapse"><div class="gnf-destacado-icono__icono large-4 columns small-text-center medium-text-left "><div class="icon-outer icon-style-default" style="background-color:"><span class="ico_info"></span></div></div><div class="gnf-destacado-icono__texto large-8 columns"><h4></h4></p>
<h4>Més informació i peticions:</h4>
<p>Contacta&#8217;ns a través del correu electrònic: <a href="mailto:FP_fundacion @naturgy.com" target="_blank" rel="noopener">FP_fundacion@naturgy.com</a><br />
<strong>Places limitades</strong></div></div>[vc_empty_space][/vc_column][/vc_row][vc_row][vc_column width=&#8221;1/2&#8243;][/vc_column][vc_column width=&#8221;1/2&#8243;][/vc_column][/vc_row]</p>

<p>[vc_row][vc_column width=&#8221;1/2&#8243;][vc_single_image image=&#8221;89522&#8243; img_size=&#8221;full&#8221; alignment=&#8221;center&#8221;][/vc_column][vc_column width=&#8221;1/2&#8243;][vc_column_text]De 10 de juny a 5 juliol de 2024 T&#8217;oferim un curs de formació pràctica becada sobre la instal·lació de sistemes solars fotovoltaics. Curs certificat<span class="more-link"><a href="https://www.fundacionnaturgy.org/ca/educacio-divulgacio/formacio-professional-per-a-locupabilitat/curs-presencial-de-fp-per-a-locupabilitat-a-installacio-de-sistemes-solars-fotovoltaics/">Llegir més</a></span></p>
