{"id":93056,"date":"2025-07-07T12:42:29","date_gmt":"2025-07-07T10:42:29","guid":{"rendered":"https:\/\/www.fundacionnaturgy.org\/eficiencia-energetica\/"},"modified":"2025-10-24T14:45:10","modified_gmt":"2025-10-24T12:45:10","slug":"eficiencia-energetica-dana","status":"publish","type":"page","link":"https:\/\/www.fundacionnaturgy.org\/ca\/sumant-energies-per-valencia\/eficiencia-energetica-dana\/","title":{"rendered":"Persones"},"content":{"rendered":"<p>[vc_row][vc_column][vc_custom_heading text=&#8221;Fundaci\u00f3 Naturgy aposta per dur a terme diferents l\u00ednies d\u2019acci\u00f3 social a Val\u00e8ncia, amb l\u2019acompanyament d\u2019entitats socials i institucions. L\u2019objectiu \u00e9s contribuir al benestar a la llar de les persones afectades per la DANA i donar impuls a entitats i institucions perqu\u00e8 puguin seguir duent a terme la seva tasca social.&#8221; font_container=&#8221;tag:h4|text_align:left&#8221; use_theme_fonts=&#8221;yes&#8221;][vc_empty_space][\/vc_column][\/vc_row][vc_row][vc_column][vc_empty_space][\/vc_column][\/vc_row][vc_row][vc_column width=&#8221;1\/3&#8243;][vc_single_image image=&#8221;92966&#8243; img_size=&#8221;full&#8221;][\/vc_column][vc_column width=&#8221;2\/3&#8243;][vc_custom_heading text=&#8221;<strong>Rehabilitaci\u00f3 energ\u00e8tica d\u2019habitatges<\/strong>&#8221; font_container=&#8221;tag:h4|text_align:left&#8221; use_theme_fonts=&#8221;yes&#8221;][vc_column_text]<\/p>\n<p data-start=\"136\" data-end=\"490\"><span style=\"color: #004571;\">Fundaci\u00f3 Naturgy fa<strong> rehabilitacions expr\u00e9s als habitatges <\/strong>de les fam\u00edlies que ho necessitin, en col\u00b7laboraci\u00f3 amb entitats socials o Serveis Socials dels ajuntaments. Es tracta d\u2019executar millores a les llars per incrementar l\u2019efici\u00e8ncia energ\u00e8tica que no suposin intervenci\u00f3 estructural i que es puguin executar de manera \u00e0gil.<\/span><\/p>\n<p>[\/vc_column_text][vc_tta_accordion active_section=&#8221;-900&#8243; collapsible_all=&#8221;true&#8221;][vc_tta_section title=&#8221;Mostra&#8217;n m\u00e9s&#8221; tab_id=&#8221;1752222936259-b9c03675-e058&#8243;][vc_column_text]Les rehabilitacions s\u2019han de vincular directament o indirecta amb l\u2019\u00fas\/consum de l\u2019energia a l\u2019habitatge, relacionades amb a\u00efllaments i fusteries, humitats, reparaci\u00f3 o substituci\u00f3 de calderes, termos i electrodom\u00e8stics, reparaci\u00f3 d\u2019instal\u00b7lacions el\u00e8ctriques i de gas natural, etc.<\/p>\n<p>Aquestes intervencions\u00a0<strong>no requereixen permisos d\u2019obra ni obliguen la fam\u00edlia a desallotjar l\u2019habitatge.<\/strong><\/p>\n<p>La Fundaci\u00f3 t\u00e9 el suport de les empreses col\u00b7laboradores per dur a terme aquestes rehabilitacions, en cas de necessitat, amb l\u2019objectiu de fer el proc\u00e9s al m\u00e9s \u00e0gil possible. Tamb\u00e9 ofereix un servei d\u2019auditories en domicilis per a la detecci\u00f3 de necessitats i inventari de les intervencions que es requereixin en cada habitatge.<\/p>\n<p>Si en vols m\u00e9s informaci\u00f3, pots contactar amb Fundaci\u00f3 Naturgy a trav\u00e9s de la b\u00fastia:<br \/>\n<span data-olk-copy-source=\"MessageBody\"><a href=\"mailto:fundacionnaturgyconvalencia@naturgy.com\">fundacionnaturgyconvalencia@naturgy.com<\/a>.<\/span>[\/vc_column_text][\/vc_tta_section][\/vc_tta_accordion][\/vc_column][\/vc_row][vc_row][vc_column][vc_empty_space][vc_empty_space][\/vc_column][\/vc_row][vc_row][vc_column width=&#8221;1\/3&#8243;][vc_single_image image=&#8221;93284&#8243; img_size=&#8221;full&#8221;][\/vc_column][vc_column width=&#8221;2\/3&#8243;][vc_custom_heading text=&#8221;<strong>Convocat\u00f2ria d\u2019ajut a entitats socials<\/strong>&#8221; font_container=&#8221;tag:h4|text_align:left&#8221; use_theme_fonts=&#8221;yes&#8221;][vc_column_text]<\/p>\n<p data-start=\"136\" data-end=\"490\"><span style=\"color: #004571;\">Fundaci\u00f3 Naturgy vol centrar-se en aquelles entitats socials (associacions o fundacions) que tamb\u00e9 han patit les conseq\u00fc\u00e8ncies de la DANA i que han vist afectades les seves seus o oficines d\u2019atenci\u00f3. Per a aix\u00f2, llan\u00e7a una <strong>convocat\u00f2ria d\u2019ajuts per a la rehabilitaci\u00f3 energ\u00e8tica de les seves pr\u00f2pies instal\u00b7lacions<\/strong>.<\/span><\/p>\n<p>[\/vc_column_text]<a class=\"gnf-boton oscuro left\" href=\"https:\/\/www.fundacionnaturgy.org\/ca\/sumant-energies-per-valencia\/eficiencia-energetica-dana\/convocatoria-dajut-a-entitats-socials\/\" title=\"\" target=\"_blank\">+ Info<\/a>[\/vc_column][\/vc_row][vc_row][vc_column][vc_empty_space][vc_empty_space][\/vc_column][\/vc_row][vc_row][vc_column width=&#8221;1\/3&#8243;][vc_single_image image=&#8221;92972&#8243; img_size=&#8221;full&#8221;][\/vc_column][vc_column width=&#8221;2\/3&#8243;][vc_custom_heading text=&#8221;<strong>Instal\u00b7lacions solars en centres d\u2019atenci\u00f3 a persones vulnerables<\/strong>&#8221; font_container=&#8221;tag:h4|text_align:left&#8221; use_theme_fonts=&#8221;yes&#8221;][vc_column_text]<\/p>\n<p data-start=\"136\" data-end=\"490\"><span style=\"color: #004571;\">Fundaci\u00f3 Naturgy assumeix el cost de la instal\u00b7laci\u00f3 i posada en marxa de plantes de generaci\u00f3 solar en centres operats per entitats socials per a l\u2019atenci\u00f3 a persones vulnerables.<\/span><\/p>\n<p>[\/vc_column_text][vc_tta_accordion active_section=&#8221;-900&#8243; collapsible_all=&#8221;true&#8221;][vc_tta_section title=&#8221;Mostra&#8217;n m\u00e9s&#8221; tab_id=&#8221;1752223137560-bc38472b-fa03&#8243;][vc_column_text]<strong>Aquesta acci\u00f3 t\u00e9 com a finalitat que l\u2019entitat pugui aconseguir un estalvi en la factura d\u2019energia<\/strong>\u00a0i aix\u00ed destinar m\u00e9s recursos a l\u2019atenci\u00f3 i ajuda a persones que ho necessitin.<\/p>\n<p>Si ets una entitat social i disposes d\u2019un centre residencial que sigui susceptible d\u2019una instal\u00b7laci\u00f3 solar, pots contactar amb nosaltres a trav\u00e9s de la b\u00fastia:\u00a0<strong>psfundacion@naturgy.com<\/strong>[\/vc_column_text][\/vc_tta_section][\/vc_tta_accordion][\/vc_column][\/vc_row][vc_row][vc_column][vc_empty_space][vc_empty_space][\/vc_column][\/vc_row][vc_row][vc_column width=&#8221;1\/3&#8243;][vc_single_image image=&#8221;93150&#8243; img_size=&#8221;full&#8221;][\/vc_column][vc_column width=&#8221;2\/3&#8243;][vc_custom_heading text=&#8221;<strong>Escola d&#8217;Energia<\/strong>&#8221; font_container=&#8221;tag:h4|text_align:left&#8221; use_theme_fonts=&#8221;yes&#8221;][vc_column_text]<\/p>\n<p data-start=\"136\" data-end=\"490\"><span style=\"color: #004571;\">Fundaci\u00f3 Naturgy ofereix formaci\u00f3 en energia i efici\u00e8ncia energ\u00e8tica, tant a treballadors socials com a fam\u00edlies.<\/span><\/p>\n<p>[\/vc_column_text]<a class=\"gnf-boton oscuro left\" href=\"https:\/\/www.fundacionnaturgy.org\/ca\/accio-social\/pla-de-vulnerabilitat-energetica\/escola-denergia\/\" title=\"\" target=\"_blank\">+ Info<\/a>[\/vc_column][\/vc_row]<\/p>\n","protected":false},"excerpt":{"rendered":"<p>[vc_row][vc_column][vc_custom_heading text=&#8221;Fundaci\u00f3 Naturgy aposta per dur a terme diferents l\u00ednies d\u2019acci\u00f3 social a Val\u00e8ncia, amb l\u2019acompanyament d\u2019entitats socials i institucions. L\u2019objectiu \u00e9s contribuir al benestar a la llar de les<span class=\"more-link\"><a href=\"https:\/\/www.fundacionnaturgy.org\/ca\/sumant-energies-per-valencia\/eficiencia-energetica-dana\/\">Llegir m\u00e9s<\/a><\/span><\/p>\n","protected":false},"author":1454,"featured_media":0,"parent":93094,"menu_order":0,"comment_status":"closed","ping_status":"closed","template":"templates\/full-width.php","meta":{"inline_featured_image":false},"categories":[],"acf":[],"_links":{"self":[{"href":"https:\/\/www.fundacionnaturgy.org\/ca\/wp-json\/wp\/v2\/pages\/93056"}],"collection":[{"href":"https:\/\/www.fundacionnaturgy.org\/ca\/wp-json\/wp\/v2\/pages"}],"about":[{"href":"https:\/\/www.fundacionnaturgy.org\/ca\/wp-json\/wp\/v2\/types\/page"}],"author":[{"embeddable":true,"href":"https:\/\/www.fundacionnaturgy.org\/ca\/wp-json\/wp\/v2\/users\/1454"}],"replies":[{"embeddable":true,"href":"https:\/\/www.fundacionnaturgy.org\/ca\/wp-json\/wp\/v2\/comments?post=93056"}],"version-history":[{"count":9,"href":"https:\/\/www.fundacionnaturgy.org\/ca\/wp-json\/wp\/v2\/pages\/93056\/revisions"}],"predecessor-version":[{"id":94053,"href":"https:\/\/www.fundacionnaturgy.org\/ca\/wp-json\/wp\/v2\/pages\/93056\/revisions\/94053"}],"up":[{"embeddable":true,"href":"https:\/\/www.fundacionnaturgy.org\/ca\/wp-json\/wp\/v2\/pages\/93094"}],"wp:attachment":[{"href":"https:\/\/www.fundacionnaturgy.org\/ca\/wp-json\/wp\/v2\/media?parent=93056"}],"wp:term":[{"taxonomy":"category","embeddable":true,"href":"https:\/\/www.fundacionnaturgy.org\/ca\/wp-json\/wp\/v2\/categories?post=93056"}],"curies":[{"name":"wp","href":"https:\/\/api.w.org\/{rel}","templated":true}]}}

<p>[vc_row][vc_column][vc_custom_heading text=&#8221;Fundació Naturgy aposta per dur a terme diferents línies d’acció social a València, amb l’acompanyament d’entitats socials i institucions. L’objectiu és contribuir al benestar a la llar de les persones afectades per la DANA i donar impuls a entitats i institucions perquè puguin seguir duent a terme la seva tasca social.&#8221; font_container=&#8221;tag:h4|text_align:left&#8221; use_theme_fonts=&#8221;yes&#8221;][vc_empty_space][/vc_column][/vc_row][vc_row][vc_column][vc_empty_space][/vc_column][/vc_row][vc_row][vc_column width=&#8221;1/3&#8243;][vc_single_image image=&#8221;92966&#8243; img_size=&#8221;full&#8221;][/vc_column][vc_column width=&#8221;2/3&#8243;][vc_custom_heading text=&#8221;<strong>Rehabilitació energètica d’habitatges</strong>&#8221; font_container=&#8221;tag:h4|text_align:left&#8221; use_theme_fonts=&#8221;yes&#8221;][vc_column_text]</p>
<p data-start="136" data-end="490"><span style="color: #004571;">Fundació Naturgy fa<strong> rehabilitacions exprés als habitatges </strong>de les famílies que ho necessitin, en col·laboració amb entitats socials o Serveis Socials dels ajuntaments. Es tracta d’executar millores a les llars per incrementar l’eficiència energètica que no suposin intervenció estructural i que es puguin executar de manera àgil.</span></p>
<p>[/vc_column_text][vc_tta_accordion active_section=&#8221;-900&#8243; collapsible_all=&#8221;true&#8221;][vc_tta_section title=&#8221;Mostra&#8217;n més&#8221; tab_id=&#8221;1752222936259-b9c03675-e058&#8243;][vc_column_text]Les rehabilitacions s’han de vincular directament o indirecta amb l’ús/consum de l’energia a l’habitatge, relacionades amb aïllaments i fusteries, humitats, reparació o substitució de calderes, termos i electrodomèstics, reparació d’instal·lacions elèctriques i de gas natural, etc.</p>
<p>Aquestes intervencions <strong>no requereixen permisos d’obra ni obliguen la família a desallotjar l’habitatge.</strong></p>
<p>La Fundació té el suport de les empreses col·laboradores per dur a terme aquestes rehabilitacions, en cas de necessitat, amb l’objectiu de fer el procés al més àgil possible. També ofereix un servei d’auditories en domicilis per a la detecció de necessitats i inventari de les intervencions que es requereixin en cada habitatge.</p>
<p>Si en vols més informació, pots contactar amb Fundació Naturgy a través de la bústia:<br />
<span data-olk-copy-source="MessageBody"><a href="mailto:fundacionnaturgyconvalencia@naturgy.com">fundacionnaturgyconvalencia@naturgy.com</a>.</span>[/vc_column_text][/vc_tta_section][/vc_tta_accordion][/vc_column][/vc_row][vc_row][vc_column][vc_empty_space][vc_empty_space][/vc_column][/vc_row][vc_row][vc_column width=&#8221;1/3&#8243;][vc_single_image image=&#8221;93284&#8243; img_size=&#8221;full&#8221;][/vc_column][vc_column width=&#8221;2/3&#8243;][vc_custom_heading text=&#8221;<strong>Convocatòria d’ajut a entitats socials</strong>&#8221; font_container=&#8221;tag:h4|text_align:left&#8221; use_theme_fonts=&#8221;yes&#8221;][vc_column_text]</p>
<p data-start="136" data-end="490"><span style="color: #004571;">Fundació Naturgy vol centrar-se en aquelles entitats socials (associacions o fundacions) que també han patit les conseqüències de la DANA i que han vist afectades les seves seus o oficines d’atenció. Per a això, llança una <strong>convocatòria d’ajuts per a la rehabilitació energètica de les seves pròpies instal·lacions</strong>.</span></p>
<p>[/vc_column_text]<a class="gnf-boton oscuro left" href="https://www.fundacionnaturgy.org/ca/sumant-energies-per-valencia/eficiencia-energetica-dana/convocatoria-dajut-a-entitats-socials/" title="" target="_blank">+ Info</a>[/vc_column][/vc_row][vc_row][vc_column][vc_empty_space][vc_empty_space][/vc_column][/vc_row][vc_row][vc_column width=&#8221;1/3&#8243;][vc_single_image image=&#8221;92972&#8243; img_size=&#8221;full&#8221;][/vc_column][vc_column width=&#8221;2/3&#8243;][vc_custom_heading text=&#8221;<strong>Instal·lacions solars en centres d’atenció a persones vulnerables</strong>&#8221; font_container=&#8221;tag:h4|text_align:left&#8221; use_theme_fonts=&#8221;yes&#8221;][vc_column_text]</p>
<p data-start="136" data-end="490"><span style="color: #004571;">Fundació Naturgy assumeix el cost de la instal·lació i posada en marxa de plantes de generació solar en centres operats per entitats socials per a l’atenció a persones vulnerables.</span></p>
<p>[/vc_column_text][vc_tta_accordion active_section=&#8221;-900&#8243; collapsible_all=&#8221;true&#8221;][vc_tta_section title=&#8221;Mostra&#8217;n més&#8221; tab_id=&#8221;1752223137560-bc38472b-fa03&#8243;][vc_column_text]<strong>Aquesta acció té com a finalitat que l’entitat pugui aconseguir un estalvi en la factura d’energia</strong> i així destinar més recursos a l’atenció i ajuda a persones que ho necessitin.</p>
<p>Si ets una entitat social i disposes d’un centre residencial que sigui susceptible d’una instal·lació solar, pots contactar amb nosaltres a través de la bústia: <strong>psfundacion@naturgy.com</strong>[/vc_column_text][/vc_tta_section][/vc_tta_accordion][/vc_column][/vc_row][vc_row][vc_column][vc_empty_space][vc_empty_space][/vc_column][/vc_row][vc_row][vc_column width=&#8221;1/3&#8243;][vc_single_image image=&#8221;93150&#8243; img_size=&#8221;full&#8221;][/vc_column][vc_column width=&#8221;2/3&#8243;][vc_custom_heading text=&#8221;<strong>Escola d&#8217;Energia</strong>&#8221; font_container=&#8221;tag:h4|text_align:left&#8221; use_theme_fonts=&#8221;yes&#8221;][vc_column_text]</p>
<p data-start="136" data-end="490"><span style="color: #004571;">Fundació Naturgy ofereix formació en energia i eficiència energètica, tant a treballadors socials com a famílies.</span></p>
<p>[/vc_column_text]<a class="gnf-boton oscuro left" href="https://www.fundacionnaturgy.org/ca/accio-social/pla-de-vulnerabilitat-energetica/escola-denergia/" title="" target="_blank">+ Info</a>[/vc_column][/vc_row]</p>

<p>[vc_row][vc_column][vc_custom_heading text=&#8221;Fundació Naturgy aposta per dur a terme diferents línies d’acció social a València, amb l’acompanyament d’entitats socials i institucions. L’objectiu és contribuir al benestar a la llar de les<span class="more-link"><a href="https://www.fundacionnaturgy.org/ca/sumant-energies-per-valencia/eficiencia-energetica-dana/">Llegir més</a></span></p>
