{"id":93060,"date":"2025-07-07T13:00:18","date_gmt":"2025-07-07T11:00:18","guid":{"rendered":"https:\/\/www.fundacionnaturgy.org\/acompanyament-a-centres-educatius\/"},"modified":"2025-10-24T14:46:21","modified_gmt":"2025-10-24T12:46:21","slug":"acompanyament-a-centres-educatius","status":"publish","type":"page","link":"https:\/\/www.fundacionnaturgy.org\/ca\/sumant-energies-per-valencia\/acompanyament-a-centres-educatius\/","title":{"rendered":"Educaci\u00f3"},"content":{"rendered":"<p>[vc_row][vc_column width=&#8221;1\/2&#8243;][vc_single_image image=&#8221;92957&#8243; img_size=&#8221;full&#8221;][vc_custom_heading text=&#8221;<strong>Instal\u00b7lacions solars en centres educatius<\/strong>&#8221; font_container=&#8221;tag:h4|text_align:left&#8221; use_theme_fonts=&#8221;yes&#8221;][vc_column_text]Instal\u00b7laci\u00f3 i posada en marxa de plantes de generaci\u00f3 solar al 43% dels centres afectats per la DANA (40 centres).<\/p>\n<p>Posiciona els centres com a referents en consci\u00e8ncia ambiental. A m\u00e9s, permet generar un estalvi significatiu en el consum, la qual cosa permet destinar aquests recursos a cobrir altres necessitats educatives, emocionals i comunit\u00e0ries despr\u00e9s dels efectes de la DANA.<\/p>\n<p>En alian\u00e7a amb Naturgy. Part dels alumnes formats en el programa d\u2019Instal\u00b7laci\u00f3 i manteniment de plaques solars tindran l\u2019oportunitat de fer pr\u00e0ctiques en aquestes instal\u00b7lacions.<\/p>\n<p><strong>Inclou el manteniment per un any.<\/strong>[\/vc_column_text][\/vc_column][vc_column width=&#8221;1\/2&#8243;][vc_single_image image=&#8221;92960&#8243; img_size=&#8221;full&#8221;][vc_custom_heading text=&#8221;<strong>Auditories energ\u00e8tiques<\/strong>&#8221; font_container=&#8221;tag:h4|text_align:left&#8221; use_theme_fonts=&#8221;yes&#8221;][vc_column_text]Les auditories energ\u00e8tiques pedag\u00f2giques van m\u00e9s enll\u00e0 de l\u2019an\u00e0lisi t\u00e8cnica convencional, ja que inclouen una metodologia educativa i participativa. A m\u00e9s d\u2019avaluar consums energ\u00e8tics, s\u2019ofereix formaci\u00f3 energ\u00e8tica als equips directius i es crea un Consell Energ\u00e8tic Escolar, format per alumnes, que involucra estudiants, fam\u00edlies i personal en la gesti\u00f3 energ\u00e8tica del centre. Aquest model fomenta l\u2019apoderament ciutad\u00e0 i l\u2019educaci\u00f3 energ\u00e8tica i transforma l\u2019auditoria en una eina did\u00e0ctica i d\u2019estalvi energ\u00e8tic.<\/p>\n<p data-start=\"818\" data-end=\"1357\"><strong>Projecte i seguiment anual. Trobada final.<\/strong><\/p>\n<p>[\/vc_column_text][\/vc_column][\/vc_row][vc_row][vc_column width=&#8221;1\/2&#8243;][vc_single_image image=&#8221;92963&#8243; img_size=&#8221;full&#8221;][vc_custom_heading text=&#8221;<strong>Accions xarxa Efigy School<\/strong>&#8221; font_container=&#8221;tag:h4|text_align:left&#8221; use_theme_fonts=&#8221;yes&#8221;][vc_column_text]Integrar els 40 centres als quals es faci la instal\u00b7laci\u00f3 solar a la nostra xarxa Efigy School. Acompanyament integral durant un any, amb el nostre programa de divulgaci\u00f3 i educaci\u00f3: tallers, mentoria, plataformes digitals, activitats d\u2019innovaci\u00f3 i els Corners de l\u2019energia, per impactar alumnes, professors i fam\u00edlies. Educadors permanents als 40 centres:<\/p>\n<ul>\n<li>Incorporaci\u00f3 de 6 grups a les EfigyGirls. (60 nenes). Acte final a la zona.<\/li>\n<li>Incorporaci\u00f3 de 6 grups, com a m\u00ednim, al Certamen Tecnol\u00f2gic Efigy. Acte final a la zona.<\/li>\n<li>Incorporaci\u00f3 d\u2019FP dins del programa recurrent de la Fundaci\u00f3.<\/li>\n<li>Acompanyament a 88 centres de les zones afectades per la DANA (tallers\/itiner\u00e0ncia educativa).<\/li>\n<\/ul>\n<p>[\/vc_column_text][\/vc_column][vc_column width=&#8221;1\/2&#8243;][\/vc_column][\/vc_row]<\/p>\n","protected":false},"excerpt":{"rendered":"<p>[vc_row][vc_column width=&#8221;1\/2&#8243;][vc_single_image image=&#8221;92957&#8243; img_size=&#8221;full&#8221;][vc_custom_heading text=&#8221;Instal\u00b7lacions solars en centres educatius&#8221; font_container=&#8221;tag:h4|text_align:left&#8221; use_theme_fonts=&#8221;yes&#8221;][vc_column_text]Instal\u00b7laci\u00f3 i posada en marxa de plantes de generaci\u00f3 solar al 43% dels centres afectats per la DANA (40 centres).<span class=\"more-link\"><a href=\"https:\/\/www.fundacionnaturgy.org\/ca\/sumant-energies-per-valencia\/acompanyament-a-centres-educatius\/\">Llegir m\u00e9s<\/a><\/span><\/p>\n","protected":false},"author":1454,"featured_media":0,"parent":93094,"menu_order":0,"comment_status":"closed","ping_status":"closed","template":"templates\/full-width.php","meta":{"inline_featured_image":false},"categories":[],"acf":[],"_links":{"self":[{"href":"https:\/\/www.fundacionnaturgy.org\/ca\/wp-json\/wp\/v2\/pages\/93060"}],"collection":[{"href":"https:\/\/www.fundacionnaturgy.org\/ca\/wp-json\/wp\/v2\/pages"}],"about":[{"href":"https:\/\/www.fundacionnaturgy.org\/ca\/wp-json\/wp\/v2\/types\/page"}],"author":[{"embeddable":true,"href":"https:\/\/www.fundacionnaturgy.org\/ca\/wp-json\/wp\/v2\/users\/1454"}],"replies":[{"embeddable":true,"href":"https:\/\/www.fundacionnaturgy.org\/ca\/wp-json\/wp\/v2\/comments?post=93060"}],"version-history":[{"count":6,"href":"https:\/\/www.fundacionnaturgy.org\/ca\/wp-json\/wp\/v2\/pages\/93060\/revisions"}],"predecessor-version":[{"id":94055,"href":"https:\/\/www.fundacionnaturgy.org\/ca\/wp-json\/wp\/v2\/pages\/93060\/revisions\/94055"}],"up":[{"embeddable":true,"href":"https:\/\/www.fundacionnaturgy.org\/ca\/wp-json\/wp\/v2\/pages\/93094"}],"wp:attachment":[{"href":"https:\/\/www.fundacionnaturgy.org\/ca\/wp-json\/wp\/v2\/media?parent=93060"}],"wp:term":[{"taxonomy":"category","embeddable":true,"href":"https:\/\/www.fundacionnaturgy.org\/ca\/wp-json\/wp\/v2\/categories?post=93060"}],"curies":[{"name":"wp","href":"https:\/\/api.w.org\/{rel}","templated":true}]}}

Educació

<p>[vc_row][vc_column width=&#8221;1/2&#8243;][vc_single_image image=&#8221;92957&#8243; img_size=&#8221;full&#8221;][vc_custom_heading text=&#8221;<strong>Instal·lacions solars en centres educatius</strong>&#8221; font_container=&#8221;tag:h4|text_align:left&#8221; use_theme_fonts=&#8221;yes&#8221;][vc_column_text]Instal·lació i posada en marxa de plantes de generació solar al 43% dels centres afectats per la DANA (40 centres).</p>
<p>Posiciona els centres com a referents en consciència ambiental. A més, permet generar un estalvi significatiu en el consum, la qual cosa permet destinar aquests recursos a cobrir altres necessitats educatives, emocionals i comunitàries després dels efectes de la DANA.</p>
<p>En aliança amb Naturgy. Part dels alumnes formats en el programa d’Instal·lació i manteniment de plaques solars tindran l’oportunitat de fer pràctiques en aquestes instal·lacions.</p>
<p><strong>Inclou el manteniment per un any.</strong>[/vc_column_text][/vc_column][vc_column width=&#8221;1/2&#8243;][vc_single_image image=&#8221;92960&#8243; img_size=&#8221;full&#8221;][vc_custom_heading text=&#8221;<strong>Auditories energètiques</strong>&#8221; font_container=&#8221;tag:h4|text_align:left&#8221; use_theme_fonts=&#8221;yes&#8221;][vc_column_text]Les auditories energètiques pedagògiques van més enllà de l’anàlisi tècnica convencional, ja que inclouen una metodologia educativa i participativa. A més d’avaluar consums energètics, s’ofereix formació energètica als equips directius i es crea un Consell Energètic Escolar, format per alumnes, que involucra estudiants, famílies i personal en la gestió energètica del centre. Aquest model fomenta l’apoderament ciutadà i l’educació energètica i transforma l’auditoria en una eina didàctica i d’estalvi energètic.</p>
<p data-start="818" data-end="1357"><strong>Projecte i seguiment anual. Trobada final.</strong></p>
<p>[/vc_column_text][/vc_column][/vc_row][vc_row][vc_column width=&#8221;1/2&#8243;][vc_single_image image=&#8221;92963&#8243; img_size=&#8221;full&#8221;][vc_custom_heading text=&#8221;<strong>Accions xarxa Efigy School</strong>&#8221; font_container=&#8221;tag:h4|text_align:left&#8221; use_theme_fonts=&#8221;yes&#8221;][vc_column_text]Integrar els 40 centres als quals es faci la instal·lació solar a la nostra xarxa Efigy School. Acompanyament integral durant un any, amb el nostre programa de divulgació i educació: tallers, mentoria, plataformes digitals, activitats d’innovació i els Corners de l’energia, per impactar alumnes, professors i famílies. Educadors permanents als 40 centres:</p>
<ul>
<li>Incorporació de 6 grups a les EfigyGirls. (60 nenes). Acte final a la zona.</li>
<li>Incorporació de 6 grups, com a mínim, al Certamen Tecnològic Efigy. Acte final a la zona.</li>
<li>Incorporació d’FP dins del programa recurrent de la Fundació.</li>
<li>Acompanyament a 88 centres de les zones afectades per la DANA (tallers/itinerància educativa).</li>
</ul>
<p>[/vc_column_text][/vc_column][vc_column width=&#8221;1/2&#8243;][/vc_column][/vc_row]</p>

<p>[vc_row][vc_column width=&#8221;1/2&#8243;][vc_single_image image=&#8221;92957&#8243; img_size=&#8221;full&#8221;][vc_custom_heading text=&#8221;Instal·lacions solars en centres educatius&#8221; font_container=&#8221;tag:h4|text_align:left&#8221; use_theme_fonts=&#8221;yes&#8221;][vc_column_text]Instal·lació i posada en marxa de plantes de generació solar al 43% dels centres afectats per la DANA (40 centres).<span class="more-link"><a href="https://www.fundacionnaturgy.org/ca/sumant-energies-per-valencia/acompanyament-a-centres-educatius/">Llegir més</a></span></p>
