{"id":93072,"date":"2025-07-07T12:55:09","date_gmt":"2025-07-07T10:55:09","guid":{"rendered":"https:\/\/www.fundacionnaturgy.org\/formacio-professionalitzadora\/"},"modified":"2025-10-24T14:48:32","modified_gmt":"2025-10-24T12:48:32","slug":"formacio-professionalitzadora","status":"publish","type":"page","link":"https:\/\/www.fundacionnaturgy.org\/ca\/sumant-energies-per-valencia\/formacio-professionalitzadora\/","title":{"rendered":"Ocupaci\u00f3"},"content":{"rendered":"<p>[vc_row][vc_column][vc_custom_heading text=&#8221;Fundaci\u00f3 Naturgy impulsa noves formacions professionalitzadores en sectors clau de la transici\u00f3 energ\u00e8tica adre\u00e7ades a persones afectades per la DANA, amb l\u2019objectiu de fomentar la seva inserci\u00f3 laboral i contribuir a una ocupaci\u00f3 verda i de qualitat.&#8221; font_container=&#8221;tag:h4|text_align:left&#8221; use_theme_fonts=&#8221;yes&#8221;][vc_empty_space][\/vc_column][\/vc_row][vc_row][vc_column width=&#8221;1\/2&#8243;][vc_single_image image=&#8221;92936&#8243; img_size=&#8221;full&#8221;][vc_custom_heading text=&#8221;<strong>Instal\u00b7laci\u00f3 i manteniment de plaques fotovoltaiques<\/strong>&#8221; font_container=&#8221;tag:h4|text_align:left&#8221; use_theme_fonts=&#8221;yes&#8221;][vc_column_text]Formaci\u00f3 teoricopr\u00e0ctica adre\u00e7ada a persones en situaci\u00f3 de vulnerabilitat, desocupades o joves que busquin millorar el seu acc\u00e9s al mercat laboral.<\/p>\n<p>Impulsada per Fundaci\u00f3 Naturgy, en col\u00b7laboraci\u00f3 amb la\u00a0<strong>Plataforma per l\u2019Ocupaci\u00f3 Verda<\/strong>, la\u00a0<strong>Universitat Polit\u00e8cnica de Madrid<\/strong>\u00a0i la\u00a0<strong>Universitat Polit\u00e8cnica de Val\u00e8ncia<\/strong>, aquesta formaci\u00f3 inclou pr\u00e0ctiques reals d\u2019instal\u00b7laci\u00f3 de sistemes solars en centres educatius afectats per la DANA.<\/p>\n<p>Les persones participants aprendran a instal\u00b7lar i mantenir sistemes solars i disposaran d\u2019orientaci\u00f3 laboral per facilitar la seva ocupabilitat.[\/vc_column_text]<a class=\"gnf-boton oscuro left\" href=\"https:\/\/www.fundacionnaturgy.org\/actividad\/curso-de-formacion-profesional-para-la-empleabilidad-instalacion-y-mantenimiento-de-sistemas-solares-fotovoltaicos-3\/\" title=\"\" target=\"_blank\">Veure m\u00e9s<\/a>[\/vc_column][vc_column width=&#8221;1\/2&#8243;][vc_single_image image=&#8221;92939&#8243; img_size=&#8221;full&#8221;][vc_custom_heading text=&#8221;<strong>Rehabilitaci\u00f3 eficient d\u2019habitatges<\/strong>&#8221; font_container=&#8221;tag:h4|text_align:left&#8221; use_theme_fonts=&#8221;yes&#8221;][vc_column_text]Formaci\u00f3 per adquirir habilitats en rehabilitaci\u00f3 energ\u00e8tica i construcci\u00f3 sostenible adre\u00e7ada a persones aturades i joves que busquin millorar la seva carrera professional.<\/p>\n<p>Promoguda per Fundaci\u00f3 Naturgy, en col\u00b7laboraci\u00f3 amb la\u00a0<strong>Plataforma per l\u2019Ocupaci\u00f3 Verda<\/strong>, permet als participants intervenir en la millora energ\u00e8tica d\u2019habitatges i fomentar l\u2019estalvi energ\u00e8tic i l\u2019ocupaci\u00f3 verda.[\/vc_column_text]<a class=\"gnf-boton oscuro left\" href=\"https:\/\/www.fundacionnaturgy.org\/actividad\/curso-fp-empleabilidad-rehabilitacion-eficiente-viviendas\/\" title=\"\" target=\"_blank\">Veure m\u00e9s<\/a>[\/vc_column][\/vc_row][vc_row][vc_column][vc_empty_space][\/vc_column][\/vc_row][vc_row][vc_column width=&#8221;1\/2&#8243;][vc_single_image image=&#8221;92942&#8243; img_size=&#8221;full&#8221;][vc_custom_heading text=&#8221;<strong>Digitalitzaci\u00f3 de xarxes de gas i operacions PAD1\u2013PAD2<\/strong>&#8221; font_container=&#8221;tag:h4|text_align:left&#8221; use_theme_fonts=&#8221;yes&#8221;][vc_column_text]Programa de formaci\u00f3 orientat a persones aturades o en situaci\u00f3 de vulnerabilitat, per capacitar nous professionals en operacions b\u00e0siques del sector del gas.<\/p>\n<p>Impulsat per Fundaci\u00f3 Naturgy, en col\u00b7laboraci\u00f3 amb\u00a0<strong>Sedigas<\/strong>, el programa respon a les necessitats del sector davant el desplegament del canvi de comptadors de gas. Inclou formaci\u00f3 te\u00f2rica i pr\u00e0ctica sobre proves pr\u00e8vies, altes, operacions domicili\u00e0ries i inspecci\u00f3 peri\u00f2dica, aix\u00ed com la\u00a0<strong>certificaci\u00f3 oficial de Sedigas<\/strong>, que permet obtenir acreditaci\u00f3 v\u00e0lida per treballar en el sector, requisit imprescindible.[\/vc_column_text]<a class=\"gnf-boton oscuro left\" href=\"https:\/\/www.fundacionnaturgy.org\/educacion-y-divulgacion\/formacion-profesional-para-la-empleabilidad\/formacion-profesional-en-digitalizacion-de-redes-de-gas\/\" title=\"\" target=\"_blank\">Veure m\u00e9s<\/a>[\/vc_column][vc_column width=&#8221;1\/2&#8243;][vc_single_image image=&#8221;92945&#8243; img_size=&#8221;full&#8221;][vc_custom_heading text=&#8221;<strong>Formaci\u00f3 i certificaci\u00f3 d\u2019instal\u00b7ladors de gas tipus B<\/strong>&#8221; font_container=&#8221;tag:h4|text_align:left&#8221; use_theme_fonts=&#8221;yes&#8221;][vc_column_text]Formaci\u00f3 t\u00e8cnica adre\u00e7ada a persones desocupades, en situaci\u00f3 de vulnerabilitat o joves que busquen accedir a un sector amb alta demanda de professionals qualificats.<\/p>\n<p>Promoguda per Fundaci\u00f3 Naturgy, en col\u00b7laboraci\u00f3 amb\u00a0<strong>Sedigas<\/strong>\u00a0i certificada per\u00a0<strong>CONAIF<\/strong>, entitat de refer\u00e8ncia en el sector, aquesta formaci\u00f3 permet obtenir l\u2019acreditaci\u00f3 oficial com a instal\u00b7lador autoritzat de gas.[\/vc_column_text]<a class=\"gnf-boton oscuro left\" href=\"https:\/\/www.fundacionnaturgy.org\/educacion-y-divulgacion\/formacion-profesional-para-la-empleabilidad\/formacion-profesional-en-instaladores-de-gas-tipo-b\/\" title=\"\" target=\"_blank\">Veure m\u00e9s<\/a>[\/vc_column][\/vc_row][vc_row][vc_column][vc_empty_space][\/vc_column][\/vc_row][vc_row][vc_column width=&#8221;1\/2&#8243;][vc_single_image image=&#8221;92948&#8243; img_size=&#8221;full&#8221;][vc_custom_heading text=&#8221;<strong>Formaci\u00f3 i certificaci\u00f3 d\u2019agents de posada en marxa (APMR)<\/strong>&#8221; font_container=&#8221;tag:h4|text_align:left&#8221; use_theme_fonts=&#8221;yes&#8221;][vc_column_text]Formaci\u00f3 t\u00e8cnica especialitzada adre\u00e7ada a persones que ja han obtingut la certificaci\u00f3 com a instal\u00b7ladors de gas tipus B i volen ampliar les seves compet\u00e8ncies professionals.<\/p>\n<p>Aquesta formaci\u00f3 capacita per fer tasques de\u00a0<strong>posada en marxa, verificaci\u00f3 i inspecci\u00f3 d\u2019instal\u00b7lacions de gas<\/strong>, a fi de millorar les oportunitats d\u2019inserci\u00f3 laboral en el sector energ\u00e8tic.<\/p>\n<p>Impulsada per Fundaci\u00f3 Naturgy, en col\u00b7laboraci\u00f3 amb\u00a0<strong>Sedigas<\/strong>\u00a0per a la formaci\u00f3 t\u00e8cnica i amb\u00a0<strong>CONAIF<\/strong>\u00a0com a entitat certificadora oficial.[\/vc_column_text]<a class=\"gnf-boton oscuro left\" href=\"https:\/\/www.fundacionnaturgy.org\/actividad\/curso-de-fp-para-la-empleabilidad-en-agentes-de-puesta-en-marcha-mantenimiento-y-reparacion-apmr\/\" title=\"\" target=\"_blank\">Veure m\u00e9s<\/a>[\/vc_column][vc_column width=&#8221;1\/2&#8243;][\/vc_column][\/vc_row]<\/p>\n","protected":false},"excerpt":{"rendered":"<p>[vc_row][vc_column][vc_custom_heading text=&#8221;Fundaci\u00f3 Naturgy impulsa noves formacions professionalitzadores en sectors clau de la transici\u00f3 energ\u00e8tica adre\u00e7ades a persones afectades per la DANA, amb l\u2019objectiu de fomentar la seva inserci\u00f3 laboral i<span class=\"more-link\"><a href=\"https:\/\/www.fundacionnaturgy.org\/ca\/sumant-energies-per-valencia\/formacio-professionalitzadora\/\">Llegir m\u00e9s<\/a><\/span><\/p>\n","protected":false},"author":1454,"featured_media":0,"parent":93094,"menu_order":0,"comment_status":"closed","ping_status":"closed","template":"templates\/full-width.php","meta":{"inline_featured_image":false},"categories":[],"acf":[],"_links":{"self":[{"href":"https:\/\/www.fundacionnaturgy.org\/ca\/wp-json\/wp\/v2\/pages\/93072"}],"collection":[{"href":"https:\/\/www.fundacionnaturgy.org\/ca\/wp-json\/wp\/v2\/pages"}],"about":[{"href":"https:\/\/www.fundacionnaturgy.org\/ca\/wp-json\/wp\/v2\/types\/page"}],"author":[{"embeddable":true,"href":"https:\/\/www.fundacionnaturgy.org\/ca\/wp-json\/wp\/v2\/users\/1454"}],"replies":[{"embeddable":true,"href":"https:\/\/www.fundacionnaturgy.org\/ca\/wp-json\/wp\/v2\/comments?post=93072"}],"version-history":[{"count":9,"href":"https:\/\/www.fundacionnaturgy.org\/ca\/wp-json\/wp\/v2\/pages\/93072\/revisions"}],"predecessor-version":[{"id":94059,"href":"https:\/\/www.fundacionnaturgy.org\/ca\/wp-json\/wp\/v2\/pages\/93072\/revisions\/94059"}],"up":[{"embeddable":true,"href":"https:\/\/www.fundacionnaturgy.org\/ca\/wp-json\/wp\/v2\/pages\/93094"}],"wp:attachment":[{"href":"https:\/\/www.fundacionnaturgy.org\/ca\/wp-json\/wp\/v2\/media?parent=93072"}],"wp:term":[{"taxonomy":"category","embeddable":true,"href":"https:\/\/www.fundacionnaturgy.org\/ca\/wp-json\/wp\/v2\/categories?post=93072"}],"curies":[{"name":"wp","href":"https:\/\/api.w.org\/{rel}","templated":true}]}}

Ocupació

<p>[vc_row][vc_column][vc_custom_heading text=&#8221;Fundació Naturgy impulsa noves formacions professionalitzadores en sectors clau de la transició energètica adreçades a persones afectades per la DANA, amb l’objectiu de fomentar la seva inserció laboral i contribuir a una ocupació verda i de qualitat.&#8221; font_container=&#8221;tag:h4|text_align:left&#8221; use_theme_fonts=&#8221;yes&#8221;][vc_empty_space][/vc_column][/vc_row][vc_row][vc_column width=&#8221;1/2&#8243;][vc_single_image image=&#8221;92936&#8243; img_size=&#8221;full&#8221;][vc_custom_heading text=&#8221;<strong>Instal·lació i manteniment de plaques fotovoltaiques</strong>&#8221; font_container=&#8221;tag:h4|text_align:left&#8221; use_theme_fonts=&#8221;yes&#8221;][vc_column_text]Formació teoricopràctica adreçada a persones en situació de vulnerabilitat, desocupades o joves que busquin millorar el seu accés al mercat laboral.</p>
<p>Impulsada per Fundació Naturgy, en col·laboració amb la <strong>Plataforma per l’Ocupació Verda</strong>, la <strong>Universitat Politècnica de Madrid</strong> i la <strong>Universitat Politècnica de València</strong>, aquesta formació inclou pràctiques reals d’instal·lació de sistemes solars en centres educatius afectats per la DANA.</p>
<p>Les persones participants aprendran a instal·lar i mantenir sistemes solars i disposaran d’orientació laboral per facilitar la seva ocupabilitat.[/vc_column_text]<a class="gnf-boton oscuro left" href="https://www.fundacionnaturgy.org/actividad/curso-de-formacion-profesional-para-la-empleabilidad-instalacion-y-mantenimiento-de-sistemas-solares-fotovoltaicos-3/" title="" target="_blank">Veure més</a>[/vc_column][vc_column width=&#8221;1/2&#8243;][vc_single_image image=&#8221;92939&#8243; img_size=&#8221;full&#8221;][vc_custom_heading text=&#8221;<strong>Rehabilitació eficient d’habitatges</strong>&#8221; font_container=&#8221;tag:h4|text_align:left&#8221; use_theme_fonts=&#8221;yes&#8221;][vc_column_text]Formació per adquirir habilitats en rehabilitació energètica i construcció sostenible adreçada a persones aturades i joves que busquin millorar la seva carrera professional.</p>
<p>Promoguda per Fundació Naturgy, en col·laboració amb la <strong>Plataforma per l’Ocupació Verda</strong>, permet als participants intervenir en la millora energètica d’habitatges i fomentar l’estalvi energètic i l’ocupació verda.[/vc_column_text]<a class="gnf-boton oscuro left" href="https://www.fundacionnaturgy.org/actividad/curso-fp-empleabilidad-rehabilitacion-eficiente-viviendas/" title="" target="_blank">Veure més</a>[/vc_column][/vc_row][vc_row][vc_column][vc_empty_space][/vc_column][/vc_row][vc_row][vc_column width=&#8221;1/2&#8243;][vc_single_image image=&#8221;92942&#8243; img_size=&#8221;full&#8221;][vc_custom_heading text=&#8221;<strong>Digitalització de xarxes de gas i operacions PAD1–PAD2</strong>&#8221; font_container=&#8221;tag:h4|text_align:left&#8221; use_theme_fonts=&#8221;yes&#8221;][vc_column_text]Programa de formació orientat a persones aturades o en situació de vulnerabilitat, per capacitar nous professionals en operacions bàsiques del sector del gas.</p>
<p>Impulsat per Fundació Naturgy, en col·laboració amb <strong>Sedigas</strong>, el programa respon a les necessitats del sector davant el desplegament del canvi de comptadors de gas. Inclou formació teòrica i pràctica sobre proves prèvies, altes, operacions domiciliàries i inspecció periòdica, així com la <strong>certificació oficial de Sedigas</strong>, que permet obtenir acreditació vàlida per treballar en el sector, requisit imprescindible.[/vc_column_text]<a class="gnf-boton oscuro left" href="https://www.fundacionnaturgy.org/educacion-y-divulgacion/formacion-profesional-para-la-empleabilidad/formacion-profesional-en-digitalizacion-de-redes-de-gas/" title="" target="_blank">Veure més</a>[/vc_column][vc_column width=&#8221;1/2&#8243;][vc_single_image image=&#8221;92945&#8243; img_size=&#8221;full&#8221;][vc_custom_heading text=&#8221;<strong>Formació i certificació d’instal·ladors de gas tipus B</strong>&#8221; font_container=&#8221;tag:h4|text_align:left&#8221; use_theme_fonts=&#8221;yes&#8221;][vc_column_text]Formació tècnica adreçada a persones desocupades, en situació de vulnerabilitat o joves que busquen accedir a un sector amb alta demanda de professionals qualificats.</p>
<p>Promoguda per Fundació Naturgy, en col·laboració amb <strong>Sedigas</strong> i certificada per <strong>CONAIF</strong>, entitat de referència en el sector, aquesta formació permet obtenir l’acreditació oficial com a instal·lador autoritzat de gas.[/vc_column_text]<a class="gnf-boton oscuro left" href="https://www.fundacionnaturgy.org/educacion-y-divulgacion/formacion-profesional-para-la-empleabilidad/formacion-profesional-en-instaladores-de-gas-tipo-b/" title="" target="_blank">Veure més</a>[/vc_column][/vc_row][vc_row][vc_column][vc_empty_space][/vc_column][/vc_row][vc_row][vc_column width=&#8221;1/2&#8243;][vc_single_image image=&#8221;92948&#8243; img_size=&#8221;full&#8221;][vc_custom_heading text=&#8221;<strong>Formació i certificació d’agents de posada en marxa (APMR)</strong>&#8221; font_container=&#8221;tag:h4|text_align:left&#8221; use_theme_fonts=&#8221;yes&#8221;][vc_column_text]Formació tècnica especialitzada adreçada a persones que ja han obtingut la certificació com a instal·ladors de gas tipus B i volen ampliar les seves competències professionals.</p>
<p>Aquesta formació capacita per fer tasques de <strong>posada en marxa, verificació i inspecció d’instal·lacions de gas</strong>, a fi de millorar les oportunitats d’inserció laboral en el sector energètic.</p>
<p>Impulsada per Fundació Naturgy, en col·laboració amb <strong>Sedigas</strong> per a la formació tècnica i amb <strong>CONAIF</strong> com a entitat certificadora oficial.[/vc_column_text]<a class="gnf-boton oscuro left" href="https://www.fundacionnaturgy.org/actividad/curso-de-fp-para-la-empleabilidad-en-agentes-de-puesta-en-marcha-mantenimiento-y-reparacion-apmr/" title="" target="_blank">Veure més</a>[/vc_column][vc_column width=&#8221;1/2&#8243;][/vc_column][/vc_row]</p>

<p>[vc_row][vc_column][vc_custom_heading text=&#8221;Fundació Naturgy impulsa noves formacions professionalitzadores en sectors clau de la transició energètica adreçades a persones afectades per la DANA, amb l’objectiu de fomentar la seva inserció laboral i<span class="more-link"><a href="https://www.fundacionnaturgy.org/ca/sumant-energies-per-valencia/formacio-professionalitzadora/">Llegir més</a></span></p>
