{"id":93646,"date":"2025-07-11T10:40:13","date_gmt":"2025-07-11T08:40:13","guid":{"rendered":"https:\/\/www.fundacionnaturgy.org\/compromis-amb-valencia\/eficiencia-energetica-dana\/convocatoria-dajut-a-entitats-socials\/"},"modified":"2025-09-22T15:24:12","modified_gmt":"2025-09-22T13:24:12","slug":"convocatoria-dajut-a-entitats-socials","status":"publish","type":"page","link":"https:\/\/www.fundacionnaturgy.org\/ca\/sumant-energies-per-valencia\/eficiencia-energetica-dana\/convocatoria-dajut-a-entitats-socials\/","title":{"rendered":"Convocat\u00f2ria d\u2019ajut a entitats socials"},"content":{"rendered":"<p>[vc_row][vc_column][vc_single_image image=&#8221;93271&#8243; img_size=&#8221;full&#8221; alignment=&#8221;center&#8221;][vc_column_text]<span style=\"color: #004571;\"><strong>Fundaci\u00f3 Naturgy es vol centrar en aquelles entitats socials<\/strong> (associacions, fundacions o institucions en general) que tamb\u00e9 han patit les conseq\u00fc\u00e8ncies de la DANA i que han vist que les seves seus o oficines d\u2019atenci\u00f3 s\u2019han vist afectades. Per a aix\u00f2, llan\u00e7a una\u00a0convocat\u00f2ria d\u2019ajuts per a la rehabilitaci\u00f3 energ\u00e8tica de les seves pr\u00f2pies instal\u00b7lacions.<\/span>[\/vc_column_text][vc_column_text]Es podran finan\u00e7ar, totalment o parcial, un o m\u00e9s projectes amb un pressupost per projecte de fins a 20.000 \u20ac fins que es consumeixin els fons de la convocat\u00f2ria. Es poden presentar projectes que ja estiguin en marxa.<\/p>\n<p>[\/vc_column_text][vc_empty_space][vc_row_inner css=&#8221;.vc_custom_1753180043687{background-color: #eaeef0 !important;}&#8221;][vc_column_inner][vc_single_image image=&#8221;93274&#8243; alignment=&#8221;center&#8221;][vc_column_text]<\/p>\n<p style=\"text-align: center;\"><span style=\"color: #004571;\">El llan\u00e7ament de la convocat\u00f2ria ser\u00e0 el <strong>21 de juliol<\/strong>. <\/span><\/p>\n<p style=\"text-align: center;\"><span style=\"color: #004571;\">\u2028Es rebran candidatures fins al 17 d\u2019octubre de 2025.<\/span>[\/vc_column_text][vc_btn title=&#8221;Bases legals&#8221; style=&#8221;custom&#8221; custom_background=&#8221;#004571&#8243; custom_text=&#8221;#ffffff&#8221; shape=&#8221;round&#8221; align=&#8221;center&#8221; link=&#8221;url:https%3A%2F%2Fwww.fundacionnaturgy.org%2Fwp-content%2Fuploads%2F2025%2F09%2F2025-09-04-bases-convocatoria-rehabilitacion-entidades-DANA.pdf|target:_blank|&#8221;][vc_column_text]<\/p>\n<p style=\"text-align: center;\"><strong>Presenta el teu projecte<\/strong>\u00a0a trav\u00e9s del formulari seg\u00fcent, amb el detall de tota la informaci\u00f3 requerida.<\/p>\n<p>[\/vc_column_text][vc_btn title=&#8221;Presenta el teu projecte&#8221; style=&#8221;custom&#8221; custom_background=&#8221;#004571&#8243; custom_text=&#8221;#ffffff&#8221; shape=&#8221;round&#8221; align=&#8221;center&#8221; link=&#8221;url:https%3A%2F%2Fwww.fundacionnaturgy.org%2Fcompromiso-con-valencia%2Fformulario-de-solicitud-para-participar-en-la-convocatoria-de-fundacion-naturgy-valencia-2025%2F|target:_blank|&#8221;][\/vc_column_inner][\/vc_row_inner][vc_row_inner][vc_column_inner width=&#8221;1\/3&#8243;][vc_column_text]<\/p>\n<p style=\"text-align: left;\"><span style=\"color: #004571;\"><b>Qui s&#8217;hi pot presentar?<\/b><\/span><\/p>\n<p style=\"text-align: left;\">Organitzacions sense \u00e0nim de lucre que operin a les zones afectades per la DANA per a la rehabilitaci\u00f3 energ\u00e8tica de les seves instal\u00b7lacions.<\/p>\n<p>[\/vc_column_text][\/vc_column_inner][vc_column_inner width=&#8221;1\/3&#8243;][vc_column_text]<span style=\"color: #004571;\"><b>Quin tipus de projectes es poden finan\u00e7ar?<\/b><\/span><\/p>\n<p>Projectes de rehabilitaci\u00f3 energ\u00e8tica relacionats amb a\u00efllaments, fusteries, il\u00b7luminaci\u00f3, instal\u00b7lacions energ\u00e8tiques, calderes o termos i electrodom\u00e8stics, entre d\u2019altres. Poden estar ja en marxa o sense iniciar.<\/p>\n<p>[\/vc_column_text][\/vc_column_inner][vc_column_inner width=&#8221;1\/3&#8243;][vc_column_text]<span style=\"color: #004571;\"><b>Quines despeses es poden finan\u00e7ar? <\/b><\/span><\/p>\n<p>Totes aquelles despeses necess\u00e0ries per a la intervenci\u00f3, com ara costos de construcci\u00f3, realitzaci\u00f3 de projecte, materials o llic\u00e8ncies.[\/vc_column_text][\/vc_column_inner][\/vc_row_inner][\/vc_column][\/vc_row][vc_row][vc_column][vc_empty_space][vc_column_text]<b><a href=\"https:\/\/www.fundacionnaturgy.org\/wp-content\/uploads\/2025\/07\/energia-sinfronteras.jpeg\"><img loading=\"lazy\" class=\"alignleft wp-image-93141\" src=\"https:\/\/www.fundacionnaturgy.org\/wp-content\/uploads\/2025\/07\/energia-sinfronteras.jpeg\" alt=\"\" width=\"148\" height=\"81\" srcset=\"https:\/\/www.fundacionnaturgy.org\/wp-content\/uploads\/2025\/07\/energia-sinfronteras.jpeg 303w, https:\/\/www.fundacionnaturgy.org\/wp-content\/uploads\/2025\/07\/energia-sinfronteras-300x164.jpeg 300w, https:\/\/www.fundacionnaturgy.org\/wp-content\/uploads\/2025\/07\/energia-sinfronteras-256x140.jpeg 256w\" sizes=\"(max-width: 148px) 100vw, 148px\" \/><\/a><\/b><span style=\"color: #004571;\"><strong>La Fundaci\u00f3 Energ\u00eda sin fronteras far\u00e0 l\u2019an\u00e0lisi t\u00e8cnica de les sol\u00b7licituds, podr\u00e0 fer visites a les instal\u00b7lacions i sol\u00b7licitar\u00e0 la informaci\u00f3 que calgui.<\/strong><\/span><\/p>\n<p><a href=\"https:\/\/energiasinfronteras.org\/\">Energ\u00ed<\/a><a href=\"https:\/\/energiasinfronteras.org\/\" target=\"_blank\" rel=\"noopener\">a sin fronteras<\/a> t\u00e9 com a finalitat contribuir al ple exercici dels drets dels m\u00e9s vulnerables, proporcionant-los acc\u00e9s a serveis d\u2019energia, aigua i sanejament accessibles, sostenibles i segurs mitjan\u00e7ant programes, projectes, estudis, activitats de formaci\u00f3 i assessorament o altres iniciatives, en col\u00b7laboraci\u00f3 amb aliats, amics i altres actors que comparteixin l\u2019objectiu d\u2019aconseguir una societat m\u00e9s justa i igualit\u00e0ria[\/vc_column_text][\/vc_column][\/vc_row]<\/p>\n","protected":false},"excerpt":{"rendered":"<p>[vc_row][vc_column][vc_single_image image=&#8221;93271&#8243; img_size=&#8221;full&#8221; alignment=&#8221;center&#8221;][vc_column_text]Fundaci\u00f3 Naturgy es vol centrar en aquelles entitats socials (associacions, fundacions o institucions en general) que tamb\u00e9 han patit les conseq\u00fc\u00e8ncies de la DANA i que han<span class=\"more-link\"><a href=\"https:\/\/www.fundacionnaturgy.org\/ca\/sumant-energies-per-valencia\/eficiencia-energetica-dana\/convocatoria-dajut-a-entitats-socials\/\">Llegir m\u00e9s<\/a><\/span><\/p>\n","protected":false},"author":1454,"featured_media":0,"parent":93056,"menu_order":0,"comment_status":"closed","ping_status":"closed","template":"templates\/full-width.php","meta":{"inline_featured_image":false},"categories":[],"acf":[],"_links":{"self":[{"href":"https:\/\/www.fundacionnaturgy.org\/ca\/wp-json\/wp\/v2\/pages\/93646"}],"collection":[{"href":"https:\/\/www.fundacionnaturgy.org\/ca\/wp-json\/wp\/v2\/pages"}],"about":[{"href":"https:\/\/www.fundacionnaturgy.org\/ca\/wp-json\/wp\/v2\/types\/page"}],"author":[{"embeddable":true,"href":"https:\/\/www.fundacionnaturgy.org\/ca\/wp-json\/wp\/v2\/users\/1454"}],"replies":[{"embeddable":true,"href":"https:\/\/www.fundacionnaturgy.org\/ca\/wp-json\/wp\/v2\/comments?post=93646"}],"version-history":[{"count":4,"href":"https:\/\/www.fundacionnaturgy.org\/ca\/wp-json\/wp\/v2\/pages\/93646\/revisions"}],"predecessor-version":[{"id":93650,"href":"https:\/\/www.fundacionnaturgy.org\/ca\/wp-json\/wp\/v2\/pages\/93646\/revisions\/93650"}],"up":[{"embeddable":true,"href":"https:\/\/www.fundacionnaturgy.org\/ca\/wp-json\/wp\/v2\/pages\/93056"}],"wp:attachment":[{"href":"https:\/\/www.fundacionnaturgy.org\/ca\/wp-json\/wp\/v2\/media?parent=93646"}],"wp:term":[{"taxonomy":"category","embeddable":true,"href":"https:\/\/www.fundacionnaturgy.org\/ca\/wp-json\/wp\/v2\/categories?post=93646"}],"curies":[{"name":"wp","href":"https:\/\/api.w.org\/{rel}","templated":true}]}}

Convocatòria d’ajut a entitats socials

<p>[vc_row][vc_column][vc_single_image image=&#8221;93271&#8243; img_size=&#8221;full&#8221; alignment=&#8221;center&#8221;][vc_column_text]<span style="color: #004571;"><strong>Fundació Naturgy es vol centrar en aquelles entitats socials</strong> (associacions, fundacions o institucions en general) que també han patit les conseqüències de la DANA i que han vist que les seves seus o oficines d’atenció s’han vist afectades. Per a això, llança una convocatòria d’ajuts per a la rehabilitació energètica de les seves pròpies instal·lacions.</span>[/vc_column_text][vc_column_text]Es podran finançar, totalment o parcial, un o més projectes amb un pressupost per projecte de fins a 20.000 € fins que es consumeixin els fons de la convocatòria. Es poden presentar projectes que ja estiguin en marxa.</p>
<p>[/vc_column_text][vc_empty_space][vc_row_inner css=&#8221;.vc_custom_1753180043687{background-color: #eaeef0 !important;}&#8221;][vc_column_inner][vc_single_image image=&#8221;93274&#8243; alignment=&#8221;center&#8221;][vc_column_text]</p>
<p style="text-align: center;"><span style="color: #004571;">El llançament de la convocatòria serà el <strong>21 de juliol</strong>. </span></p>
<p style="text-align: center;"><span style="color: #004571;"> Es rebran candidatures fins al 17 d’octubre de 2025.</span>[/vc_column_text][vc_btn title=&#8221;Bases legals&#8221; style=&#8221;custom&#8221; custom_background=&#8221;#004571&#8243; custom_text=&#8221;#ffffff&#8221; shape=&#8221;round&#8221; align=&#8221;center&#8221; link=&#8221;url:https%3A%2F%2Fwww.fundacionnaturgy.org%2Fwp-content%2Fuploads%2F2025%2F09%2F2025-09-04-bases-convocatoria-rehabilitacion-entidades-DANA.pdf|target:_blank|&#8221;][vc_column_text]</p>
<p style="text-align: center;"><strong>Presenta el teu projecte</strong> a través del formulari següent, amb el detall de tota la informació requerida.</p>
<p>[/vc_column_text][vc_btn title=&#8221;Presenta el teu projecte&#8221; style=&#8221;custom&#8221; custom_background=&#8221;#004571&#8243; custom_text=&#8221;#ffffff&#8221; shape=&#8221;round&#8221; align=&#8221;center&#8221; link=&#8221;url:https%3A%2F%2Fwww.fundacionnaturgy.org%2Fcompromiso-con-valencia%2Fformulario-de-solicitud-para-participar-en-la-convocatoria-de-fundacion-naturgy-valencia-2025%2F|target:_blank|&#8221;][/vc_column_inner][/vc_row_inner][vc_row_inner][vc_column_inner width=&#8221;1/3&#8243;][vc_column_text]</p>
<p style="text-align: left;"><span style="color: #004571;"><b>Qui s&#8217;hi pot presentar?</b></span></p>
<p style="text-align: left;">Organitzacions sense ànim de lucre que operin a les zones afectades per la DANA per a la rehabilitació energètica de les seves instal·lacions.</p>
<p>[/vc_column_text][/vc_column_inner][vc_column_inner width=&#8221;1/3&#8243;][vc_column_text]<span style="color: #004571;"><b>Quin tipus de projectes es poden finançar?</b></span></p>
<p>Projectes de rehabilitació energètica relacionats amb aïllaments, fusteries, il·luminació, instal·lacions energètiques, calderes o termos i electrodomèstics, entre d’altres. Poden estar ja en marxa o sense iniciar.</p>
<p>[/vc_column_text][/vc_column_inner][vc_column_inner width=&#8221;1/3&#8243;][vc_column_text]<span style="color: #004571;"><b>Quines despeses es poden finançar? </b></span></p>
<p>Totes aquelles despeses necessàries per a la intervenció, com ara costos de construcció, realització de projecte, materials o llicències.[/vc_column_text][/vc_column_inner][/vc_row_inner][/vc_column][/vc_row][vc_row][vc_column][vc_empty_space][vc_column_text]<b><a href="https://www.fundacionnaturgy.org/wp-content/uploads/2025/07/energia-sinfronteras.jpeg"><img loading="lazy" class="alignleft wp-image-93141" src="https://www.fundacionnaturgy.org/wp-content/uploads/2025/07/energia-sinfronteras.jpeg" alt="" width="148" height="81" srcset="https://www.fundacionnaturgy.org/wp-content/uploads/2025/07/energia-sinfronteras.jpeg 303w, https://www.fundacionnaturgy.org/wp-content/uploads/2025/07/energia-sinfronteras-300x164.jpeg 300w, https://www.fundacionnaturgy.org/wp-content/uploads/2025/07/energia-sinfronteras-256x140.jpeg 256w" sizes="(max-width: 148px) 100vw, 148px" /></a></b><span style="color: #004571;"><strong>La Fundació Energía sin fronteras farà l’anàlisi tècnica de les sol·licituds, podrà fer visites a les instal·lacions i sol·licitarà la informació que calgui.</strong></span></p>
<p><a href="https://energiasinfronteras.org/">Energí</a><a href="https://energiasinfronteras.org/" target="_blank" rel="noopener">a sin fronteras</a> té com a finalitat contribuir al ple exercici dels drets dels més vulnerables, proporcionant-los accés a serveis d’energia, aigua i sanejament accessibles, sostenibles i segurs mitjançant programes, projectes, estudis, activitats de formació i assessorament o altres iniciatives, en col·laboració amb aliats, amics i altres actors que comparteixin l’objectiu d’aconseguir una societat més justa i igualitària[/vc_column_text][/vc_column][/vc_row]</p>

<p>[vc_row][vc_column][vc_single_image image=&#8221;93271&#8243; img_size=&#8221;full&#8221; alignment=&#8221;center&#8221;][vc_column_text]Fundació Naturgy es vol centrar en aquelles entitats socials (associacions, fundacions o institucions en general) que també han patit les conseqüències de la DANA i que han<span class="more-link"><a href="https://www.fundacionnaturgy.org/ca/sumant-energies-per-valencia/eficiencia-energetica-dana/convocatoria-dajut-a-entitats-socials/">Llegir més</a></span></p>
