{"id":13477,"date":"2008-12-10T16:46:42","date_gmt":"2008-12-10T15:46:42","guid":{"rendered":"https:\/\/www.fundacionnaturgy.org\/ca\/product\/cronologia-del-grup-gas-natural-19862007\/"},"modified":"2020-02-27T15:36:35","modified_gmt":"2020-02-27T14:36:35","slug":"cronologia-del-grup-gas-natural-19862007","status":"publish","type":"product","link":"https:\/\/www.fundacionnaturgy.org\/ca\/publicacion\/cronologia-del-grup-gas-natural-19862007\/","title":{"rendered":"Cronologia del grup Gas Natural 1986\/2007"},"content":{"rendered":"<p>Completa el recorregut per la cronologia del Grup, en qu\u00e8 incorpora la creaci\u00f3 de l&#8217;actual Gas Natural el 1991\/1992, i els seus processos posteriors d&#8217;internacionalitzaci\u00f3 i desenvolupament de les activitats de gas, per\u00f2 tamb\u00e9 d&#8217;electricitat i energies renovables, fins a la inauguraci\u00f3 de la nova seu social el gener de 2008.<\/p>\n","protected":false},"excerpt":{"rendered":"<p>Completa el recorregut per la cronologia del Grup, en qu\u00e8 incorpora la creaci\u00f3 de l&#8217;actual Gas Natural el 1991\/1992, i els seus processos posteriors d&#8217;internacionalitzaci\u00f3 i desenvolupament de les activitats de gas, per\u00f2 tamb\u00e9 d&#8217;electricitat i energies renovables, fins a la inauguraci\u00f3 de la nova seu social el gener de 2008.<\/p>\n<p>&nbsp;<\/p>\n","protected":false},"featured_media":3551,"template":"","meta":{"inline_featured_image":false},"categories":[1206],"content-type":[1169],"product_tag":[],"acf":[],"post_class":["post-13477","product","type-product","status-publish","has-post-thumbnail","hentry","category-patrimoni-industrial","content-type-videos","wordpress-sticky"],"_links":{"self":[{"href":"https:\/\/www.fundacionnaturgy.org\/ca\/wp-json\/wp\/v2\/product\/13477"}],"collection":[{"href":"https:\/\/www.fundacionnaturgy.org\/ca\/wp-json\/wp\/v2\/product"}],"about":[{"href":"https:\/\/www.fundacionnaturgy.org\/ca\/wp-json\/wp\/v2\/types\/product"}],"wp:featuredmedia":[{"embeddable":true,"href":"https:\/\/www.fundacionnaturgy.org\/ca\/wp-json\/wp\/v2\/media\/3551"}],"wp:attachment":[{"href":"https:\/\/www.fundacionnaturgy.org\/ca\/wp-json\/wp\/v2\/media?parent=13477"}],"wp:term":[{"taxonomy":"category","embeddable":true,"href":"https:\/\/www.fundacionnaturgy.org\/ca\/wp-json\/wp\/v2\/categories?post=13477"},{"taxonomy":"content-type","embeddable":true,"href":"https:\/\/www.fundacionnaturgy.org\/ca\/wp-json\/wp\/v2\/content-type?post=13477"},{"taxonomy":"product_tag","embeddable":true,"href":"https:\/\/www.fundacionnaturgy.org\/ca\/wp-json\/wp\/v2\/product_tag?post=13477"}],"curies":[{"name":"wp","href":"https:\/\/api.w.org\/{rel}","templated":true}]}}

<p>Completa el recorregut per la cronologia del Grup, en què incorpora la creació de l&#8217;actual Gas Natural el 1991/1992, i els seus processos posteriors d&#8217;internacionalització i desenvolupament de les activitats de gas, però també d&#8217;electricitat i energies renovables, fins a la inauguració de la nova seu social el gener de 2008.</p>

<p>Completa el recorregut per la cronologia del Grup, en què incorpora la creació de l&#8217;actual Gas Natural el 1991/1992, i els seus processos posteriors d&#8217;internacionalització i desenvolupament de les activitats de gas, però també d&#8217;electricitat i energies renovables, fins a la inauguració de la nova seu social el gener de 2008.</p>
<p>&nbsp;</p>
