{"id":63516,"date":"2018-11-28T21:31:39","date_gmt":"2018-11-28T20:31:39","guid":{"rendered":"https:\/\/www.fundacionnaturgy.org\/producto\/ponencies-el-gas-natural-en-el-transport-una-aportacio-efectiva-a-la-descontaminacio-santiago-de-xile\/"},"modified":"2020-02-27T15:56:28","modified_gmt":"2020-02-27T14:56:28","slug":"ponencies-el-gas-natural-en-el-transport-una-aportacio-efectiva-a-la-descontaminacio-santiago-de-xile","status":"publish","type":"product","link":"https:\/\/www.fundacionnaturgy.org\/ca\/publicacion\/ponencies-el-gas-natural-en-el-transport-una-aportacio-efectiva-a-la-descontaminacio-santiago-de-xile\/","title":{"rendered":"Pon\u00e8ncies &#8220;El gas natural en el transport. Una aportaci\u00f3 efectiva a la descontaminaci\u00f3&#8221;. Santiago de Xile"},"content":{"rendered":"<div class=\"off-canvas-wrap\" data-offcanvas=\"\">\n<div class=\"inner-wrap\">\n<div id=\"page\" class=\"hfeed site container\">\n<div id=\"content\" class=\"site-content row\">\n<section id=\"primary\" class=\"content-area small-12 columns\">\n<div id=\"tribe-events-pg-template\">\n<div id=\"tribe-events-content\" class=\"tribe-events-single vevent hentry\">\n<div class=\"tribe-events-single-event-description tribe-events-content entry-content description\">\n<div class=\"vc_row wpb_row vc_row-fluid vc_custom_1501687840871\">\n<div class=\"wpb_column vc_column_container vc_col-sm-8\">\n<div class=\"vc_column-inner \">\n<div class=\"wpb_wrapper\">\n<div class=\"wpb_text_column wpb_content_element \">\n<div class=\"wpb_wrapper\">\n<p>Trobar\u00e0s les pon\u00e8ncies de la jornada celebrada a Santiago de Xile el dia 28 de novembre de 2018, en la qual es va abordar l\u2019oportunitat que obre la utilitzaci\u00f3 d\u2019energies netes en el transport.<\/p>\n<\/div>\n<\/div>\n<\/div>\n<\/div>\n<\/div>\n<\/div>\n<\/div>\n<\/div>\n<\/div>\n<\/section>\n<\/div>\n<\/div>\n<\/div>\n<\/div>\n","protected":false},"excerpt":{"rendered":"<p>Trobar\u00e0s les pon\u00e8ncies de la jornada celebrada a Santiago de Xile el dia 28 de novembre de 2018, en la qual es va abordar l\u2019oportunitat que obre la utilitzaci\u00f3 d\u2019energies netes en el transport.<\/p>\n","protected":false},"featured_media":32498,"template":"","meta":{"inline_featured_image":false},"categories":[1201,1207],"content-type":[1170],"product_tag":[],"acf":[],"post_class":["post-63516","product","type-product","status-publish","has-post-thumbnail","hentry","category-energia-i-transport","category-qualitat-de-laire","content-type-ponencies","wordpress-sticky"],"_links":{"self":[{"href":"https:\/\/www.fundacionnaturgy.org\/ca\/wp-json\/wp\/v2\/product\/63516"}],"collection":[{"href":"https:\/\/www.fundacionnaturgy.org\/ca\/wp-json\/wp\/v2\/product"}],"about":[{"href":"https:\/\/www.fundacionnaturgy.org\/ca\/wp-json\/wp\/v2\/types\/product"}],"wp:featuredmedia":[{"embeddable":true,"href":"https:\/\/www.fundacionnaturgy.org\/ca\/wp-json\/wp\/v2\/media\/32498"}],"wp:attachment":[{"href":"https:\/\/www.fundacionnaturgy.org\/ca\/wp-json\/wp\/v2\/media?parent=63516"}],"wp:term":[{"taxonomy":"category","embeddable":true,"href":"https:\/\/www.fundacionnaturgy.org\/ca\/wp-json\/wp\/v2\/categories?post=63516"},{"taxonomy":"content-type","embeddable":true,"href":"https:\/\/www.fundacionnaturgy.org\/ca\/wp-json\/wp\/v2\/content-type?post=63516"},{"taxonomy":"product_tag","embeddable":true,"href":"https:\/\/www.fundacionnaturgy.org\/ca\/wp-json\/wp\/v2\/product_tag?post=63516"}],"curies":[{"name":"wp","href":"https:\/\/api.w.org\/{rel}","templated":true}]}}

Ponències &#8220;El gas natural en el transport. Una aportació efectiva a la descontaminació&#8221;. Santiago de Xile

<div class="off-canvas-wrap" data-offcanvas="">
<div class="inner-wrap">
<div id="page" class="hfeed site container">
<div id="content" class="site-content row">
<section id="primary" class="content-area small-12 columns">
<div id="tribe-events-pg-template">
<div id="tribe-events-content" class="tribe-events-single vevent hentry">
<div class="tribe-events-single-event-description tribe-events-content entry-content description">
<div class="vc_row wpb_row vc_row-fluid vc_custom_1501687840871">
<div class="wpb_column vc_column_container vc_col-sm-8">
<div class="vc_column-inner ">
<div class="wpb_wrapper">
<div class="wpb_text_column wpb_content_element ">
<div class="wpb_wrapper">
<p>Trobaràs les ponències de la jornada celebrada a Santiago de Xile el dia 28 de novembre de 2018, en la qual es va abordar l’oportunitat que obre la utilització d’energies netes en el transport.</p>
</div>
</div>
</div>
</div>
</div>
</div>
</div>
</div>
</div>
</section>
</div>
</div>
</div>
</div>

<p>Trobaràs les ponències de la jornada celebrada a Santiago de Xile el dia 28 de novembre de 2018, en la qual es va abordar l’oportunitat que obre la utilització d’energies netes en el transport.</p>
