{"id":66341,"date":"2019-09-25T13:37:59","date_gmt":"2019-09-25T11:37:59","guid":{"rendered":"https:\/\/www.fundacionnaturgy.org\/producto\/el-paper-del-gas-en-la-descarbonitzacio-del-sistema-energetic-de-la-ue\/"},"modified":"2020-02-27T11:38:37","modified_gmt":"2020-02-27T10:38:37","slug":"el-paper-del-gas-en-la-descarbonitzacio-del-sistema-energetic-de-la-ue","status":"publish","type":"product","link":"https:\/\/www.fundacionnaturgy.org\/ca\/publicacion\/el-paper-del-gas-en-la-descarbonitzacio-del-sistema-energetic-de-la-ue\/","title":{"rendered":"El paper del gas en la descarbonitzaci\u00f3 del sistema energ\u00e8tic de la UE"},"content":{"rendered":"<p>La finalitat d\u2019aquest article \u00e9s examinar el paper del gas natural en la descarbonitzaci\u00f3 del mercat energ\u00e8tic de la UE. L\u2019article assumeix que la UE complir\u00e0 efectivament els seus compromisos recollits a l\u2019Acord de Par\u00eds, de manera que per al 2050 haur\u00e0 assolit la completa, o gaireb\u00e9 completa, descarbonitzaci\u00f3 del sistema energ\u00e8tic. De manera particular, s\u2019aborda la situaci\u00f3 concreta d\u2019Espanya.<\/p>\n","protected":false},"excerpt":{"rendered":"<p>La finalitat d\u2019aquest article \u00e9s examinar el paper del gas natural en la descarbonitzaci\u00f3 del mercat energ\u00e8tic de la UE. L\u2019article assumeix que la UE complir\u00e0 efectivament els seus compromisos recollits a l\u2019Acord de Par\u00eds, de manera que per al 2050 haur\u00e0 assolit la completa, o gaireb\u00e9 completa, descarbonitzaci\u00f3 del sistema energ\u00e8tic. De manera particular, s\u2019aborda la situaci\u00f3 concreta d\u2019Espanya.<\/p>\n","protected":false},"featured_media":66246,"template":"","meta":{"inline_featured_image":false},"categories":[1201,1202,1204,1205,1208],"content-type":[1166],"product_tag":[],"acf":[],"post_class":["post-66341","product","type-product","status-publish","has-post-thumbnail","hentry","category-energia-i-transport","category-energies-renovables","category-innovacio-tecnologica","category-medi-ambient","category-transicio-energetica","content-type-articles-e-informes","wordpress-sticky"],"_links":{"self":[{"href":"https:\/\/www.fundacionnaturgy.org\/ca\/wp-json\/wp\/v2\/product\/66341"}],"collection":[{"href":"https:\/\/www.fundacionnaturgy.org\/ca\/wp-json\/wp\/v2\/product"}],"about":[{"href":"https:\/\/www.fundacionnaturgy.org\/ca\/wp-json\/wp\/v2\/types\/product"}],"wp:featuredmedia":[{"embeddable":true,"href":"https:\/\/www.fundacionnaturgy.org\/ca\/wp-json\/wp\/v2\/media\/66246"}],"wp:attachment":[{"href":"https:\/\/www.fundacionnaturgy.org\/ca\/wp-json\/wp\/v2\/media?parent=66341"}],"wp:term":[{"taxonomy":"category","embeddable":true,"href":"https:\/\/www.fundacionnaturgy.org\/ca\/wp-json\/wp\/v2\/categories?post=66341"},{"taxonomy":"content-type","embeddable":true,"href":"https:\/\/www.fundacionnaturgy.org\/ca\/wp-json\/wp\/v2\/content-type?post=66341"},{"taxonomy":"product_tag","embeddable":true,"href":"https:\/\/www.fundacionnaturgy.org\/ca\/wp-json\/wp\/v2\/product_tag?post=66341"}],"curies":[{"name":"wp","href":"https:\/\/api.w.org\/{rel}","templated":true}]}}

El paper del gas en la descarbonització del sistema energètic de la UE

<p>La finalitat d’aquest article és examinar el paper del gas natural en la descarbonització del mercat energètic de la UE. L’article assumeix que la UE complirà efectivament els seus compromisos recollits a l’Acord de París, de manera que per al 2050 haurà assolit la completa, o gairebé completa, descarbonització del sistema energètic. De manera particular, s’aborda la situació concreta d’Espanya.</p>
