{"id":73003,"date":"2020-07-08T16:06:57","date_gmt":"2020-07-08T14:06:57","guid":{"rendered":"https:\/\/www.fundacionnaturgy.org\/producto\/integracio-de-les-tecnologies-renovables-en-la-transicio-energetica\/"},"modified":"2020-07-13T13:33:49","modified_gmt":"2020-07-13T11:33:49","slug":"integracio-de-les-tecnologies-renovables-en-la-transicio-energetica","status":"publish","type":"product","link":"https:\/\/www.fundacionnaturgy.org\/ca\/publicacion\/integracio-de-les-tecnologies-renovables-en-la-transicio-energetica\/","title":{"rendered":"Integraci\u00f3 de les tecnologies renovables en la transici\u00f3 energ\u00e8tica"},"content":{"rendered":"<p>\u201cEspanya ha d\u2019assegurar solucions de suport sostenibles per integrar les renovables i complir els objectius de la transici\u00f3 energ\u00e8tica\u201d. Aquesta \u00e9s una de les principals conclusions de l\u2019informe <strong>Integraci\u00f3 de les tecnologies renovables en la transici\u00f3 energ\u00e8tica.<\/strong><strong> An\u00e0lisi dels serveis de suport en els mercats el\u00e8ctrics a l\u2019engr\u00f2s a escala internacional<\/strong>, elaborada per <strong>PwC<\/strong> per a la Fundaci\u00f3 Naturgy.<\/p>\n<p>&nbsp;<\/p>\n","protected":false},"excerpt":{"rendered":"<p>\u201cEspanya ha d\u2019assegurar solucions de suport sostenibles per integrar les renovables i complir els objectius de la transici\u00f3 energ\u00e8tica\u201d. Aquesta \u00e9s una de les principals conclusions de l\u2019informe <strong>Integraci\u00f3 de les tecnologies renovables en la transici\u00f3 energ\u00e8tica.<\/strong><strong> An\u00e0lisi dels serveis de suport en els mercats el\u00e8ctrics a l\u2019engr\u00f2s a escala internacional<\/strong>, elaborada per <strong>PwC<\/strong> per a la Fundaci\u00f3 Naturgy.<\/p>\n<p>Per veure el<strong> v\u00eddeo resum<\/strong>:<\/p>\n<p><a href=\"https:\/\/youtu.be\/4o_VxsOTikM\" target=\"_blank\"><img loading=\"lazy\" class=\"alignnone size-medium wp-image-72982\" src=\"https:\/\/www.fundacionnaturgy.org\/wp-content\/uploads\/2020\/07\/img_video_mercadosco2-300x222.jpg\" alt=\"img_video_MercadosCO2.\" width=\"300\" height=\"222\" srcset=\"https:\/\/www.fundacionnaturgy.org\/wp-content\/uploads\/2020\/07\/img_video_mercadosco2-300x222.jpg 300w, https:\/\/www.fundacionnaturgy.org\/wp-content\/uploads\/2020\/07\/img_video_mercadosco2-190x140.jpg 190w, https:\/\/www.fundacionnaturgy.org\/wp-content\/uploads\/2020\/07\/img_video_mercadosco2.jpg 677w\" sizes=\"(max-width: 300px) 100vw, 300px\" \/><\/a><\/p>\n","protected":false},"featured_media":72986,"template":"","meta":{"inline_featured_image":false},"categories":[1202,1208],"content-type":[1166,1169],"product_tag":[],"acf":[],"post_class":["post-73003","product","type-product","status-publish","has-post-thumbnail","hentry","category-energies-renovables","category-transicio-energetica","content-type-articles-e-informes","content-type-videos","wordpress-sticky"],"_links":{"self":[{"href":"https:\/\/www.fundacionnaturgy.org\/ca\/wp-json\/wp\/v2\/product\/73003"}],"collection":[{"href":"https:\/\/www.fundacionnaturgy.org\/ca\/wp-json\/wp\/v2\/product"}],"about":[{"href":"https:\/\/www.fundacionnaturgy.org\/ca\/wp-json\/wp\/v2\/types\/product"}],"wp:featuredmedia":[{"embeddable":true,"href":"https:\/\/www.fundacionnaturgy.org\/ca\/wp-json\/wp\/v2\/media\/72986"}],"wp:attachment":[{"href":"https:\/\/www.fundacionnaturgy.org\/ca\/wp-json\/wp\/v2\/media?parent=73003"}],"wp:term":[{"taxonomy":"category","embeddable":true,"href":"https:\/\/www.fundacionnaturgy.org\/ca\/wp-json\/wp\/v2\/categories?post=73003"},{"taxonomy":"content-type","embeddable":true,"href":"https:\/\/www.fundacionnaturgy.org\/ca\/wp-json\/wp\/v2\/content-type?post=73003"},{"taxonomy":"product_tag","embeddable":true,"href":"https:\/\/www.fundacionnaturgy.org\/ca\/wp-json\/wp\/v2\/product_tag?post=73003"}],"curies":[{"name":"wp","href":"https:\/\/api.w.org\/{rel}","templated":true}]}}

Integració de les tecnologies renovables en la transició energètica

<p>“Espanya ha d’assegurar solucions de suport sostenibles per integrar les renovables i complir els objectius de la transició energètica”. Aquesta és una de les principals conclusions de l’informe <strong>Integració de les tecnologies renovables en la transició energètica.</strong><strong> Anàlisi dels serveis de suport en els mercats elèctrics a l’engròs a escala internacional</strong>, elaborada per <strong>PwC</strong> per a la Fundació Naturgy.</p>
<p>&nbsp;</p>

<p>“Espanya ha d’assegurar solucions de suport sostenibles per integrar les renovables i complir els objectius de la transició energètica”. Aquesta és una de les principals conclusions de l’informe <strong>Integració de les tecnologies renovables en la transició energètica.</strong><strong> Anàlisi dels serveis de suport en els mercats elèctrics a l’engròs a escala internacional</strong>, elaborada per <strong>PwC</strong> per a la Fundació Naturgy.</p>
<p>Per veure el<strong> vídeo resum</strong>:</p>
<p><a href="https://youtu.be/4o_VxsOTikM" target="_blank"><img loading="lazy" class="alignnone size-medium wp-image-72982" src="https://www.fundacionnaturgy.org/wp-content/uploads/2020/07/img_video_mercadosco2-300x222.jpg" alt="img_video_MercadosCO2." width="300" height="222" srcset="https://www.fundacionnaturgy.org/wp-content/uploads/2020/07/img_video_mercadosco2-300x222.jpg 300w, https://www.fundacionnaturgy.org/wp-content/uploads/2020/07/img_video_mercadosco2-190x140.jpg 190w, https://www.fundacionnaturgy.org/wp-content/uploads/2020/07/img_video_mercadosco2.jpg 677w" sizes="(max-width: 300px) 100vw, 300px" /></a></p>
