{"id":75890,"date":"2020-10-28T13:25:37","date_gmt":"2020-10-28T12:25:37","guid":{"rendered":"https:\/\/www.fundacionnaturgy.org\/?post_type=product&#038;p=75890&#038;lang=ca"},"modified":"2020-12-22T10:39:15","modified_gmt":"2020-12-22T09:39:15","slug":"canvi-climatic-bases-cientifiques-i-questions-a-debat","status":"publish","type":"product","link":"https:\/\/www.fundacionnaturgy.org\/ca\/publicacion\/canvi-climatic-bases-cientifiques-i-questions-a-debat\/","title":{"rendered":"Canvi clim\u00e0tic. Bases cient\u00edfiques i q\u00fcestions a debat"},"content":{"rendered":"<p id=\"tw-target-text\" class=\"tw-data-text tw-text-large XcVN5d tw-ta\" dir=\"ltr\" data-placeholder=\"Traducci\u00f3n\"><span lang=\"ca\">En col\u00b7laboraci\u00f3 amb la <strong>Universitat de Harvard<\/strong>, la<strong> Fundaci\u00f3 Naturgy<\/strong> i la <strong>Universitat Polit\u00e8cnica de Madrid<\/strong> presenten l&#8217;estudi &#8220;<strong>Canvi clim\u00e0tic. Bases cient\u00edfiques i q\u00fcestions a debat<\/strong> &#8220;, que compta amb la participaci\u00f3 de reconeguts experts internacionals. <\/span><\/p>\n<p class=\"tw-data-text tw-text-large XcVN5d tw-ta\" dir=\"ltr\" data-placeholder=\"Traducci\u00f3n\"><span lang=\"ca\">El document ha estat coordinat per\u00a0<strong>Julio\u00a0Lumbreras<\/strong>, professor de <strong>Universitat Polit\u00e8cnica de Madrid<\/strong> i visitant a l&#8217;escola de Salut P\u00fablica de la <strong>Universitat de Harvard.<\/strong><\/span><\/p>\n","protected":false},"excerpt":{"rendered":"<p id=\"tw-target-text\" class=\"tw-data-text tw-text-large XcVN5d tw-ta\" dir=\"ltr\" data-placeholder=\"Traducci\u00f3n\"><span lang=\"ca\">En\u00a0col\u00b7laboraci\u00f3\u00a0amb\u00a0la\u00a0<strong>Universitat\u00a0de\u00a0Harvard<\/strong>, la<strong>\u00a0Fundaci\u00f3\u00a0Naturgy<\/strong>\u00a0i la\u00a0<strong>Universitat\u00a0Polit\u00e8cnica\u00a0de\u00a0Madrid<\/strong>\u00a0presenten\u00a0l&#8217;estudi\u00a0&#8220;<strong>Canvi\u00a0clim\u00e0tic.\u00a0Bases\u00a0cient\u00edfiques\u00a0i\u00a0q\u00fcestions\u00a0a\u00a0debat<\/strong>\u00a0&#8220;,\u00a0que\u00a0compta\u00a0amb\u00a0la\u00a0participaci\u00f3\u00a0de\u00a0reconeguts\u00a0experts\u00a0internacionals.<\/span><\/p>\n<p class=\"tw-data-text tw-text-large XcVN5d tw-ta\" dir=\"ltr\" data-placeholder=\"Traducci\u00f3n\"><span lang=\"ca\">El\u00a0document\u00a0ha\u00a0estat\u00a0coordinat\u00a0per\u00a0<strong>Julio\u00a0Lumbreras<\/strong>,\u00a0professor\u00a0de\u00a0<strong>Universitat\u00a0Polit\u00e8cnica\u00a0de\u00a0Madrid<\/strong>\u00a0i\u00a0visitant\u00a0a\u00a0l&#8217;escola\u00a0de\u00a0Salut\u00a0P\u00fablica\u00a0de la\u00a0<strong>Universitat\u00a0de\u00a0Harvard.<\/strong><\/span><\/p>\n<p style=\"text-align: center;\"><strong>Veure<\/strong><strong>\u00a0<\/strong><strong>webinar<\/strong><strong>\u00a0<\/strong><strong>complet<\/strong><strong>\u00a0en\u00a0<\/strong><strong>espanyol<\/strong><strong>:<\/strong><strong><a href=\"https:\/\/youtu.be\/EXrD_p-0IHQ\"><br \/>\n<\/a><\/strong><\/p>\n<p><strong><a href=\"https:\/\/www.youtube.com\/watch?v=EXrD_p-0IHQ&amp;feature=youtu.be\"><img loading=\"lazy\" class=\"size-full wp-image-75907 aligncenter\" src=\"https:\/\/www.fundacionnaturgy.org\/wp-content\/uploads\/2020\/10\/captura-6.png\" alt=\"Captura\" width=\"999\" height=\"616\" srcset=\"https:\/\/www.fundacionnaturgy.org\/wp-content\/uploads\/2020\/10\/captura-6.png 999w, https:\/\/www.fundacionnaturgy.org\/wp-content\/uploads\/2020\/10\/captura-6-513x316.png 513w, https:\/\/www.fundacionnaturgy.org\/wp-content\/uploads\/2020\/10\/captura-6-300x185.png 300w, https:\/\/www.fundacionnaturgy.org\/wp-content\/uploads\/2020\/10\/captura-6-768x474.png 768w, https:\/\/www.fundacionnaturgy.org\/wp-content\/uploads\/2020\/10\/captura-6-227x140.png 227w\" sizes=\"(max-width: 999px) 100vw, 999px\" \/><\/a><\/strong><\/p>\n<p id=\"tw-target-text\" class=\"tw-data-text tw-text-large XcVN5d tw-ta\" dir=\"ltr\" style=\"text-align: center;\" data-placeholder=\"Traducci\u00f3n\"><strong><span lang=\"en\">See the full webinar in English:<\/span><\/strong><\/p>\n<p><a href=\"https:\/\/www.youtube.com\/watch?v=bHprOpuw8j8&amp;feature=youtu.be\"><img loading=\"lazy\" class=\"size-full wp-image-75907 aligncenter\" src=\"https:\/\/www.fundacionnaturgy.org\/wp-content\/uploads\/2020\/10\/captura-6.png\" alt=\"Captura\" width=\"999\" height=\"616\" srcset=\"https:\/\/www.fundacionnaturgy.org\/wp-content\/uploads\/2020\/10\/captura-6.png 999w, https:\/\/www.fundacionnaturgy.org\/wp-content\/uploads\/2020\/10\/captura-6-513x316.png 513w, https:\/\/www.fundacionnaturgy.org\/wp-content\/uploads\/2020\/10\/captura-6-300x185.png 300w, https:\/\/www.fundacionnaturgy.org\/wp-content\/uploads\/2020\/10\/captura-6-768x474.png 768w, https:\/\/www.fundacionnaturgy.org\/wp-content\/uploads\/2020\/10\/captura-6-227x140.png 227w\" sizes=\"(max-width: 999px) 100vw, 999px\" \/><\/a><\/p>\n<p style=\"text-align: center;\"><b>Video resum\u00a0webinar \u201cCambio clim\u00e1tico. Bases cient\u00edficas y cuestiones a debate&#8221;<\/b><\/p>\n<p><a href=\"https:\/\/www.youtube.com\/watch?v=yPQv8AMLquc&amp;feature=youtu.be\"><img loading=\"lazy\" class=\"aligncenter size-full wp-image-77218\" src=\"https:\/\/www.fundacionnaturgy.org\/wp-content\/uploads\/2020\/10\/captura2.png\" alt=\"Captura2\" width=\"946\" height=\"528\" srcset=\"https:\/\/www.fundacionnaturgy.org\/wp-content\/uploads\/2020\/10\/captura2.png 946w, https:\/\/www.fundacionnaturgy.org\/wp-content\/uploads\/2020\/10\/captura2-300x167.png 300w, https:\/\/www.fundacionnaturgy.org\/wp-content\/uploads\/2020\/10\/captura2-768x429.png 768w, https:\/\/www.fundacionnaturgy.org\/wp-content\/uploads\/2020\/10\/captura2-251x140.png 251w\" sizes=\"(max-width: 946px) 100vw, 946px\" \/><\/a><\/p>\n<p style=\"text-align: center;\"><b>Summary video webinar \u201cClimate Change. Scientific bases and questions for debate&#8221;<\/b><\/p>\n<p><a href=\"https:\/\/www.youtube.com\/watch?v=h7PC5C8oSzw&amp;feature=youtu.be\"><img loading=\"lazy\" class=\"aligncenter size-full wp-image-77221\" src=\"https:\/\/www.fundacionnaturgy.org\/wp-content\/uploads\/2020\/10\/captura3.png\" alt=\"Captura3\" width=\"949\" height=\"539\" srcset=\"https:\/\/www.fundacionnaturgy.org\/wp-content\/uploads\/2020\/10\/captura3.png 949w, https:\/\/www.fundacionnaturgy.org\/wp-content\/uploads\/2020\/10\/captura3-300x170.png 300w, https:\/\/www.fundacionnaturgy.org\/wp-content\/uploads\/2020\/10\/captura3-768x436.png 768w, https:\/\/www.fundacionnaturgy.org\/wp-content\/uploads\/2020\/10\/captura3-246x140.png 246w\" sizes=\"(max-width: 949px) 100vw, 949px\" \/><\/a><\/p>\n","protected":false},"featured_media":75871,"template":"","meta":{"inline_featured_image":false},"categories":[1205,1207,1208],"content-type":[1166,1169],"product_tag":[],"acf":[],"post_class":["post-75890","product","type-product","status-publish","has-post-thumbnail","hentry","category-medi-ambient","category-qualitat-de-laire","category-transicio-energetica","content-type-articles-e-informes","content-type-videos","wordpress-sticky"],"_links":{"self":[{"href":"https:\/\/www.fundacionnaturgy.org\/ca\/wp-json\/wp\/v2\/product\/75890"}],"collection":[{"href":"https:\/\/www.fundacionnaturgy.org\/ca\/wp-json\/wp\/v2\/product"}],"about":[{"href":"https:\/\/www.fundacionnaturgy.org\/ca\/wp-json\/wp\/v2\/types\/product"}],"wp:featuredmedia":[{"embeddable":true,"href":"https:\/\/www.fundacionnaturgy.org\/ca\/wp-json\/wp\/v2\/media\/75871"}],"wp:attachment":[{"href":"https:\/\/www.fundacionnaturgy.org\/ca\/wp-json\/wp\/v2\/media?parent=75890"}],"wp:term":[{"taxonomy":"category","embeddable":true,"href":"https:\/\/www.fundacionnaturgy.org\/ca\/wp-json\/wp\/v2\/categories?post=75890"},{"taxonomy":"content-type","embeddable":true,"href":"https:\/\/www.fundacionnaturgy.org\/ca\/wp-json\/wp\/v2\/content-type?post=75890"},{"taxonomy":"product_tag","embeddable":true,"href":"https:\/\/www.fundacionnaturgy.org\/ca\/wp-json\/wp\/v2\/product_tag?post=75890"}],"curies":[{"name":"wp","href":"https:\/\/api.w.org\/{rel}","templated":true}]}}

Canvi climàtic. Bases científiques i qüestions a debat

<p id="tw-target-text" class="tw-data-text tw-text-large XcVN5d tw-ta" dir="ltr" data-placeholder="Traducción"><span lang="ca">En col·laboració amb la <strong>Universitat de Harvard</strong>, la<strong> Fundació Naturgy</strong> i la <strong>Universitat Politècnica de Madrid</strong> presenten l&#8217;estudi &#8220;<strong>Canvi climàtic. Bases científiques i qüestions a debat</strong> &#8220;, que compta amb la participació de reconeguts experts internacionals. </span></p>
<p class="tw-data-text tw-text-large XcVN5d tw-ta" dir="ltr" data-placeholder="Traducción"><span lang="ca">El document ha estat coordinat per <strong>Julio Lumbreras</strong>, professor de <strong>Universitat Politècnica de Madrid</strong> i visitant a l&#8217;escola de Salut Pública de la <strong>Universitat de Harvard.</strong></span></p>

<p id="tw-target-text" class="tw-data-text tw-text-large XcVN5d tw-ta" dir="ltr" data-placeholder="Traducción"><span lang="ca">En col·laboració amb la <strong>Universitat de Harvard</strong>, la<strong> Fundació Naturgy</strong> i la <strong>Universitat Politècnica de Madrid</strong> presenten l&#8217;estudi &#8220;<strong>Canvi climàtic. Bases científiques i qüestions a debat</strong> &#8220;, que compta amb la participació de reconeguts experts internacionals.</span></p>
<p class="tw-data-text tw-text-large XcVN5d tw-ta" dir="ltr" data-placeholder="Traducción"><span lang="ca">El document ha estat coordinat per <strong>Julio Lumbreras</strong>, professor de <strong>Universitat Politècnica de Madrid</strong> i visitant a l&#8217;escola de Salut Pública de la <strong>Universitat de Harvard.</strong></span></p>
<p style="text-align: center;"><strong>Veure</strong><strong> </strong><strong>webinar</strong><strong> </strong><strong>complet</strong><strong> en </strong><strong>espanyol</strong><strong>:</strong><strong><a href="https://youtu.be/EXrD_p-0IHQ"><br />
</a></strong></p>
<p><strong><a href="https://www.youtube.com/watch?v=EXrD_p-0IHQ&amp;feature=youtu.be"><img loading="lazy" class="size-full wp-image-75907 aligncenter" src="https://www.fundacionnaturgy.org/wp-content/uploads/2020/10/captura-6.png" alt="Captura" width="999" height="616" srcset="https://www.fundacionnaturgy.org/wp-content/uploads/2020/10/captura-6.png 999w, https://www.fundacionnaturgy.org/wp-content/uploads/2020/10/captura-6-513x316.png 513w, https://www.fundacionnaturgy.org/wp-content/uploads/2020/10/captura-6-300x185.png 300w, https://www.fundacionnaturgy.org/wp-content/uploads/2020/10/captura-6-768x474.png 768w, https://www.fundacionnaturgy.org/wp-content/uploads/2020/10/captura-6-227x140.png 227w" sizes="(max-width: 999px) 100vw, 999px" /></a></strong></p>
<p id="tw-target-text" class="tw-data-text tw-text-large XcVN5d tw-ta" dir="ltr" style="text-align: center;" data-placeholder="Traducción"><strong><span lang="en">See the full webinar in English:</span></strong></p>
<p><a href="https://www.youtube.com/watch?v=bHprOpuw8j8&amp;feature=youtu.be"><img loading="lazy" class="size-full wp-image-75907 aligncenter" src="https://www.fundacionnaturgy.org/wp-content/uploads/2020/10/captura-6.png" alt="Captura" width="999" height="616" srcset="https://www.fundacionnaturgy.org/wp-content/uploads/2020/10/captura-6.png 999w, https://www.fundacionnaturgy.org/wp-content/uploads/2020/10/captura-6-513x316.png 513w, https://www.fundacionnaturgy.org/wp-content/uploads/2020/10/captura-6-300x185.png 300w, https://www.fundacionnaturgy.org/wp-content/uploads/2020/10/captura-6-768x474.png 768w, https://www.fundacionnaturgy.org/wp-content/uploads/2020/10/captura-6-227x140.png 227w" sizes="(max-width: 999px) 100vw, 999px" /></a></p>
<p style="text-align: center;"><b>Video resum webinar “Cambio climático. Bases científicas y cuestiones a debate&#8221;</b></p>
<p><a href="https://www.youtube.com/watch?v=yPQv8AMLquc&amp;feature=youtu.be"><img loading="lazy" class="aligncenter size-full wp-image-77218" src="https://www.fundacionnaturgy.org/wp-content/uploads/2020/10/captura2.png" alt="Captura2" width="946" height="528" srcset="https://www.fundacionnaturgy.org/wp-content/uploads/2020/10/captura2.png 946w, https://www.fundacionnaturgy.org/wp-content/uploads/2020/10/captura2-300x167.png 300w, https://www.fundacionnaturgy.org/wp-content/uploads/2020/10/captura2-768x429.png 768w, https://www.fundacionnaturgy.org/wp-content/uploads/2020/10/captura2-251x140.png 251w" sizes="(max-width: 946px) 100vw, 946px" /></a></p>
<p style="text-align: center;"><b>Summary video webinar “Climate Change. Scientific bases and questions for debate&#8221;</b></p>
<p><a href="https://www.youtube.com/watch?v=h7PC5C8oSzw&amp;feature=youtu.be"><img loading="lazy" class="aligncenter size-full wp-image-77221" src="https://www.fundacionnaturgy.org/wp-content/uploads/2020/10/captura3.png" alt="Captura3" width="949" height="539" srcset="https://www.fundacionnaturgy.org/wp-content/uploads/2020/10/captura3.png 949w, https://www.fundacionnaturgy.org/wp-content/uploads/2020/10/captura3-300x170.png 300w, https://www.fundacionnaturgy.org/wp-content/uploads/2020/10/captura3-768x436.png 768w, https://www.fundacionnaturgy.org/wp-content/uploads/2020/10/captura3-246x140.png 246w" sizes="(max-width: 949px) 100vw, 949px" /></a></p>
