{"id":13038,"date":"2015-12-21T16:08:55","date_gmt":"2015-12-21T15:08:55","guid":{"rendered":"https:\/\/www.fundacionnaturgy.org\/ca\/actividad\/negociacio-intercultural-efectiva-per-a-pimes-amb-vocacio-internacional-barcelona\/"},"modified":"2016-07-05T18:51:34","modified_gmt":"2016-07-05T16:51:34","slug":"negociacio-intercultural-efectiva-per-a-pimes-amb-vocacio-internacional-barcelona","status":"publish","type":"tribe_events","link":"https:\/\/www.fundacionnaturgy.org\/ca\/actividad\/negociacio-intercultural-efectiva-per-a-pimes-amb-vocacio-internacional-barcelona\/","title":{"rendered":"Negociaci\u00f3 intercultural efectiva per a pimes amb vocaci\u00f3 internacional. Barcelona"},"content":{"rendered":"<p>El taller est\u00e0 dissenyat per ser una formaci\u00f3 en negociaci\u00f3 comercial per a pimes i se centra, en particular, en els aspectes d&#39;interculturalitat que es produeixen en els negocis d&#39;exportaci\u00f3 (i de no exportaci\u00f3).<\/p>\n<p>Entenem la interculturalitat com l&#39;aspecte inherent en tota negociaci\u00f3 internacional i\/o d&#39;exportaci\u00f3 i oferim les claus per gestionar aquesta variable. Que la interculturalitat sigui una amena\u00e7a o una oportunitat dep\u00e8n en gran manera de la seva preparaci\u00f3.<\/p>\n","protected":false},"excerpt":{"rendered":"<p>Taller de negociaci\u00f3 comercial d&#8217;exportaci\u00f3<\/p>\n","protected":false},"author":11,"featured_media":3125,"template":"","meta":{"inline_featured_image":false,"_tribe_events_status":"","_tribe_events_status_reason":""},"categories":[],"tags":[],"tribe_events_cat":[],"acf":[],"_links":{"self":[{"href":"https:\/\/www.fundacionnaturgy.org\/ca\/wp-json\/wp\/v2\/tribe_events\/13038"}],"collection":[{"href":"https:\/\/www.fundacionnaturgy.org\/ca\/wp-json\/wp\/v2\/tribe_events"}],"about":[{"href":"https:\/\/www.fundacionnaturgy.org\/ca\/wp-json\/wp\/v2\/types\/tribe_events"}],"author":[{"embeddable":true,"href":"https:\/\/www.fundacionnaturgy.org\/ca\/wp-json\/wp\/v2\/users\/11"}],"version-history":[{"count":0,"href":"https:\/\/www.fundacionnaturgy.org\/ca\/wp-json\/wp\/v2\/tribe_events\/13038\/revisions"}],"wp:featuredmedia":[{"embeddable":true,"href":"https:\/\/www.fundacionnaturgy.org\/ca\/wp-json\/wp\/v2\/media\/3125"}],"wp:attachment":[{"href":"https:\/\/www.fundacionnaturgy.org\/ca\/wp-json\/wp\/v2\/media?parent=13038"}],"wp:term":[{"taxonomy":"category","embeddable":true,"href":"https:\/\/www.fundacionnaturgy.org\/ca\/wp-json\/wp\/v2\/categories?post=13038"},{"taxonomy":"post_tag","embeddable":true,"href":"https:\/\/www.fundacionnaturgy.org\/ca\/wp-json\/wp\/v2\/tags?post=13038"},{"taxonomy":"tribe_events_cat","embeddable":true,"href":"https:\/\/www.fundacionnaturgy.org\/ca\/wp-json\/wp\/v2\/tribe_events_cat?post=13038"}],"curies":[{"name":"wp","href":"https:\/\/api.w.org\/{rel}","templated":true}]}}

Negociació intercultural efectiva per a pimes amb vocació internacional. Barcelona

<p>El taller està dissenyat per ser una formació en negociació comercial per a pimes i se centra, en particular, en els aspectes d&#39;interculturalitat que es produeixen en els negocis d&#39;exportació (i de no exportació).</p>
<p>Entenem la interculturalitat com l&#39;aspecte inherent en tota negociació internacional i/o d&#39;exportació i oferim les claus per gestionar aquesta variable. Que la interculturalitat sigui una amenaça o una oportunitat depèn en gran manera de la seva preparació.</p>

<p>Taller de negociació comercial d&#8217;exportació</p>
