{"id":13057,"date":"2016-02-24T09:28:36","date_gmt":"2016-02-24T08:28:36","guid":{"rendered":"https:\/\/www.fundacionnaturgy.org\/ca\/actividad\/programa-de-formacio-per-a-lexportacio-barcelona\/"},"modified":"2016-07-05T18:53:31","modified_gmt":"2016-07-05T16:53:31","slug":"programa-de-formacio-per-a-lexportacio-barcelona","status":"publish","type":"tribe_events","link":"https:\/\/www.fundacionnaturgy.org\/ca\/actividad\/programa-de-formacio-per-a-lexportacio-barcelona\/","title":{"rendered":"Programa de formaci\u00f3 per a l&#8217;exportaci\u00f3, Barcelona"},"content":{"rendered":"<p>Aquest programa es va comen\u00e7ar a desenvolupar durant el segon semestre de l&#39;any 2015 a la seu de la Cambra Algeriana de Comer\u00e7 i Ind\u00fastria (CACI) de la ciutat d&#39;Alger i es clausurar\u00e0 a la seu de la Fundaci\u00f3 Gas Natural Fenosa a Sabadell (Barcelona).<\/p>\n<p>El programa s&#39;enquadra dins de l&#39;acord de col\u00b7laboraci\u00f3 signat entre la CACI, la Barcelona School of Management de la Universitat Pompeu Fabra de Barcelona i la Fundaci\u00f3 Gas Natural Fenosa.<\/p>\n<p>Els objectius espec\u00edfics d&#39;aquest programa s\u00f3n:<\/p>\n<ul>\n<li>proporcionar als participants una visi\u00f3 general de l&#39;entorn de l&#39;empresa catalana, espanyola i internacional pel que fa a temes actuals d&#39;inter\u00e8s relacionats amb la gesti\u00f3 de l&#39;empresa en el context espec\u00edfic de la Uni\u00f3 Europea.<\/li>\n<li>obtenir una visi\u00f3 internacional i una experi\u00e8ncia d&#39;aprenentatge pr\u00e0ctic per con\u00e8ixer millor les oportunitats de negoci a Espanya i a Europa.<\/li>\n<li>explorar una nova cultura i un nou entorn econ\u00f2mic i social en el seu context real.<\/li>\n<li>exposar un panorama de perspectives de possibles relacions comercials entre empreses algerianes i europees; amb l&#39;ajuda de Barcelona com a passarel\u00b7la cap a Europa.<\/li>\n<\/ul>\n<p>A aquestes jornades de Barcelona, hi assistiran 15 emprenedors algerians.<\/p>\n<p>&nbsp;<\/p>\n","protected":false},"excerpt":{"rendered":"<p>Des del dimecres, 24 de febrer, fins al divendres, 4 de mar\u00e7, tindr\u00e0 lloc a Barcelona la jornada final del Programa de formaci\u00f3 per a l&#8217;exportaci\u00f3 adre\u00e7at a emprenedors algerians. <\/p>\n","protected":false},"author":11,"featured_media":5036,"template":"","meta":{"inline_featured_image":false,"_tribe_events_status":"","_tribe_events_status_reason":""},"categories":[],"tags":[],"tribe_events_cat":[],"acf":[],"_links":{"self":[{"href":"https:\/\/www.fundacionnaturgy.org\/ca\/wp-json\/wp\/v2\/tribe_events\/13057"}],"collection":[{"href":"https:\/\/www.fundacionnaturgy.org\/ca\/wp-json\/wp\/v2\/tribe_events"}],"about":[{"href":"https:\/\/www.fundacionnaturgy.org\/ca\/wp-json\/wp\/v2\/types\/tribe_events"}],"author":[{"embeddable":true,"href":"https:\/\/www.fundacionnaturgy.org\/ca\/wp-json\/wp\/v2\/users\/11"}],"version-history":[{"count":0,"href":"https:\/\/www.fundacionnaturgy.org\/ca\/wp-json\/wp\/v2\/tribe_events\/13057\/revisions"}],"wp:featuredmedia":[{"embeddable":true,"href":"https:\/\/www.fundacionnaturgy.org\/ca\/wp-json\/wp\/v2\/media\/5036"}],"wp:attachment":[{"href":"https:\/\/www.fundacionnaturgy.org\/ca\/wp-json\/wp\/v2\/media?parent=13057"}],"wp:term":[{"taxonomy":"category","embeddable":true,"href":"https:\/\/www.fundacionnaturgy.org\/ca\/wp-json\/wp\/v2\/categories?post=13057"},{"taxonomy":"post_tag","embeddable":true,"href":"https:\/\/www.fundacionnaturgy.org\/ca\/wp-json\/wp\/v2\/tags?post=13057"},{"taxonomy":"tribe_events_cat","embeddable":true,"href":"https:\/\/www.fundacionnaturgy.org\/ca\/wp-json\/wp\/v2\/tribe_events_cat?post=13057"}],"curies":[{"name":"wp","href":"https:\/\/api.w.org\/{rel}","templated":true}]}}

Programa de formació per a l&#8217;exportació, Barcelona

<p>Aquest programa es va començar a desenvolupar durant el segon semestre de l&#39;any 2015 a la seu de la Cambra Algeriana de Comerç i Indústria (CACI) de la ciutat d&#39;Alger i es clausurarà a la seu de la Fundació Gas Natural Fenosa a Sabadell (Barcelona).</p>
<p>El programa s&#39;enquadra dins de l&#39;acord de col·laboració signat entre la CACI, la Barcelona School of Management de la Universitat Pompeu Fabra de Barcelona i la Fundació Gas Natural Fenosa.</p>
<p>Els objectius específics d&#39;aquest programa són:</p>
<ul>
<li>proporcionar als participants una visió general de l&#39;entorn de l&#39;empresa catalana, espanyola i internacional pel que fa a temes actuals d&#39;interès relacionats amb la gestió de l&#39;empresa en el context específic de la Unió Europea.</li>
<li>obtenir una visió internacional i una experiència d&#39;aprenentatge pràctic per conèixer millor les oportunitats de negoci a Espanya i a Europa.</li>
<li>explorar una nova cultura i un nou entorn econòmic i social en el seu context real.</li>
<li>exposar un panorama de perspectives de possibles relacions comercials entre empreses algerianes i europees; amb l&#39;ajuda de Barcelona com a passarel·la cap a Europa.</li>
</ul>
<p>A aquestes jornades de Barcelona, hi assistiran 15 emprenedors algerians.</p>
<p>&nbsp;</p>

<p>Des del dimecres, 24 de febrer, fins al divendres, 4 de març, tindrà lloc a Barcelona la jornada final del Programa de formació per a l&#8217;exportació adreçat a emprenedors algerians. </p>
