{"id":15537,"date":"2016-03-09T15:43:49","date_gmt":"2016-03-09T14:43:49","guid":{"rendered":"https:\/\/www.fundacionnaturgy.org\/ca\/actividad\/la-fundacio-inicia-el-seu-programa-bandera-blava-ecologica-bae-a-costa-rica\/"},"modified":"2016-07-05T19:04:58","modified_gmt":"2016-07-05T17:04:58","slug":"la-fundacio-inicia-el-seu-programa-bandera-blava-ecologica-bae-a-costa-rica","status":"publish","type":"tribe_events","link":"https:\/\/www.fundacionnaturgy.org\/ca\/actividad\/la-fundacio-inicia-el-seu-programa-bandera-blava-ecologica-bae-a-costa-rica\/","title":{"rendered":"La Fundaci\u00f3 inicia el seu programa &#8220;Bandera Blava Ecol\u00f2gica-BAE&#8221; a Costa Rica"},"content":{"rendered":"<p>Aquest programa es va establir amb el suport de l&#39;Institut d&#39;Aq\u00fceductes i Claveguerams, l&#39;Institut de Turisme de Costa Rica, el Ministeri de Salut, el Ministeri d&#39;Ambient, Energia i Telecomunicacions, la Xarxa de Reserves Naturals de Costa Rica, l&#39;Institut d&#39;Electricitat de Costa Rica, el Ministeri d&#39;Educaci\u00f3 P\u00fablica i la Cambra Nacional de Turisme de Costa Rica. El programa, en la seva edici\u00f3 d&#39;enguany, beneficiar\u00e0 tres escoles situades a la zona d&#39;impacte directe del projecte hidr\u00e0ulic de Torito: Yama, Jabillos i Pavones.<\/p>\n<p>Els beneficis directes de l&#39;aplicaci\u00f3 del programa s\u00f3n:<\/p>\n<ol>\n<li>El desenvolupament d&#39;una cultura ambiental en la comunitat educativa.<\/li>\n<li>Una millor imatge social i ambiental per a l&#39;escola.<\/li>\n<li>Millores en la infraestructura escolar.<\/li>\n<li>Efici\u00e8ncia administrativa escolar, en temes de sostenibilitat ambiental.<\/li>\n<\/ol>\n<p><strong>La Fundaci\u00f3 Gas Natural Fenosa<\/strong><\/p>\n<p>La Fundaci\u00f3 Gas Natural Fenosa, fundada el 1992, orienta les seves activitats vers la promoci\u00f3 de la informaci\u00f3, la formaci\u00f3 i la sensibilitzaci\u00f3 de la societat en la millora de l&#39;efici\u00e8ncia energ\u00e8tica i la innovaci\u00f3 tecnol\u00f2gica en l&#39;\u00e0mbit de l&#39;energia, de manera coherent amb el respecte i la protecci\u00f3 del medi ambient, i promou activitats culturals a trav\u00e9s del seu Museu del Gas, adre\u00e7ades a la preservaci\u00f3 i la difusi\u00f3 del patrimoni hist\u00f2ric i cultural del sector. Aix\u00ed mateix, du a terme un programa d&#39;ajuda a l&#39;exportaci\u00f3 adre\u00e7at a petites i mitjanes empreses. Les seves activitats internacionals es desenvolupen a Alg\u00e8ria, l&#39;Argentina, el Brasil, Col\u00f2mbia, Costa Rica, M\u00e8xic, el Marroc, It\u00e0lia, Mold\u00e0via i Sud-\u00e0frica.<\/p>\n","protected":false},"excerpt":{"rendered":"<p>La Fundaci\u00f3 Gas Natural Fenosa va iniciar el programa &#8220;Bandera Blava Ecol\u00f2gica-BAE&#8221;, en la seva edici\u00f3 de 2016, que t\u00e9 l&#8217;objectiu d&#8217;adoptar pr\u00e0ctiques sostenibles en equilibri i harmonia amb el medi ambient dins de les institucions educatives. <\/p>\n","protected":false},"author":11,"featured_media":6330,"template":"","meta":{"inline_featured_image":false,"_tribe_events_status":"","_tribe_events_status_reason":""},"categories":[],"tags":[],"tribe_events_cat":[],"acf":[],"_links":{"self":[{"href":"https:\/\/www.fundacionnaturgy.org\/ca\/wp-json\/wp\/v2\/tribe_events\/15537"}],"collection":[{"href":"https:\/\/www.fundacionnaturgy.org\/ca\/wp-json\/wp\/v2\/tribe_events"}],"about":[{"href":"https:\/\/www.fundacionnaturgy.org\/ca\/wp-json\/wp\/v2\/types\/tribe_events"}],"author":[{"embeddable":true,"href":"https:\/\/www.fundacionnaturgy.org\/ca\/wp-json\/wp\/v2\/users\/11"}],"version-history":[{"count":0,"href":"https:\/\/www.fundacionnaturgy.org\/ca\/wp-json\/wp\/v2\/tribe_events\/15537\/revisions"}],"wp:featuredmedia":[{"embeddable":true,"href":"https:\/\/www.fundacionnaturgy.org\/ca\/wp-json\/wp\/v2\/media\/6330"}],"wp:attachment":[{"href":"https:\/\/www.fundacionnaturgy.org\/ca\/wp-json\/wp\/v2\/media?parent=15537"}],"wp:term":[{"taxonomy":"category","embeddable":true,"href":"https:\/\/www.fundacionnaturgy.org\/ca\/wp-json\/wp\/v2\/categories?post=15537"},{"taxonomy":"post_tag","embeddable":true,"href":"https:\/\/www.fundacionnaturgy.org\/ca\/wp-json\/wp\/v2\/tags?post=15537"},{"taxonomy":"tribe_events_cat","embeddable":true,"href":"https:\/\/www.fundacionnaturgy.org\/ca\/wp-json\/wp\/v2\/tribe_events_cat?post=15537"}],"curies":[{"name":"wp","href":"https:\/\/api.w.org\/{rel}","templated":true}]}}

La Fundació inicia el seu programa &#8220;Bandera Blava Ecològica-BAE&#8221; a Costa Rica

<p>Aquest programa es va establir amb el suport de l&#39;Institut d&#39;Aqüeductes i Claveguerams, l&#39;Institut de Turisme de Costa Rica, el Ministeri de Salut, el Ministeri d&#39;Ambient, Energia i Telecomunicacions, la Xarxa de Reserves Naturals de Costa Rica, l&#39;Institut d&#39;Electricitat de Costa Rica, el Ministeri d&#39;Educació Pública i la Cambra Nacional de Turisme de Costa Rica. El programa, en la seva edició d&#39;enguany, beneficiarà tres escoles situades a la zona d&#39;impacte directe del projecte hidràulic de Torito: Yama, Jabillos i Pavones.</p>
<p>Els beneficis directes de l&#39;aplicació del programa són:</p>
<ol>
<li>El desenvolupament d&#39;una cultura ambiental en la comunitat educativa.</li>
<li>Una millor imatge social i ambiental per a l&#39;escola.</li>
<li>Millores en la infraestructura escolar.</li>
<li>Eficiència administrativa escolar, en temes de sostenibilitat ambiental.</li>
</ol>
<p><strong>La Fundació Gas Natural Fenosa</strong></p>
<p>La Fundació Gas Natural Fenosa, fundada el 1992, orienta les seves activitats vers la promoció de la informació, la formació i la sensibilització de la societat en la millora de l&#39;eficiència energètica i la innovació tecnològica en l&#39;àmbit de l&#39;energia, de manera coherent amb el respecte i la protecció del medi ambient, i promou activitats culturals a través del seu Museu del Gas, adreçades a la preservació i la difusió del patrimoni històric i cultural del sector. Així mateix, du a terme un programa d&#39;ajuda a l&#39;exportació adreçat a petites i mitjanes empreses. Les seves activitats internacionals es desenvolupen a Algèria, l&#39;Argentina, el Brasil, Colòmbia, Costa Rica, Mèxic, el Marroc, Itàlia, Moldàvia i Sud-àfrica.</p>

<p>La Fundació Gas Natural Fenosa va iniciar el programa &#8220;Bandera Blava Ecològica-BAE&#8221;, en la seva edició de 2016, que té l&#8217;objectiu d&#8217;adoptar pràctiques sostenibles en equilibri i harmonia amb el medi ambient dins de les institucions educatives. </p>
