{"id":33967,"date":"2017-06-06T16:40:58","date_gmt":"2017-06-06T14:40:58","guid":{"rendered":"https:\/\/www.fundacionnaturgy.org\/ca\/actividad\/els-juliols-la-transicio-energetica-i-els-mercats-electrics-barcelona\/"},"modified":"2017-07-28T15:00:02","modified_gmt":"2017-07-28T13:00:02","slug":"els-juliols-la-transicio-energetica-i-els-mercats-electrics-barcelona","status":"publish","type":"tribe_events","link":"https:\/\/www.fundacionnaturgy.org\/ca\/actividad\/els-juliols-la-transicio-energetica-i-els-mercats-electrics-barcelona\/","title":{"rendered":"Els juliols: la transici\u00f3 energ\u00e8tica i els mercats el\u00e8ctrics. Barcelona"},"content":{"rendered":"<p>El curs d\u2019estiu<strong> Els juliols<\/strong> tractar\u00e0 la transici\u00f3 energ\u00e8tica i els mercats energ\u00e8tics des de diferents punts de vista; contextualitzaci\u00f3, les energies renovables i la seva integraci\u00f3 en el mercat, el futur del mercat el\u00e8ctric al m\u00f3n i les reformes en curs, les noves <i>utilities<\/i> el\u00e8ctriques i el seu paper en el nou context i l\u2019estudi del cas <i>Energiewende<\/i> a Alemanya.<\/p>\n<p>Horari: 9.30 &#8211; 14.00 h<\/p>\n<p>#FGNFseminarios<\/p>\n","protected":false},"excerpt":{"rendered":"<p>\u00c9s sostenible el funcionament actual del mercat el\u00e8ctric? Com hauria d\u2019evolucionar el mercat energ\u00e8tic espanyol? Quin seria el paper de les utilities en un nou model energ\u00e8tic?<\/p>\n","protected":false},"author":1454,"featured_media":33880,"template":"","meta":{"inline_featured_image":false,"_tribe_events_status":"","_tribe_events_status_reason":""},"categories":[],"tags":[],"tribe_events_cat":[],"acf":[],"_links":{"self":[{"href":"https:\/\/www.fundacionnaturgy.org\/ca\/wp-json\/wp\/v2\/tribe_events\/33967"}],"collection":[{"href":"https:\/\/www.fundacionnaturgy.org\/ca\/wp-json\/wp\/v2\/tribe_events"}],"about":[{"href":"https:\/\/www.fundacionnaturgy.org\/ca\/wp-json\/wp\/v2\/types\/tribe_events"}],"author":[{"embeddable":true,"href":"https:\/\/www.fundacionnaturgy.org\/ca\/wp-json\/wp\/v2\/users\/1454"}],"version-history":[{"count":0,"href":"https:\/\/www.fundacionnaturgy.org\/ca\/wp-json\/wp\/v2\/tribe_events\/33967\/revisions"}],"wp:featuredmedia":[{"embeddable":true,"href":"https:\/\/www.fundacionnaturgy.org\/ca\/wp-json\/wp\/v2\/media\/33880"}],"wp:attachment":[{"href":"https:\/\/www.fundacionnaturgy.org\/ca\/wp-json\/wp\/v2\/media?parent=33967"}],"wp:term":[{"taxonomy":"category","embeddable":true,"href":"https:\/\/www.fundacionnaturgy.org\/ca\/wp-json\/wp\/v2\/categories?post=33967"},{"taxonomy":"post_tag","embeddable":true,"href":"https:\/\/www.fundacionnaturgy.org\/ca\/wp-json\/wp\/v2\/tags?post=33967"},{"taxonomy":"tribe_events_cat","embeddable":true,"href":"https:\/\/www.fundacionnaturgy.org\/ca\/wp-json\/wp\/v2\/tribe_events_cat?post=33967"}],"curies":[{"name":"wp","href":"https:\/\/api.w.org\/{rel}","templated":true}]}}

Els juliols: la transició energètica i els mercats elèctrics. Barcelona

<p>El curs d’estiu<strong> Els juliols</strong> tractarà la transició energètica i els mercats energètics des de diferents punts de vista; contextualització, les energies renovables i la seva integració en el mercat, el futur del mercat elèctric al món i les reformes en curs, les noves <i>utilities</i> elèctriques i el seu paper en el nou context i l’estudi del cas <i>Energiewende</i> a Alemanya.</p>
<p>Horari: 9.30 &#8211; 14.00 h</p>
<p>#FGNFseminarios</p>

<p>És sostenible el funcionament actual del mercat elèctric? Com hauria d’evolucionar el mercat energètic espanyol? Quin seria el paper de les utilities en un nou model energètic?</p>
