{"id":35039,"date":"2017-06-14T17:30:51","date_gmt":"2017-06-14T15:30:51","guid":{"rendered":"https:\/\/www.fundacionnaturgy.org\/ca\/actividad\/mooc-de-metode-gtd-per-augmentar-la-productivitat\/"},"modified":"2017-06-14T17:30:51","modified_gmt":"2017-06-14T15:30:51","slug":"mooc-de-metode-gtd-per-augmentar-la-productivitat","status":"publish","type":"tribe_events","link":"https:\/\/www.fundacionnaturgy.org\/ca\/actividad\/mooc-de-metode-gtd-per-augmentar-la-productivitat\/","title":{"rendered":"MOOC de m\u00e8tode GTD per augmentar la productivitat"},"content":{"rendered":"<p>[vc_row][vc_column width=&#8221;2\/3&#8243;][vc_column_text]GTD, el m\u00e8tode de productivitat personal al m\u00e0xim nivell i lliure d\u2019estr\u00e8s perqu\u00e8 els empresaris de pimes i emprenedors treguin el millor del recurs m\u00e9s valu\u00f3s, el temps propi i el de tot el seu entorn. M\u00e8tode GTD, o com gestionar el caos i focalitzar-se en all\u00f2 que importa en cada moment. <\/p>\n<h5><\/h5>\n<p>[\/vc_column_text][\/vc_column][vc_column width=&#8221;1\/3&#8243;]<div class=\"gnf-destacado-icono small-text-center medium-text-left row collapse\"><div class=\"gnf-destacado-icono__icono large-4 columns small-text-center medium-text-left \"><div class=\"icon-outer icon-style-default\" style=\"background-color:\"><span class=\"fa fa-pencil\"><\/span><\/div><\/div><div class=\"gnf-destacado-icono__texto large-8 columns\"><h4><\/h4>Curs a dist\u00e0ncia <i>online<\/i>. Apunta-t\u2019hi gratis <a href=\"http:\/\/www.iebschool.com\/programas\/curso-metodo-gtd-productividad\/\" target=\"_blank\">aqu\u00ed<\/a>.<\/div><\/div>[\/vc_column][\/vc_row]<\/p>\n","protected":false},"excerpt":{"rendered":"<p>GTD, el m\u00e8tode per gestionar el caos i focalitzar-se en all\u00f2 que importa en cada moment. Impulsa la teva productivitat.<\/p>\n","protected":false},"author":1454,"featured_media":34702,"template":"","meta":{"inline_featured_image":false,"_tribe_events_status":"","_tribe_events_status_reason":""},"categories":[],"tags":[],"tribe_events_cat":[],"acf":[],"_links":{"self":[{"href":"https:\/\/www.fundacionnaturgy.org\/ca\/wp-json\/wp\/v2\/tribe_events\/35039"}],"collection":[{"href":"https:\/\/www.fundacionnaturgy.org\/ca\/wp-json\/wp\/v2\/tribe_events"}],"about":[{"href":"https:\/\/www.fundacionnaturgy.org\/ca\/wp-json\/wp\/v2\/types\/tribe_events"}],"author":[{"embeddable":true,"href":"https:\/\/www.fundacionnaturgy.org\/ca\/wp-json\/wp\/v2\/users\/1454"}],"version-history":[{"count":0,"href":"https:\/\/www.fundacionnaturgy.org\/ca\/wp-json\/wp\/v2\/tribe_events\/35039\/revisions"}],"wp:featuredmedia":[{"embeddable":true,"href":"https:\/\/www.fundacionnaturgy.org\/ca\/wp-json\/wp\/v2\/media\/34702"}],"wp:attachment":[{"href":"https:\/\/www.fundacionnaturgy.org\/ca\/wp-json\/wp\/v2\/media?parent=35039"}],"wp:term":[{"taxonomy":"category","embeddable":true,"href":"https:\/\/www.fundacionnaturgy.org\/ca\/wp-json\/wp\/v2\/categories?post=35039"},{"taxonomy":"post_tag","embeddable":true,"href":"https:\/\/www.fundacionnaturgy.org\/ca\/wp-json\/wp\/v2\/tags?post=35039"},{"taxonomy":"tribe_events_cat","embeddable":true,"href":"https:\/\/www.fundacionnaturgy.org\/ca\/wp-json\/wp\/v2\/tribe_events_cat?post=35039"}],"curies":[{"name":"wp","href":"https:\/\/api.w.org\/{rel}","templated":true}]}}

MOOC de mètode GTD per augmentar la productivitat

<p>[vc_row][vc_column width=&#8221;2/3&#8243;][vc_column_text]GTD, el mètode de productivitat personal al màxim nivell i lliure d’estrès perquè els empresaris de pimes i emprenedors treguin el millor del recurs més valuós, el temps propi i el de tot el seu entorn. Mètode GTD, o com gestionar el caos i focalitzar-se en allò que importa en cada moment. </p>
<h5></h5>
<p>[/vc_column_text][/vc_column][vc_column width=&#8221;1/3&#8243;]<div class="gnf-destacado-icono small-text-center medium-text-left row collapse"><div class="gnf-destacado-icono__icono large-4 columns small-text-center medium-text-left "><div class="icon-outer icon-style-default" style="background-color:"><span class="fa fa-pencil"></span></div></div><div class="gnf-destacado-icono__texto large-8 columns"><h4></h4>Curs a distància <i>online</i>. Apunta-t’hi gratis <a href="http://www.iebschool.com/programas/curso-metodo-gtd-productividad/" target="_blank">aquí</a>.</div></div>[/vc_column][/vc_row]</p>

<p>GTD, el mètode per gestionar el caos i focalitzar-se en allò que importa en cada moment. Impulsa la teva productivitat.</p>
