{"id":36070,"date":"2017-07-04T10:48:26","date_gmt":"2017-07-04T08:48:26","guid":{"rendered":"https:\/\/www.fundacionnaturgy.org\/ca\/actividad\/taller-practic-elaboracio-del-meu-pla-dexportacio-barcelona-5\/"},"modified":"2017-07-27T14:07:24","modified_gmt":"2017-07-27T12:07:24","slug":"taller-practic-elaboracio-del-meu-pla-dexportacio-barcelona-5","status":"publish","type":"tribe_events","link":"https:\/\/www.fundacionnaturgy.org\/ca\/actividad\/taller-practic-elaboracio-del-meu-pla-dexportacio-barcelona-5\/","title":{"rendered":"Taller pr\u00e0ctic: elaboraci\u00f3 del meu pla d&#8217;exportaci\u00f3. Barcelona"},"content":{"rendered":"<p>El taller est\u00e0 dissenyat per ser un exercici real d&#8217;elaboraci\u00f3 d&#8217;un pla d&#8217;exportaci\u00f3. Cada empresari treballar\u00e0 sobre el seu propi projecte guiat pel ponent. Aquesta aproximaci\u00f3, totalment pr\u00e0ctica i real, no pret\u00e9n transmetre coneixements te\u00f2rics o acad\u00e8mics. En contraposici\u00f3, els participants elaboraran el pla d&#8217;exportaci\u00f3 de la seva pr\u00f2pia pime. Cada part del proc\u00e9s s&#8217;inicia amb l&#8217;explicaci\u00f3 de les bases, per entrar, a continuaci\u00f3, en l&#8217;elaboraci\u00f3 pr\u00f2piament dita. A m\u00e9s, sempre es podr\u00e0 interactuar estretament amb el ponent gr\u00e0cies al grup redu\u00eft de participants.<\/p>\n<p>Horari: 9.30 &#8211; 12.00 h.<\/p>\n","protected":false},"excerpt":{"rendered":"<p>El taller explicar\u00e0, d&#8217;una manera pr\u00e0ctica i real, totes les parts del proc\u00e9s que intervenen en un pla d&#8217;exportaci\u00f3, des de l&#8217;explicaci\u00f3 de les bases fins a l&#8217;elaboraci\u00f3.<\/p>\n","protected":false},"author":1454,"featured_media":11322,"template":"","meta":{"inline_featured_image":false,"_tribe_events_status":"","_tribe_events_status_reason":""},"categories":[],"tags":[],"tribe_events_cat":[],"acf":[],"_links":{"self":[{"href":"https:\/\/www.fundacionnaturgy.org\/ca\/wp-json\/wp\/v2\/tribe_events\/36070"}],"collection":[{"href":"https:\/\/www.fundacionnaturgy.org\/ca\/wp-json\/wp\/v2\/tribe_events"}],"about":[{"href":"https:\/\/www.fundacionnaturgy.org\/ca\/wp-json\/wp\/v2\/types\/tribe_events"}],"author":[{"embeddable":true,"href":"https:\/\/www.fundacionnaturgy.org\/ca\/wp-json\/wp\/v2\/users\/1454"}],"version-history":[{"count":0,"href":"https:\/\/www.fundacionnaturgy.org\/ca\/wp-json\/wp\/v2\/tribe_events\/36070\/revisions"}],"wp:featuredmedia":[{"embeddable":true,"href":"https:\/\/www.fundacionnaturgy.org\/ca\/wp-json\/wp\/v2\/media\/11322"}],"wp:attachment":[{"href":"https:\/\/www.fundacionnaturgy.org\/ca\/wp-json\/wp\/v2\/media?parent=36070"}],"wp:term":[{"taxonomy":"category","embeddable":true,"href":"https:\/\/www.fundacionnaturgy.org\/ca\/wp-json\/wp\/v2\/categories?post=36070"},{"taxonomy":"post_tag","embeddable":true,"href":"https:\/\/www.fundacionnaturgy.org\/ca\/wp-json\/wp\/v2\/tags?post=36070"},{"taxonomy":"tribe_events_cat","embeddable":true,"href":"https:\/\/www.fundacionnaturgy.org\/ca\/wp-json\/wp\/v2\/tribe_events_cat?post=36070"}],"curies":[{"name":"wp","href":"https:\/\/api.w.org\/{rel}","templated":true}]}}

Taller pràctic: elaboració del meu pla d&#8217;exportació. Barcelona

<p>El taller està dissenyat per ser un exercici real d&#8217;elaboració d&#8217;un pla d&#8217;exportació. Cada empresari treballarà sobre el seu propi projecte guiat pel ponent. Aquesta aproximació, totalment pràctica i real, no pretén transmetre coneixements teòrics o acadèmics. En contraposició, els participants elaboraran el pla d&#8217;exportació de la seva pròpia pime. Cada part del procés s&#8217;inicia amb l&#8217;explicació de les bases, per entrar, a continuació, en l&#8217;elaboració pròpiament dita. A més, sempre es podrà interactuar estretament amb el ponent gràcies al grup reduït de participants.</p>
<p>Horari: 9.30 &#8211; 12.00 h.</p>

<p>El taller explicarà, d&#8217;una manera pràctica i real, totes les parts del procés que intervenen en un pla d&#8217;exportació, des de l&#8217;explicació de les bases fins a l&#8217;elaboració.</p>
