{"id":41838,"date":"2018-03-06T17:39:48","date_gmt":"2018-03-06T16:39:48","guid":{"rendered":"https:\/\/www.fundacionnaturgy.org\/ca\/actividad\/vermuts-embassat-del-museu-del-gas-flamaradas\/"},"modified":"2018-04-05T16:23:42","modified_gmt":"2018-04-05T14:23:42","slug":"vermuts-embassat-del-museu-gas-flamaradas","status":"publish","type":"tribe_events","link":"https:\/\/www.fundacionnaturgy.org\/ca\/actividad\/vermuts-embassat-del-museu-gas-flamaradas\/","title":{"rendered":"Vermuts Embassa\u2019t del Museu del Gas. Flamaradas"},"content":{"rendered":"<p>[vc_row][vc_column][vc_column_text]Entre glop i glop de vermut i en un context intimista, escoltarem propostes musicals emergents i heterog\u00e8nies a cura del <strong>Festival Embassa\u2019t<\/strong>, una mostra de la riquesa art\u00edstica de l\u2019escena del pa\u00eds.<\/p>\n<p>Daniel Magall\u00f3n, l\u00edder i veu de <strong>Flamaradas<\/strong>, va publicar el passat octubre el seu tercer LP, de nom hom\u00f2nim, i que d\u00f3na continu\u00eftat a un projecte que fluctua entre el folklore y el rock psicod\u00e8lic. <em>Flamaradas <\/em>(El Genio Equivocado) ofereix un recorregut emocional per paisatges i viv\u00e8ncies de l\u2019autor, i s\u2019erigeix com la seva obra m\u00e9s personal.<strong>\u00a0<\/strong><\/p>\n<p>Preu: 5 \u20ac. Venda d\u2019entrades a <a href=\"http:\/\/www.embassat.com\">www.embassat.com<\/a> i al Museu del Gas 1 hora abans de l\u2019inici de l\u2019espectacle. Activitat coorganitzada amb SBD Sona Jove.<strong>\u00a0<\/strong><\/p>\n<p>No se permitir\u00e1 la entrada una vez iniciada la actividad.<\/p>\n<p><strong>El concert de Flamaradas previst per diumenge 8\/4 queda susp\u00e8s per previsi\u00f3 de pluja. En breu informarem pr\u00f2xima data.<\/strong>[\/vc_column_text][\/vc_column][\/vc_row]<\/p>\n","protected":false},"excerpt":{"rendered":"<p>El Museu del Gas presenta la quarta edici\u00f3 d\u2019un cicle de concerts que s\u2019ha convertit en una finestra id\u00f2nia per descobrir nous talents de la m\u00fasica de casa nostra.<\/p>\n","protected":false},"author":1454,"featured_media":41839,"template":"","meta":{"inline_featured_image":false,"_tribe_events_status":"","_tribe_events_status_reason":""},"categories":[],"tags":[],"tribe_events_cat":[],"acf":[],"_links":{"self":[{"href":"https:\/\/www.fundacionnaturgy.org\/ca\/wp-json\/wp\/v2\/tribe_events\/41838"}],"collection":[{"href":"https:\/\/www.fundacionnaturgy.org\/ca\/wp-json\/wp\/v2\/tribe_events"}],"about":[{"href":"https:\/\/www.fundacionnaturgy.org\/ca\/wp-json\/wp\/v2\/types\/tribe_events"}],"author":[{"embeddable":true,"href":"https:\/\/www.fundacionnaturgy.org\/ca\/wp-json\/wp\/v2\/users\/1454"}],"version-history":[{"count":0,"href":"https:\/\/www.fundacionnaturgy.org\/ca\/wp-json\/wp\/v2\/tribe_events\/41838\/revisions"}],"wp:featuredmedia":[{"embeddable":true,"href":"https:\/\/www.fundacionnaturgy.org\/ca\/wp-json\/wp\/v2\/media\/41839"}],"wp:attachment":[{"href":"https:\/\/www.fundacionnaturgy.org\/ca\/wp-json\/wp\/v2\/media?parent=41838"}],"wp:term":[{"taxonomy":"category","embeddable":true,"href":"https:\/\/www.fundacionnaturgy.org\/ca\/wp-json\/wp\/v2\/categories?post=41838"},{"taxonomy":"post_tag","embeddable":true,"href":"https:\/\/www.fundacionnaturgy.org\/ca\/wp-json\/wp\/v2\/tags?post=41838"},{"taxonomy":"tribe_events_cat","embeddable":true,"href":"https:\/\/www.fundacionnaturgy.org\/ca\/wp-json\/wp\/v2\/tribe_events_cat?post=41838"}],"curies":[{"name":"wp","href":"https:\/\/api.w.org\/{rel}","templated":true}]}}

<p>[vc_row][vc_column][vc_column_text]Entre glop i glop de vermut i en un context intimista, escoltarem propostes musicals emergents i heterogènies a cura del <strong>Festival Embassa’t</strong>, una mostra de la riquesa artística de l’escena del país.</p>
<p>Daniel Magallón, líder i veu de <strong>Flamaradas</strong>, va publicar el passat octubre el seu tercer LP, de nom homònim, i que dóna continuïtat a un projecte que fluctua entre el folklore y el rock psicodèlic. <em>Flamaradas </em>(El Genio Equivocado) ofereix un recorregut emocional per paisatges i vivències de l’autor, i s’erigeix com la seva obra més personal.<strong> </strong></p>
<p>Preu: 5 €. Venda d’entrades a <a href="http://www.embassat.com">www.embassat.com</a> i al Museu del Gas 1 hora abans de l’inici de l’espectacle. Activitat coorganitzada amb SBD Sona Jove.<strong> </strong></p>
<p>No se permitirá la entrada una vez iniciada la actividad.</p>
<p><strong>El concert de Flamaradas previst per diumenge 8/4 queda suspès per previsió de pluja. En breu informarem pròxima data.</strong>[/vc_column_text][/vc_column][/vc_row]</p>

<p>El Museu del Gas presenta la quarta edició d’un cicle de concerts que s’ha convertit en una finestra idònia per descobrir nous talents de la música de casa nostra.</p>
