{"id":42279,"date":"2018-03-21T17:43:18","date_gmt":"2018-03-21T16:43:18","guid":{"rendered":"https:\/\/www.fundacionnaturgy.org\/ca\/actividad\/energia-medi-ambient-i-industria-4-0-santiago-de-compostel%c2%b7la\/"},"modified":"2018-05-02T15:22:21","modified_gmt":"2018-05-02T13:22:21","slug":"energia-medi-ambient-i-industria-4-0-santiago-de-compostel%c2%b7la","status":"publish","type":"tribe_events","link":"https:\/\/www.fundacionnaturgy.org\/ca\/actividad\/energia-medi-ambient-i-industria-4-0-santiago-de-compostel%c2%b7la\/","title":{"rendered":"Energia, medi ambient i Ind\u00fastria 4.0. Santiago de Compostel\u00b7la"},"content":{"rendered":"<p>[vc_row css=&#8221;.vc_custom_1501687840871{margin-right: 3px !important;}&#8221;][vc_column width=&#8221;2\/3&#8243;][vc_empty_space height=&#8221;6&#8243;][vc_column_text]Qu\u00e8 \u00e9s la Ind\u00fastria 4.0? Com <strong>pot millorar la Ind\u00fastria 4.0 la gesti\u00f3 energ\u00e8tica i ambiental de les empreses<\/strong>? Conceptes com la \u201cinternet de les coses\u201d, la impressi\u00f3 en tres dimensions, l\u2019an\u00e0lisi massiva de grans bases de dades, la intel\u00b7lig\u00e8ncia artificial, la rob\u00f2tica col\u00b7laborativa i la realitat virtual defineixen aquesta nova revoluci\u00f3 industrial. La digitalitzaci\u00f3 accelerada, en suma, dels processos de fabricaci\u00f3, que permetran obtenir productes m\u00e9s adaptats a les prefer\u00e8ncies de cada client.<\/p>\n<p>Al seminari es definir\u00e0 <strong>qu\u00e8 \u00e9s la Ind\u00fastria 4.0 i les seves tecnologies<\/strong>, i tot seguit s\u2019exposaran <strong>casos pr\u00e0ctics d\u2019aplicaci\u00f3<\/strong> als sectors energ\u00e8tic, de l\u2019alimentaci\u00f3 i begudes i tecnol\u00f2gic. Durant el seminari tamb\u00e9 conviurem amb exemples de la Ind\u00fastria 4.0, interactuant amb el Robot PEPE i provant unes ulleres de realitat virtual.[\/vc_column_text][\/vc_column][vc_column width=&#8221;1\/3&#8243; css=&#8221;.vc_custom_1521804147152{padding-right: 15px !important;padding-bottom: 25px !important;padding-left: 15px !important;background-color: #f0f0f0 !important;}&#8221;][vc_column_text]<b><i>Dates<\/i><\/b><b><i>. <\/i><\/b>Dimarts 10 d\u2019abril de 2018.<\/p>\n<p><b><i>Horari. <\/i><\/b>De 9.00 a 13.00 h.<\/p>\n<p><em><strong>Ubicaci\u00f3<\/strong><\/em>. <a href=\"https:\/\/www.google.es\/maps\/place\/Hotel+Palacio+del+Carmen,+Autograph+Collection\/@42.8807323,-8.553633,15z\/data=!4m7!3m6!1s0x0:0xf5361d11780afaad!5m1!1s2018-04-06!8m2!3d42.8807323!4d-8.553633\" target=\"_blank\">Hotel\u00a0AC Palacio del\u00a0Carmen<\/a><\/p>\n<p><b><i>Preu.\u00a0<\/i><\/b>Gratu\u00eft.<\/p>\n<p><em><strong>Inscripci\u00f3.<\/strong><\/em> Fins a completar l&#8217;aforament.[\/vc_column_text]<a class=\"gnf-boton oscuro left\" href=\"http:\/\/www.fundacionnaturgy.org\/wp-content\/uploads\/2018\/04\/Programa-Galicia_10.04.18_DEF.pdf\" title=\"\" target=\"_blank\">Programa<\/a>[\/vc_column][\/vc_row]<\/p>\n","protected":false},"excerpt":{"rendered":"<p>Qu\u00e8 \u00e9s la Ind\u00fastria 4.0? Com pot millorar la gesti\u00f3 energ\u00e8tica i ambiental de les empreses? Ho analitzarem amb empreses dels sectors energ\u00e8tic, de l\u2019alimentaci\u00f3 i begudes i tecnol\u00f2gic.<\/p>\n","protected":false},"author":1454,"featured_media":40690,"template":"","meta":{"inline_featured_image":false,"_tribe_events_status":"","_tribe_events_status_reason":""},"categories":[],"tags":[],"tribe_events_cat":[],"acf":[],"_links":{"self":[{"href":"https:\/\/www.fundacionnaturgy.org\/ca\/wp-json\/wp\/v2\/tribe_events\/42279"}],"collection":[{"href":"https:\/\/www.fundacionnaturgy.org\/ca\/wp-json\/wp\/v2\/tribe_events"}],"about":[{"href":"https:\/\/www.fundacionnaturgy.org\/ca\/wp-json\/wp\/v2\/types\/tribe_events"}],"author":[{"embeddable":true,"href":"https:\/\/www.fundacionnaturgy.org\/ca\/wp-json\/wp\/v2\/users\/1454"}],"version-history":[{"count":0,"href":"https:\/\/www.fundacionnaturgy.org\/ca\/wp-json\/wp\/v2\/tribe_events\/42279\/revisions"}],"wp:featuredmedia":[{"embeddable":true,"href":"https:\/\/www.fundacionnaturgy.org\/ca\/wp-json\/wp\/v2\/media\/40690"}],"wp:attachment":[{"href":"https:\/\/www.fundacionnaturgy.org\/ca\/wp-json\/wp\/v2\/media?parent=42279"}],"wp:term":[{"taxonomy":"category","embeddable":true,"href":"https:\/\/www.fundacionnaturgy.org\/ca\/wp-json\/wp\/v2\/categories?post=42279"},{"taxonomy":"post_tag","embeddable":true,"href":"https:\/\/www.fundacionnaturgy.org\/ca\/wp-json\/wp\/v2\/tags?post=42279"},{"taxonomy":"tribe_events_cat","embeddable":true,"href":"https:\/\/www.fundacionnaturgy.org\/ca\/wp-json\/wp\/v2\/tribe_events_cat?post=42279"}],"curies":[{"name":"wp","href":"https:\/\/api.w.org\/{rel}","templated":true}]}}

Energia, medi ambient i Indústria 4.0. Santiago de Compostel·la

<p>[vc_row css=&#8221;.vc_custom_1501687840871{margin-right: 3px !important;}&#8221;][vc_column width=&#8221;2/3&#8243;][vc_empty_space height=&#8221;6&#8243;][vc_column_text]Què és la Indústria 4.0? Com <strong>pot millorar la Indústria 4.0 la gestió energètica i ambiental de les empreses</strong>? Conceptes com la “internet de les coses”, la impressió en tres dimensions, l’anàlisi massiva de grans bases de dades, la intel·ligència artificial, la robòtica col·laborativa i la realitat virtual defineixen aquesta nova revolució industrial. La digitalització accelerada, en suma, dels processos de fabricació, que permetran obtenir productes més adaptats a les preferències de cada client.</p>
<p>Al seminari es definirà <strong>què és la Indústria 4.0 i les seves tecnologies</strong>, i tot seguit s’exposaran <strong>casos pràctics d’aplicació</strong> als sectors energètic, de l’alimentació i begudes i tecnològic. Durant el seminari també conviurem amb exemples de la Indústria 4.0, interactuant amb el Robot PEPE i provant unes ulleres de realitat virtual.[/vc_column_text][/vc_column][vc_column width=&#8221;1/3&#8243; css=&#8221;.vc_custom_1521804147152{padding-right: 15px !important;padding-bottom: 25px !important;padding-left: 15px !important;background-color: #f0f0f0 !important;}&#8221;][vc_column_text]<b><i>Dates</i></b><b><i>. </i></b>Dimarts 10 d’abril de 2018.</p>
<p><b><i>Horari. </i></b>De 9.00 a 13.00 h.</p>
<p><em><strong>Ubicació</strong></em>. <a href="https://www.google.es/maps/place/Hotel+Palacio+del+Carmen,+Autograph+Collection/@42.8807323,-8.553633,15z/data=!4m7!3m6!1s0x0:0xf5361d11780afaad!5m1!1s2018-04-06!8m2!3d42.8807323!4d-8.553633" target="_blank">Hotel AC Palacio del Carmen</a></p>
<p><b><i>Preu. </i></b>Gratuït.</p>
<p><em><strong>Inscripció.</strong></em> Fins a completar l&#8217;aforament.[/vc_column_text]<a class="gnf-boton oscuro left" href="http://www.fundacionnaturgy.org/wp-content/uploads/2018/04/Programa-Galicia_10.04.18_DEF.pdf" title="" target="_blank">Programa</a>[/vc_column][/vc_row]</p>

<p>Què és la Indústria 4.0? Com pot millorar la gestió energètica i ambiental de les empreses? Ho analitzarem amb empreses dels sectors energètic, de l’alimentació i begudes i tecnològic.</p>
