{"id":57886,"date":"2019-03-05T10:33:56","date_gmt":"2019-03-05T09:33:56","guid":{"rendered":"https:\/\/www.fundacionnaturgy.org\/actividad\/presentacio-de-llibre-la-fiscalidad-energetica-sentido-objetivos-y-criterios-de-aplicacion-barcelona\/"},"modified":"2019-03-21T10:58:20","modified_gmt":"2019-03-21T09:58:20","slug":"presentacio-de-llibre-la-fiscalidad-energetica-sentido-objetivos-y-criterios-de-aplicacion-barcelona","status":"publish","type":"tribe_events","link":"https:\/\/www.fundacionnaturgy.org\/ca\/actividad\/presentacio-de-llibre-la-fiscalidad-energetica-sentido-objetivos-y-criterios-de-aplicacion-barcelona\/","title":{"rendered":"Presentaci\u00f3 de llibre &#8220;La fiscalitat energ\u00e8tica. Sentit, objectius i criteris d&#8217;aplicaci\u00f3&#8221;. Barcelona"},"content":{"rendered":"<p>[vc_row][vc_column width=&#8221;2\/3&#8243;][vc_empty_space height=&#8221;12px&#8221;][vc_column_text]<\/p>\n<h4><span style=\"color: #e57200;\">Agenda<\/span><\/h4>\n<p><strong>18:00h<\/strong>\u00a0 <strong>Benvinguda<br \/>\n<\/strong><span style=\"color: #e57200;\">Sr. Anton\u00a0Gasol<\/span>, dec\u00e0, Col\u00b7legi\u00a0d&#8217;Economistes de Catalunya.<br \/>\n<span style=\"color: #e57200;\">Sra. M\u00aa Eugenia Coronado<\/span>, directora\u00a0general, Fundaci\u00f3\u00a0Naturgy.<\/p>\n<p><strong>18:15h\u00a0\u00a0<\/strong><strong>La fiscalitat en la transici\u00f3 energ\u00e8tica<br \/>\n<\/strong><span style=\"color: #e57200;\">Sr. Valent\u00ed Pich<\/span>, president, Consell d&#8217;Economistes d&#8217;Espanya.<\/p>\n<p><strong>18:45h\u00a0Presentaci\u00f3 de llibre<br \/>\n<\/strong><span style=\"color: #e57200;\">Sr. Juan\u00a0Carpizo<\/span>,\u00a0inspector d&#8217;Hisenda en exced\u00e8ncia, especialista en Fiscalitat Local, Mediambiental i de l&#8217;Energia.<br \/>\n<span style=\"color: #e57200;\">Sra. Eugenia Monta\u00f1a<\/span>, advocat S\u00e8nior, Business Tax Advisory, Ernst &amp; Young Advocats.<\/p>\n<p><strong>19:45h\u00a0Col\u00b7loqui<br \/>\n<\/strong><br \/>\n<strong>20:00h Fi de sessi\u00f3<br \/>\n<\/strong><span style=\"color: #e57200;\">Sr. Jaume\u00a0Men\u00e9ndez<\/span>,\u00a0vocal de la Junta\u00a0de Govern, Col\u00b7legi d\u2019Economistes de Catalunya.<br \/>\n<span style=\"color: #e57200;\">Sra. M\u00aa\u00a0Eugenia\u00a0Coronado<\/span>,\u00a0directora\u00a0general,\u00a0Fundaci\u00f3\u00a0Naturgy.<strong><br \/>\n<\/strong>[\/vc_column_text][vc_separator][\/vc_column][vc_column width=&#8221;1\/3&#8243;][vc_empty_space height=&#8221;12px&#8221;][vc_column_text css=&#8221;.vc_custom_1552561554010{padding-top: 10px !important;padding-right: 25px !important;padding-bottom: 25px !important;padding-left: 25px !important;background-color: #004571 !important;border-radius: 3px !important;}&#8221;]<\/p>\n<h5 style=\"text-align: center;\"><span style=\"color: #ffffff;\"><a style=\"color: #ffffff;\" href=\"https:\/\/www.fundacionnaturgy.org\/wp-content\/uploads\/2018\/12\/lapiz-blanco.png\"><img loading=\"lazy\" class=\"size-full wp-image-53273 aligncenter\" src=\"https:\/\/www.fundacionnaturgy.org\/wp-content\/uploads\/2018\/12\/lapiz-blanco.png\" alt=\"lapiz-blanco\" width=\"70\" height=\"70\" srcset=\"https:\/\/www.fundacionnaturgy.org\/wp-content\/uploads\/2018\/12\/lapiz-blanco.png 176w, https:\/\/www.fundacionnaturgy.org\/wp-content\/uploads\/2018\/12\/lapiz-blanco-150x150.png 150w, https:\/\/www.fundacionnaturgy.org\/wp-content\/uploads\/2018\/12\/lapiz-blanco-140x140.png 140w\" sizes=\"(max-width: 70px) 100vw, 70px\" \/><\/a><a style=\"color: #ffffff;\" href=\"https:\/\/www.fundacionnaturgy.org\/wp-content\/uploads\/2018\/12\/lapiz-blanco.png\"><br \/>\n<\/a>20 de mar\u00e7\u00a0de 2019, de 18 a 20h<\/span><br \/>\n<span style=\"color: #ffffff;\"><a style=\"color: #ffffff;\" href=\"https:\/\/www.google.es\/maps\/place\/Col%C2%B7legi+d'Economistes+de+Catalunya\/@41.39992,2.152316,15z\/data=!4m2!3m1!1s0x0:0xd8ae954d38ffcf77?ved=2ahUKEwijruPMj97gAhVK1BoKHfSRD-AQ_BIwCnoECAUQCA\"><span style=\"text-decoration: underline;\">Col\u00b7legi d\u2019Economistes de Catalunya<\/span><br \/>\n<span style=\"text-decoration: underline;\">Pla\u00e7a\u00a0Gal\u00b7la Placidia, 32<\/span><br \/>\n<span style=\"text-decoration: underline;\">08006 Barcelona<\/span><br \/>\n<\/a>Aforament limitat<\/span><\/h5>\n<p style=\"text-align: center;\"><span style=\"text-decoration: underline; color: #ffffff;\"><a style=\"color: #ffffff; text-decoration: underline;\" href=\"https:\/\/www.fundacionnaturgy.org\/wp-content\/uploads\/2019\/03\/20.03-ficalidad-energetica1.pdf\">Imprimir programa<\/a><\/span><\/p>\n<p>[\/vc_column_text][\/vc_column][\/vc_row]<\/p>\n","protected":false},"excerpt":{"rendered":"<p>La Fundaci\u00f3 Naturgy, en col\u00b7laboraci\u00f3 amb el Col\u00b7legi d\u2019Economistes de Catalunya, t\u00e9 el plaer de convidar-te a la presentaci\u00f3 del llibre La fiscalidad energ\u00e9tica. Es lliurar\u00e0 un exemplar del llibre a tots els assistents. <\/p>\n","protected":false},"author":1454,"featured_media":57332,"template":"","meta":{"inline_featured_image":false,"_tribe_events_status":"","_tribe_events_status_reason":""},"categories":[240],"tags":[],"tribe_events_cat":[],"acf":[],"_links":{"self":[{"href":"https:\/\/www.fundacionnaturgy.org\/ca\/wp-json\/wp\/v2\/tribe_events\/57886"}],"collection":[{"href":"https:\/\/www.fundacionnaturgy.org\/ca\/wp-json\/wp\/v2\/tribe_events"}],"about":[{"href":"https:\/\/www.fundacionnaturgy.org\/ca\/wp-json\/wp\/v2\/types\/tribe_events"}],"author":[{"embeddable":true,"href":"https:\/\/www.fundacionnaturgy.org\/ca\/wp-json\/wp\/v2\/users\/1454"}],"version-history":[{"count":0,"href":"https:\/\/www.fundacionnaturgy.org\/ca\/wp-json\/wp\/v2\/tribe_events\/57886\/revisions"}],"wp:featuredmedia":[{"embeddable":true,"href":"https:\/\/www.fundacionnaturgy.org\/ca\/wp-json\/wp\/v2\/media\/57332"}],"wp:attachment":[{"href":"https:\/\/www.fundacionnaturgy.org\/ca\/wp-json\/wp\/v2\/media?parent=57886"}],"wp:term":[{"taxonomy":"category","embeddable":true,"href":"https:\/\/www.fundacionnaturgy.org\/ca\/wp-json\/wp\/v2\/categories?post=57886"},{"taxonomy":"post_tag","embeddable":true,"href":"https:\/\/www.fundacionnaturgy.org\/ca\/wp-json\/wp\/v2\/tags?post=57886"},{"taxonomy":"tribe_events_cat","embeddable":true,"href":"https:\/\/www.fundacionnaturgy.org\/ca\/wp-json\/wp\/v2\/tribe_events_cat?post=57886"}],"curies":[{"name":"wp","href":"https:\/\/api.w.org\/{rel}","templated":true}]}}

Presentació de llibre &#8220;La fiscalitat energètica. Sentit, objectius i criteris d&#8217;aplicació&#8221;. Barcelona

<p>[vc_row][vc_column width=&#8221;2/3&#8243;][vc_empty_space height=&#8221;12px&#8221;][vc_column_text]</p>
<h4><span style="color: #e57200;">Agenda</span></h4>
<p><strong>18:00h</strong>  <strong>Benvinguda<br />
</strong><span style="color: #e57200;">Sr. Anton Gasol</span>, decà, Col·legi d&#8217;Economistes de Catalunya.<br />
<span style="color: #e57200;">Sra. Mª Eugenia Coronado</span>, directora general, Fundació Naturgy.</p>
<p><strong>18:15h  </strong><strong>La fiscalitat en la transició energètica<br />
</strong><span style="color: #e57200;">Sr. Valentí Pich</span>, president, Consell d&#8217;Economistes d&#8217;Espanya.</p>
<p><strong>18:45h Presentació de llibre<br />
</strong><span style="color: #e57200;">Sr. Juan Carpizo</span>, inspector d&#8217;Hisenda en excedència, especialista en Fiscalitat Local, Mediambiental i de l&#8217;Energia.<br />
<span style="color: #e57200;">Sra. Eugenia Montaña</span>, advocat Sènior, Business Tax Advisory, Ernst &amp; Young Advocats.</p>
<p><strong>19:45h Col·loqui<br />
</strong><br />
<strong>20:00h Fi de sessió<br />
</strong><span style="color: #e57200;">Sr. Jaume Menéndez</span>, vocal de la Junta de Govern, Col·legi d’Economistes de Catalunya.<br />
<span style="color: #e57200;">Sra. Mª Eugenia Coronado</span>, directora general, Fundació Naturgy.<strong><br />
</strong>[/vc_column_text][vc_separator][/vc_column][vc_column width=&#8221;1/3&#8243;][vc_empty_space height=&#8221;12px&#8221;][vc_column_text css=&#8221;.vc_custom_1552561554010{padding-top: 10px !important;padding-right: 25px !important;padding-bottom: 25px !important;padding-left: 25px !important;background-color: #004571 !important;border-radius: 3px !important;}&#8221;]</p>
<h5 style="text-align: center;"><span style="color: #ffffff;"><a style="color: #ffffff;" href="https://www.fundacionnaturgy.org/wp-content/uploads/2018/12/lapiz-blanco.png"><img loading="lazy" class="size-full wp-image-53273 aligncenter" src="https://www.fundacionnaturgy.org/wp-content/uploads/2018/12/lapiz-blanco.png" alt="lapiz-blanco" width="70" height="70" srcset="https://www.fundacionnaturgy.org/wp-content/uploads/2018/12/lapiz-blanco.png 176w, https://www.fundacionnaturgy.org/wp-content/uploads/2018/12/lapiz-blanco-150x150.png 150w, https://www.fundacionnaturgy.org/wp-content/uploads/2018/12/lapiz-blanco-140x140.png 140w" sizes="(max-width: 70px) 100vw, 70px" /></a><a style="color: #ffffff;" href="https://www.fundacionnaturgy.org/wp-content/uploads/2018/12/lapiz-blanco.png"><br />
</a>20 de març de 2019, de 18 a 20h</span><br />
<span style="color: #ffffff;"><a style="color: #ffffff;" href="https://www.google.es/maps/place/Col%C2%B7legi+d'Economistes+de+Catalunya/@41.39992,2.152316,15z/data=!4m2!3m1!1s0x0:0xd8ae954d38ffcf77?ved=2ahUKEwijruPMj97gAhVK1BoKHfSRD-AQ_BIwCnoECAUQCA"><span style="text-decoration: underline;">Col·legi d’Economistes de Catalunya</span><br />
<span style="text-decoration: underline;">Plaça Gal·la Placidia, 32</span><br />
<span style="text-decoration: underline;">08006 Barcelona</span><br />
</a>Aforament limitat</span></h5>
<p style="text-align: center;"><span style="text-decoration: underline; color: #ffffff;"><a style="color: #ffffff; text-decoration: underline;" href="https://www.fundacionnaturgy.org/wp-content/uploads/2019/03/20.03-ficalidad-energetica1.pdf">Imprimir programa</a></span></p>
<p>[/vc_column_text][/vc_column][/vc_row]</p>

<p>La Fundació Naturgy, en col·laboració amb el Col·legi d’Economistes de Catalunya, té el plaer de convidar-te a la presentació del llibre La fiscalidad energética. Es lliurarà un exemplar del llibre a tots els assistents. </p>
