{"id":57887,"date":"2019-03-05T16:51:13","date_gmt":"2019-03-05T15:51:13","guid":{"rendered":"https:\/\/www.fundacionnaturgy.org\/actividad\/seminari-etiquetatge-ambiental-de-vehicles-i-gestio-de-la-contaminacio-urbana-madrid\/"},"modified":"2019-04-16T09:22:45","modified_gmt":"2019-04-16T07:22:45","slug":"seminari-etiquetatge-ambiental-de-vehicles-i-gestio-de-la-contaminacio-urbana-madrid","status":"publish","type":"tribe_events","link":"https:\/\/www.fundacionnaturgy.org\/ca\/actividad\/seminari-etiquetatge-ambiental-de-vehicles-i-gestio-de-la-contaminacio-urbana-madrid\/","title":{"rendered":"Seminari \u201cEtiquetatge ambiental de vehicles i gesti\u00f3 de la contaminaci\u00f3 urbana\u201d. Madrid"},"content":{"rendered":"<p>[vc_row][vc_column width=&#8221;2\/3&#8243;][vc_empty_space height=&#8221;12px&#8221;][vc_column_text]<\/p>\n<h4><span style=\"color: #e57200;\">Agenda<\/span><\/h4>\n<p><strong>09:00h<\/strong>\u00a0 <strong>Sessi\u00f3 inaugural<br \/>\n<\/strong><span style=\"color: #e57200;\">M\u00aa Eugenia\u00a0Coronado<\/span>, directora\u00a0general,\u00a0Fundaci\u00f3\u00a0Naturgy.<br \/>\n<span style=\"color: #e57200;\">Luis del Olmo Flores<span style=\"color: #000000;\">, director general de Medi Ambient i Sostenibilitat, Conselleria de Medi Ambient i Ordenaci\u00f3 del Territori, Comunitat de Madrid.<\/span><\/span><\/p>\n<p><strong>09:30h<\/strong>\u00a0 <strong>La contaminaci\u00f3 urbana procedent del transport i la salut. La situaci\u00f3 actual a Espanya<\/strong><strong><br \/>\n<\/strong><span style=\"color: #e57200;\">Andr\u00e9s Alastuey<\/span>, profesor e Investigador del CSIC.<\/p>\n<p><strong>10:00h L&#8217;experi\u00e8ncia internacional en eco \/ etiquetatge de vehicles i la lluita contra la contaminaci\u00f3 urbana<br \/>\n<\/strong><span style=\"color: #e57200;\">Richard Lofthouse<\/span>, Investigador Senior de Emissions Analytics.<\/p>\n<p><strong>10:30h L&#8217;etiquetatge ambiental dels vehicles: com es fa i per a qu\u00e8 serveix<br \/>\n<\/strong><span style=\"color: #e57200;\">Luis Fernando Velasco<\/span>, cap de l&#8217;\u00c0rea de Vehicles, Direcci\u00f3 General de Tr\u00e0nsit (DGT).<\/p>\n<p><strong>11:00h\u00a0Col\u00b7loqui<br \/>\n<\/strong><br \/>\n<strong>11:15h Pausa caf\u00e8 &#8211; Visita l&#8217;exposici\u00f3 &#8220;La qualitat de l&#8217;aire, un repte actual&#8221; i lliurament del llibre &#8220;La qualitat de l&#8217;aire a les ciutats. Un repte mundial&#8221;<\/strong><\/p>\n<p><strong>11:45h L&#8217;experi\u00e8ncia de la ciutat de Madrid a la gesti\u00f3 d&#8217;episodis per contaminaci\u00f3 atmosf\u00e8rica<br \/>\n<\/strong><span style=\"color: #e57200;\">Sra. <\/span>Ajuntament de Madrid.<\/p>\n<p><strong>12:15h L&#8217;acci\u00f3 contra la contaminaci\u00f3 urbana procedent del tr\u00e0nsit: la gesti\u00f3 de la Comunitat de Madrid<br \/>\n<\/strong><span style=\"color: #e57200;\">Ricardo Vargas<\/span>, cap d&#8217;\u00c0rea de Qualitat Atmosf\u00e8rica, direcci\u00f3 general de Medi Ambient i Sostenibilitat, Conselleria de Medi Ambient i Ordenaci\u00f3 del Territori.<\/p>\n<p><strong>12:45h\u00a0Col\u00b7loqui<\/strong><\/p>\n<p><strong>13:00h Fi del\u00a0seminari<\/strong>[\/vc_column_text][vc_separator][\/vc_column][vc_column width=&#8221;1\/3&#8243;][vc_empty_space height=&#8221;12px&#8221;][vc_column_text css=&#8221;.vc_custom_1553534757884{padding-top: 10px !important;padding-right: 25px !important;padding-bottom: 25px !important;padding-left: 25px !important;background-color: #004571 !important;border-radius: 3px !important;}&#8221;]<\/p>\n<h5 style=\"text-align: center;\"><img loading=\"lazy\" class=\"size-full wp-image-53273 aligncenter\" src=\"https:\/\/www.fundacionnaturgy.org\/wp-content\/uploads\/2018\/12\/lapiz-blanco.png\" alt=\"lapiz-blanco\" width=\"70\" height=\"70\" srcset=\"https:\/\/www.fundacionnaturgy.org\/wp-content\/uploads\/2018\/12\/lapiz-blanco.png 176w, https:\/\/www.fundacionnaturgy.org\/wp-content\/uploads\/2018\/12\/lapiz-blanco-150x150.png 150w, https:\/\/www.fundacionnaturgy.org\/wp-content\/uploads\/2018\/12\/lapiz-blanco-140x140.png 140w\" sizes=\"(max-width: 70px) 100vw, 70px\" \/><span style=\"color: #ffffff;\"><a style=\"color: #ffffff;\" href=\"https:\/\/www.fundacionnaturgy.org\/wp-content\/uploads\/2018\/12\/lapiz-blanco.png\"><br \/>\n<\/a>28 de mar\u00e7\u00a0de 2019, de 9 a 13h<\/span><br \/>\n<span style=\"color: #ffffff;\"><a style=\"color: #ffffff;\" href=\"https:\/\/www.google.es\/maps\/place\/Av.+de+San+Luis,+77,+28033+Madrid\/@40.472916,-3.6658443,17z\/data=!3m1!4b1!4m5!3m4!1s0xd42293521c8f521:0xcdad383ff54ae6ae!8m2!3d40.472916!4d-3.6636556\"><span style=\"text-decoration: underline;\">Auditori\u00a0seu\u00a0de Naturgy<\/span><br \/>\n<span style=\"text-decoration: underline;\">Av. San Luis, 77<\/span><br \/>\n<span style=\"text-decoration: underline;\">28033\u00a0Madrid<\/span><br \/>\n<\/a>Aforament limitat<\/span><\/h5>\n<p style=\"text-align: center;\"><span style=\"text-decoration: underline; color: #ffffff;\"><a style=\"text-decoration: underline; color: #ffffff;\" href=\"https:\/\/www.fundacionnaturgy.org\/wp-content\/uploads\/2019\/03\/madrid-28.03.19-cast2.pdf\">Imprimir programa<\/a><\/span><\/p>\n<p>[\/vc_column_text][\/vc_column][\/vc_row]<\/p>\n","protected":false},"excerpt":{"rendered":"<p>Com l\u2019etiquetatge ambiental dels autom\u00f2bils pot contribuir a reduir les emissions contaminants? Com s\u2019organitzen les Administracions implicades per fer front als episodis puntuals d\u2019alta contaminaci\u00f3 local? Quina \u00e9s l\u2019experi\u00e8ncia pr\u00f2pia i la d\u2019altres pa\u00efsos m\u00e9s avan\u00e7ats?  <\/p>\n","protected":false},"author":1454,"featured_media":47209,"template":"","meta":{"inline_featured_image":false,"_tribe_events_status":"","_tribe_events_status_reason":""},"categories":[240],"tags":[],"tribe_events_cat":[],"acf":[],"_links":{"self":[{"href":"https:\/\/www.fundacionnaturgy.org\/ca\/wp-json\/wp\/v2\/tribe_events\/57887"}],"collection":[{"href":"https:\/\/www.fundacionnaturgy.org\/ca\/wp-json\/wp\/v2\/tribe_events"}],"about":[{"href":"https:\/\/www.fundacionnaturgy.org\/ca\/wp-json\/wp\/v2\/types\/tribe_events"}],"author":[{"embeddable":true,"href":"https:\/\/www.fundacionnaturgy.org\/ca\/wp-json\/wp\/v2\/users\/1454"}],"version-history":[{"count":0,"href":"https:\/\/www.fundacionnaturgy.org\/ca\/wp-json\/wp\/v2\/tribe_events\/57887\/revisions"}],"wp:featuredmedia":[{"embeddable":true,"href":"https:\/\/www.fundacionnaturgy.org\/ca\/wp-json\/wp\/v2\/media\/47209"}],"wp:attachment":[{"href":"https:\/\/www.fundacionnaturgy.org\/ca\/wp-json\/wp\/v2\/media?parent=57887"}],"wp:term":[{"taxonomy":"category","embeddable":true,"href":"https:\/\/www.fundacionnaturgy.org\/ca\/wp-json\/wp\/v2\/categories?post=57887"},{"taxonomy":"post_tag","embeddable":true,"href":"https:\/\/www.fundacionnaturgy.org\/ca\/wp-json\/wp\/v2\/tags?post=57887"},{"taxonomy":"tribe_events_cat","embeddable":true,"href":"https:\/\/www.fundacionnaturgy.org\/ca\/wp-json\/wp\/v2\/tribe_events_cat?post=57887"}],"curies":[{"name":"wp","href":"https:\/\/api.w.org\/{rel}","templated":true}]}}

Seminari “Etiquetatge ambiental de vehicles i gestió de la contaminació urbana”. Madrid

<p>[vc_row][vc_column width=&#8221;2/3&#8243;][vc_empty_space height=&#8221;12px&#8221;][vc_column_text]</p>
<h4><span style="color: #e57200;">Agenda</span></h4>
<p><strong>09:00h</strong>  <strong>Sessió inaugural<br />
</strong><span style="color: #e57200;">Mª Eugenia Coronado</span>, directora general, Fundació Naturgy.<br />
<span style="color: #e57200;">Luis del Olmo Flores<span style="color: #000000;">, director general de Medi Ambient i Sostenibilitat, Conselleria de Medi Ambient i Ordenació del Territori, Comunitat de Madrid.</span></span></p>
<p><strong>09:30h</strong>  <strong>La contaminació urbana procedent del transport i la salut. La situació actual a Espanya</strong><strong><br />
</strong><span style="color: #e57200;">Andrés Alastuey</span>, profesor e Investigador del CSIC.</p>
<p><strong>10:00h L&#8217;experiència internacional en eco / etiquetatge de vehicles i la lluita contra la contaminació urbana<br />
</strong><span style="color: #e57200;">Richard Lofthouse</span>, Investigador Senior de Emissions Analytics.</p>
<p><strong>10:30h L&#8217;etiquetatge ambiental dels vehicles: com es fa i per a què serveix<br />
</strong><span style="color: #e57200;">Luis Fernando Velasco</span>, cap de l&#8217;Àrea de Vehicles, Direcció General de Trànsit (DGT).</p>
<p><strong>11:00h Col·loqui<br />
</strong><br />
<strong>11:15h Pausa cafè &#8211; Visita l&#8217;exposició &#8220;La qualitat de l&#8217;aire, un repte actual&#8221; i lliurament del llibre &#8220;La qualitat de l&#8217;aire a les ciutats. Un repte mundial&#8221;</strong></p>
<p><strong>11:45h L&#8217;experiència de la ciutat de Madrid a la gestió d&#8217;episodis per contaminació atmosfèrica<br />
</strong><span style="color: #e57200;">Sra. </span>Ajuntament de Madrid.</p>
<p><strong>12:15h L&#8217;acció contra la contaminació urbana procedent del trànsit: la gestió de la Comunitat de Madrid<br />
</strong><span style="color: #e57200;">Ricardo Vargas</span>, cap d&#8217;Àrea de Qualitat Atmosfèrica, direcció general de Medi Ambient i Sostenibilitat, Conselleria de Medi Ambient i Ordenació del Territori.</p>
<p><strong>12:45h Col·loqui</strong></p>
<p><strong>13:00h Fi del seminari</strong>[/vc_column_text][vc_separator][/vc_column][vc_column width=&#8221;1/3&#8243;][vc_empty_space height=&#8221;12px&#8221;][vc_column_text css=&#8221;.vc_custom_1553534757884{padding-top: 10px !important;padding-right: 25px !important;padding-bottom: 25px !important;padding-left: 25px !important;background-color: #004571 !important;border-radius: 3px !important;}&#8221;]</p>
<h5 style="text-align: center;"><img loading="lazy" class="size-full wp-image-53273 aligncenter" src="https://www.fundacionnaturgy.org/wp-content/uploads/2018/12/lapiz-blanco.png" alt="lapiz-blanco" width="70" height="70" srcset="https://www.fundacionnaturgy.org/wp-content/uploads/2018/12/lapiz-blanco.png 176w, https://www.fundacionnaturgy.org/wp-content/uploads/2018/12/lapiz-blanco-150x150.png 150w, https://www.fundacionnaturgy.org/wp-content/uploads/2018/12/lapiz-blanco-140x140.png 140w" sizes="(max-width: 70px) 100vw, 70px" /><span style="color: #ffffff;"><a style="color: #ffffff;" href="https://www.fundacionnaturgy.org/wp-content/uploads/2018/12/lapiz-blanco.png"><br />
</a>28 de març de 2019, de 9 a 13h</span><br />
<span style="color: #ffffff;"><a style="color: #ffffff;" href="https://www.google.es/maps/place/Av.+de+San+Luis,+77,+28033+Madrid/@40.472916,-3.6658443,17z/data=!3m1!4b1!4m5!3m4!1s0xd42293521c8f521:0xcdad383ff54ae6ae!8m2!3d40.472916!4d-3.6636556"><span style="text-decoration: underline;">Auditori seu de Naturgy</span><br />
<span style="text-decoration: underline;">Av. San Luis, 77</span><br />
<span style="text-decoration: underline;">28033 Madrid</span><br />
</a>Aforament limitat</span></h5>
<p style="text-align: center;"><span style="text-decoration: underline; color: #ffffff;"><a style="text-decoration: underline; color: #ffffff;" href="https://www.fundacionnaturgy.org/wp-content/uploads/2019/03/madrid-28.03.19-cast2.pdf">Imprimir programa</a></span></p>
<p>[/vc_column_text][/vc_column][/vc_row]</p>

<p>Com l’etiquetatge ambiental dels automòbils pot contribuir a reduir les emissions contaminants? Com s’organitzen les Administracions implicades per fer front als episodis puntuals d’alta contaminació local? Quina és l’experiència pròpia i la d’altres països més avançats?  </p>
