{"id":62176,"date":"2019-05-03T13:49:47","date_gmt":"2019-05-03T11:49:47","guid":{"rendered":"https:\/\/www.fundacionnaturgy.org\/actividad\/ii-forum-tecnologic-bases-cientificotecniques-per-a-la-millora-de-la-qualitat-de-laire-a-espanya-valencia\/"},"modified":"2019-05-31T11:06:01","modified_gmt":"2019-05-31T09:06:01","slug":"ii-forum-tecnologic-bases-cientificotecniques-per-a-la-millora-de-la-qualitat-de-laire-a-espanya-valencia","status":"publish","type":"tribe_events","link":"https:\/\/www.fundacionnaturgy.org\/ca\/actividad\/ii-forum-tecnologic-bases-cientificotecniques-per-a-la-millora-de-la-qualitat-de-laire-a-espanya-valencia\/","title":{"rendered":"II F\u00f2rum Tecnol\u00f2gic \u201cBases cientificot\u00e8cniques per a la millora de la qualitat de l\u2019aire a Espanya\u201d. Val\u00e8ncia"},"content":{"rendered":"<p>[vc_row][vc_column width=&#8221;2\/3&#8243;][vc_empty_space height=&#8221;12px&#8221;][vc_column_text]La <strong>Fundaci\u00f3 Naturgy<\/strong>, la <strong>Universitat Internacional Men\u00e9ndez Pelayo (UIMP),<\/strong> l&#8217;<strong>Ajuntament<\/strong><strong> de Val\u00e8ncia<\/strong>, el <strong>Ministeri per a la Transici\u00f3 Ecol\u00f2gica (MITECO)<\/strong> i la <strong>Generalitat Valenciana <\/strong>i l&#8217;<strong>Institut<\/strong><strong> de Diagn\u00f2stic Ambiental i Estudis de l&#8217;Aigua del CSIC (IDAEA-CSIC)<\/strong> organitzen aquest curs -taller sobre les bases cient\u00edfic t\u00e8cniques de la millora de qualitat de l&#8217;aire a Espanya.<\/p>\n<p><span style=\"text-decoration: underline;\">Dia 11 de juny<\/span><\/p>\n<p>Sessi\u00f3 1. <strong>Estat actual de la qualitat de l\u2019aire i Pla de reducci\u00f3 d\u2019emissions per a la seva millora.<\/strong><\/p>\n<p><span style=\"text-decoration: underline;\">Dia\u00a012 de juny<\/span><\/p>\n<p>Sessi\u00f3 2. <strong>Qualitat de l\u2019aire en zones industrials.<\/strong><br \/>\nSessi\u00f3 3. <strong>Mesures per a la millora de la qualitat de l\u2019aire.<\/strong><\/p>\n<p><span style=\"text-decoration: underline;\">Dia\u00a013 de juny<\/span><\/p>\n<p>Sessi\u00f3\u00a04. <strong>Inventaris d\u2019emissions: estat actual i necessitats.<\/strong><br \/>\nSessi\u00f3 5. <strong>Problemes espec\u00edfics: oz\u00f3 i crema de biomassa.<\/strong><br \/>\n<strong>\u00a0 \u00a0 \u00a0 \u00a0 \u00a0 \u00a0 \u00a0 \u00a0 Millora de la qualitat de l\u2019aire: el punt de vista de moviments ecologistes.<\/strong>[\/vc_column_text][vc_separator][\/vc_column][vc_column width=&#8221;1\/3&#8243;][vc_empty_space height=&#8221;12px&#8221;][vc_column_text css=&#8221;.vc_custom_1557228077635{padding-top: 10px !important;padding-right: 25px !important;padding-bottom: 25px !important;padding-left: 25px !important;background-color: #004571 !important;border-radius: 3px !important;}&#8221;]<\/p>\n<h5 style=\"text-align: center;\"><img loading=\"lazy\" class=\"aligncenter wp-image-53273\" src=\"https:\/\/www.fundacionnaturgy.org\/wp-content\/uploads\/2018\/12\/lapiz-blanco.png\" alt=\"lapiz-blanco\" width=\"60\" height=\"60\" srcset=\"https:\/\/www.fundacionnaturgy.org\/wp-content\/uploads\/2018\/12\/lapiz-blanco.png 176w, https:\/\/www.fundacionnaturgy.org\/wp-content\/uploads\/2018\/12\/lapiz-blanco-150x150.png 150w, https:\/\/www.fundacionnaturgy.org\/wp-content\/uploads\/2018\/12\/lapiz-blanco-140x140.png 140w\" sizes=\"(max-width: 60px) 100vw, 60px\" \/><span style=\"color: #ffffff;\"><a style=\"color: #ffffff;\" href=\"https:\/\/www.fundacionnaturgy.org\/wp-content\/uploads\/2018\/12\/lapiz-blanco.png\"><br \/>\n<\/a>11, 12 i 13 de juny de 2019<\/span><\/h5>\n<p style=\"text-align: center;\"><span style=\"color: #ffffff;\"><span style=\"text-decoration: underline;\"><a style=\"text-decoration: underline; color: #ffffff;\" href=\"https:\/\/www.google.com\/maps\/place\/Calle+de+la+Democracia,+77,+46018+Valencia\/@39.4720739,-0.4066815,17z\/data=!3m1!4b1!4m5!3m4!1s0xd604f71c87360c9:0x7971ebf5f6082941!8m2!3d39.4720739!4d-0.4044928\">Generalitat Valenciana, Ciutat Administrativa 9 d\u2019octubre Edifici B (Sala d\u2019Actes) &#8211; C\/ Democr\u00e0cia, 77, Val\u00e8ncia<\/a><\/span><\/span><\/p>\n<p style=\"text-align: center;\"><span style=\"color: #ffffff;\">Aforament limitat<\/span><\/p>\n<p>[\/vc_column_text]<a class=\"gnf-boton oscuro left\" href=\"http:\/\/www.fundacionnaturgy.org\/wp-content\/uploads\/2019\/05\/ii-foro-tecnologico-valencia-11-12-y-13-de-junio-13.pdf\" title=\"\" target=\"_self\">Programa<\/a>[\/vc_column][\/vc_row]<\/p>\n","protected":false},"excerpt":{"rendered":"<p>En aquest f\u00f2rum tecnol\u00f2gic analitzarem la problem\u00e0tica actual de la qualitat de l\u2019aire a les ciutats, un problema tan important com el canvi clim\u00e0tic i amb efectes adversos per a la salut de les persones m\u00e9s immediats.<\/p>\n","protected":false},"author":1454,"featured_media":30917,"template":"","meta":{"inline_featured_image":false,"_tribe_events_status":"","_tribe_events_status_reason":""},"categories":[240],"tags":[921,506,876],"tribe_events_cat":[],"acf":[],"_links":{"self":[{"href":"https:\/\/www.fundacionnaturgy.org\/ca\/wp-json\/wp\/v2\/tribe_events\/62176"}],"collection":[{"href":"https:\/\/www.fundacionnaturgy.org\/ca\/wp-json\/wp\/v2\/tribe_events"}],"about":[{"href":"https:\/\/www.fundacionnaturgy.org\/ca\/wp-json\/wp\/v2\/types\/tribe_events"}],"author":[{"embeddable":true,"href":"https:\/\/www.fundacionnaturgy.org\/ca\/wp-json\/wp\/v2\/users\/1454"}],"version-history":[{"count":0,"href":"https:\/\/www.fundacionnaturgy.org\/ca\/wp-json\/wp\/v2\/tribe_events\/62176\/revisions"}],"wp:featuredmedia":[{"embeddable":true,"href":"https:\/\/www.fundacionnaturgy.org\/ca\/wp-json\/wp\/v2\/media\/30917"}],"wp:attachment":[{"href":"https:\/\/www.fundacionnaturgy.org\/ca\/wp-json\/wp\/v2\/media?parent=62176"}],"wp:term":[{"taxonomy":"category","embeddable":true,"href":"https:\/\/www.fundacionnaturgy.org\/ca\/wp-json\/wp\/v2\/categories?post=62176"},{"taxonomy":"post_tag","embeddable":true,"href":"https:\/\/www.fundacionnaturgy.org\/ca\/wp-json\/wp\/v2\/tags?post=62176"},{"taxonomy":"tribe_events_cat","embeddable":true,"href":"https:\/\/www.fundacionnaturgy.org\/ca\/wp-json\/wp\/v2\/tribe_events_cat?post=62176"}],"curies":[{"name":"wp","href":"https:\/\/api.w.org\/{rel}","templated":true}]}}

II Fòrum Tecnològic “Bases cientificotècniques per a la millora de la qualitat de l’aire a Espanya”. València

<p>[vc_row][vc_column width=&#8221;2/3&#8243;][vc_empty_space height=&#8221;12px&#8221;][vc_column_text]La <strong>Fundació Naturgy</strong>, la <strong>Universitat Internacional Menéndez Pelayo (UIMP),</strong> l&#8217;<strong>Ajuntament</strong><strong> de València</strong>, el <strong>Ministeri per a la Transició Ecològica (MITECO)</strong> i la <strong>Generalitat Valenciana </strong>i l&#8217;<strong>Institut</strong><strong> de Diagnòstic Ambiental i Estudis de l&#8217;Aigua del CSIC (IDAEA-CSIC)</strong> organitzen aquest curs -taller sobre les bases científic tècniques de la millora de qualitat de l&#8217;aire a Espanya.</p>
<p><span style="text-decoration: underline;">Dia 11 de juny</span></p>
<p>Sessió 1. <strong>Estat actual de la qualitat de l’aire i Pla de reducció d’emissions per a la seva millora.</strong></p>
<p><span style="text-decoration: underline;">Dia 12 de juny</span></p>
<p>Sessió 2. <strong>Qualitat de l’aire en zones industrials.</strong><br />
Sessió 3. <strong>Mesures per a la millora de la qualitat de l’aire.</strong></p>
<p><span style="text-decoration: underline;">Dia 13 de juny</span></p>
<p>Sessió 4. <strong>Inventaris d’emissions: estat actual i necessitats.</strong><br />
Sessió 5. <strong>Problemes específics: ozó i crema de biomassa.</strong><br />
<strong>                Millora de la qualitat de l’aire: el punt de vista de moviments ecologistes.</strong>[/vc_column_text][vc_separator][/vc_column][vc_column width=&#8221;1/3&#8243;][vc_empty_space height=&#8221;12px&#8221;][vc_column_text css=&#8221;.vc_custom_1557228077635{padding-top: 10px !important;padding-right: 25px !important;padding-bottom: 25px !important;padding-left: 25px !important;background-color: #004571 !important;border-radius: 3px !important;}&#8221;]</p>
<h5 style="text-align: center;"><img loading="lazy" class="aligncenter wp-image-53273" src="https://www.fundacionnaturgy.org/wp-content/uploads/2018/12/lapiz-blanco.png" alt="lapiz-blanco" width="60" height="60" srcset="https://www.fundacionnaturgy.org/wp-content/uploads/2018/12/lapiz-blanco.png 176w, https://www.fundacionnaturgy.org/wp-content/uploads/2018/12/lapiz-blanco-150x150.png 150w, https://www.fundacionnaturgy.org/wp-content/uploads/2018/12/lapiz-blanco-140x140.png 140w" sizes="(max-width: 60px) 100vw, 60px" /><span style="color: #ffffff;"><a style="color: #ffffff;" href="https://www.fundacionnaturgy.org/wp-content/uploads/2018/12/lapiz-blanco.png"><br />
</a>11, 12 i 13 de juny de 2019</span></h5>
<p style="text-align: center;"><span style="color: #ffffff;"><span style="text-decoration: underline;"><a style="text-decoration: underline; color: #ffffff;" href="https://www.google.com/maps/place/Calle+de+la+Democracia,+77,+46018+Valencia/@39.4720739,-0.4066815,17z/data=!3m1!4b1!4m5!3m4!1s0xd604f71c87360c9:0x7971ebf5f6082941!8m2!3d39.4720739!4d-0.4044928">Generalitat Valenciana, Ciutat Administrativa 9 d’octubre Edifici B (Sala d’Actes) &#8211; C/ Democràcia, 77, València</a></span></span></p>
<p style="text-align: center;"><span style="color: #ffffff;">Aforament limitat</span></p>
<p>[/vc_column_text]<a class="gnf-boton oscuro left" href="http://www.fundacionnaturgy.org/wp-content/uploads/2019/05/ii-foro-tecnologico-valencia-11-12-y-13-de-junio-13.pdf" title="" target="_self">Programa</a>[/vc_column][/vc_row]</p>

<p>En aquest fòrum tecnològic analitzarem la problemàtica actual de la qualitat de l’aire a les ciutats, un problema tan important com el canvi climàtic i amb efectes adversos per a la salut de les persones més immediats.</p>
