{"id":65557,"date":"2019-07-11T18:49:37","date_gmt":"2019-07-11T16:49:37","guid":{"rendered":"https:\/\/www.fundacionnaturgy.org\/actividad\/activitat-the-circular-challenge-innovacio-per-a-una-energia-renovable-i-circular-a-la-45a-reunio-anual-de-la-societat-nuclear-espanyola-vigo\/"},"modified":"2019-07-15T10:42:04","modified_gmt":"2019-07-15T08:42:04","slug":"activitat-the-circular-challenge-innovacio-per-a-una-energia-renovable-i-circular-a-la-45a-reunio-anual-de-la-societat-nuclear-espanyola-vigo","status":"publish","type":"tribe_events","link":"https:\/\/www.fundacionnaturgy.org\/ca\/actividad\/activitat-the-circular-challenge-innovacio-per-a-una-energia-renovable-i-circular-a-la-45a-reunio-anual-de-la-societat-nuclear-espanyola-vigo\/","title":{"rendered":"Activitat \u201cThe Circular Challenge. Innovaci\u00f3 per a una energia renovable i circular\u201d a la 45a Reuni\u00f3 Anual de la Societat Nuclear Espanyola. Vigo"},"content":{"rendered":"<p>[vc_row][vc_column width=&#8221;2\/3&#8243;][vc_empty_space height=&#8221;12px&#8221;][vc_column_text]La Fundaci\u00f3 Naturgy ser\u00e0 present a la <strong>45a edici\u00f3 de la Reuni\u00f3 Anual de la Societat Espanyola<\/strong>, que se celebrar\u00e0 a Vigo del 23 al 27 de setembre, mitjan\u00e7ant \u201cThe Circular Challenge\u201d, <strong>una experi\u00e8ncia tecnol\u00f2gica i participativa<\/strong> que, mitjan\u00e7ant la ludificaci\u00f3, permet descobrir com el gas renovable \u00e9s una font d\u2019energia clau per frenar el canvi clim\u00e0tic i afavorir l\u2019economia circular.\u00a0Els participants comprendran com es crea el gas renovable, els usos que permet i el seu paper fonamental en el futur com a energia neta i sostenible.\u00a0Aquesta proposta, que es pot desenvolupar en diferents nivells de dificultat, \u00e9s una eina excel\u00b7lent per transferir coneixement expert a estudiants de secund\u00e0ria, universitaris, aix\u00ed com p\u00fablic en general.\u00a0A m\u00e9s de tractar q\u00fcestions t\u00e8cniques, l\u2019experi\u00e8ncia planteja el treball en valors, el desenvolupament del sentit cr\u00edtic, el civisme i el comprom\u00eds social.<\/p>\n<p>La <strong>Reuni\u00f3 Anual de la Societat Espanyola<\/strong> inclou activitats obertes al p\u00fablic en general, entre les quals s\u2019engloba el <strong>Programa STEM<\/strong> <strong>de la Societat Nuclear Espanyola<\/strong>.\u00a0Aquest esdeveniment obert i gratu\u00eft orientat a estudiants d\u2019instituts d\u2019ensenyament secundari (IES) els seus dos \u00faltims anys (3r i 4t de l\u2019ESO) pret\u00e9n formar les generacions m\u00e9s joves en conceptes t\u00e8cnics i cient\u00edfics relacionats amb la ci\u00e8ncia i la tecnologia en general i l\u2019energia en particular.[\/vc_column_text][vc_separator color=&#8221;custom&#8221; accent_color=&#8221;#b2c7d4&#8243;][\/vc_column][vc_column width=&#8221;1\/3&#8243;][vc_column_text css=&#8221;.vc_custom_1563180214848{padding-top: 25px !important;padding-right: 25px !important;padding-bottom: 25px !important;padding-left: 25px !important;background-color: #004571 !important;border-radius: 3px !important;}&#8221;]<\/p>\n<h5 style=\"text-align: center;\"><img loading=\"lazy\" class=\"aligncenter wp-image-53273\" src=\"https:\/\/www.fundacionnaturgy.org\/wp-content\/uploads\/2018\/12\/lapiz-blanco.png\" alt=\"lapiz-blanco\" width=\"60\" height=\"60\" srcset=\"https:\/\/www.fundacionnaturgy.org\/wp-content\/uploads\/2018\/12\/lapiz-blanco.png 176w, https:\/\/www.fundacionnaturgy.org\/wp-content\/uploads\/2018\/12\/lapiz-blanco-150x150.png 150w, https:\/\/www.fundacionnaturgy.org\/wp-content\/uploads\/2018\/12\/lapiz-blanco-140x140.png 140w\" sizes=\"(max-width: 60px) 100vw, 60px\" \/><span style=\"color: #ffffff;\"><a style=\"color: #ffffff;\" href=\"https:\/\/www.fundacionnaturgy.org\/wp-content\/uploads\/2018\/12\/lapiz-blanco.png\"><br \/>\n<\/a>23 i 24 de setembre de 2019, de 9:00 a 13:30 h.<\/span><\/h5>\n<p style=\"text-align: center;\"><span style=\"color: #ffffff;\"><span style=\"text-decoration: underline;\"><a style=\"text-decoration: underline; color: #ffffff;\" href=\"https:\/\/www.google.com\/maps\/place\/Auditorio+Pazo+de+Congresos+Mar+de+Vigo\/@42.2314016,-8.7344735,15z\/data=!4m2!3m1!1s0x0:0xa76e1afac7bfcfc9?sa=X&amp;ved=2ahUKEwjDhaCuoq3jAhUBi1wKHa2fB-0Q_BIwCnoECA8QCA\" target=\"_blank\">Auditori Pazo de Congresos Mar (Av. da Beiramar 59; 36202 Vigo, Pontevedra)<\/a><\/span><\/span><\/p>\n<p style=\"text-align: center;\"><span style=\"color: #ffffff;\">M\u00e9s informaci\u00f3 a<br \/>\n<a href=\"mailto:educacionfundacion@naturgy.com\" target=\"_blank\" rel=\"noopener noreferrer\" data-auth=\"NotApplicable\"><span style=\"text-decoration: underline;\"><span style=\"color: #ffffff; text-decoration: underline;\">educacionfundacion@naturgy.com<\/span><\/span><br \/>\n<\/a>o tel. 93 412 96 80\u00a0<\/span><span style=\"text-decoration: underline; color: #ffffff;\"><br \/>\n<\/span><\/p>\n<p>[\/vc_column_text][\/vc_column][\/vc_row]<\/p>\n","protected":false},"excerpt":{"rendered":"<p>La Fundaci\u00f3 Naturgy presenta \u201cThe Circular Challenge\u201d, una experi\u00e8ncia que presenta el gas renovable com una font d\u2019energia clau per frenar el canvi clim\u00e0tic i afavorir l\u2019economia circular.<\/p>\n","protected":false},"author":1454,"featured_media":64169,"template":"","meta":{"inline_featured_image":false,"_tribe_events_status":"","_tribe_events_status_reason":""},"categories":[242],"tags":[],"tribe_events_cat":[],"acf":[],"_links":{"self":[{"href":"https:\/\/www.fundacionnaturgy.org\/ca\/wp-json\/wp\/v2\/tribe_events\/65557"}],"collection":[{"href":"https:\/\/www.fundacionnaturgy.org\/ca\/wp-json\/wp\/v2\/tribe_events"}],"about":[{"href":"https:\/\/www.fundacionnaturgy.org\/ca\/wp-json\/wp\/v2\/types\/tribe_events"}],"author":[{"embeddable":true,"href":"https:\/\/www.fundacionnaturgy.org\/ca\/wp-json\/wp\/v2\/users\/1454"}],"version-history":[{"count":0,"href":"https:\/\/www.fundacionnaturgy.org\/ca\/wp-json\/wp\/v2\/tribe_events\/65557\/revisions"}],"wp:featuredmedia":[{"embeddable":true,"href":"https:\/\/www.fundacionnaturgy.org\/ca\/wp-json\/wp\/v2\/media\/64169"}],"wp:attachment":[{"href":"https:\/\/www.fundacionnaturgy.org\/ca\/wp-json\/wp\/v2\/media?parent=65557"}],"wp:term":[{"taxonomy":"category","embeddable":true,"href":"https:\/\/www.fundacionnaturgy.org\/ca\/wp-json\/wp\/v2\/categories?post=65557"},{"taxonomy":"post_tag","embeddable":true,"href":"https:\/\/www.fundacionnaturgy.org\/ca\/wp-json\/wp\/v2\/tags?post=65557"},{"taxonomy":"tribe_events_cat","embeddable":true,"href":"https:\/\/www.fundacionnaturgy.org\/ca\/wp-json\/wp\/v2\/tribe_events_cat?post=65557"}],"curies":[{"name":"wp","href":"https:\/\/api.w.org\/{rel}","templated":true}]}}

Activitat “The Circular Challenge. Innovació per a una energia renovable i circular” a la 45a Reunió Anual de la Societat Nuclear Espanyola. Vigo

<p>[vc_row][vc_column width=&#8221;2/3&#8243;][vc_empty_space height=&#8221;12px&#8221;][vc_column_text]La Fundació Naturgy serà present a la <strong>45a edició de la Reunió Anual de la Societat Espanyola</strong>, que se celebrarà a Vigo del 23 al 27 de setembre, mitjançant “The Circular Challenge”, <strong>una experiència tecnològica i participativa</strong> que, mitjançant la ludificació, permet descobrir com el gas renovable és una font d’energia clau per frenar el canvi climàtic i afavorir l’economia circular. Els participants comprendran com es crea el gas renovable, els usos que permet i el seu paper fonamental en el futur com a energia neta i sostenible. Aquesta proposta, que es pot desenvolupar en diferents nivells de dificultat, és una eina excel·lent per transferir coneixement expert a estudiants de secundària, universitaris, així com públic en general. A més de tractar qüestions tècniques, l’experiència planteja el treball en valors, el desenvolupament del sentit crític, el civisme i el compromís social.</p>
<p>La <strong>Reunió Anual de la Societat Espanyola</strong> inclou activitats obertes al públic en general, entre les quals s’engloba el <strong>Programa STEM</strong> <strong>de la Societat Nuclear Espanyola</strong>. Aquest esdeveniment obert i gratuït orientat a estudiants d’instituts d’ensenyament secundari (IES) els seus dos últims anys (3r i 4t de l’ESO) pretén formar les generacions més joves en conceptes tècnics i científics relacionats amb la ciència i la tecnologia en general i l’energia en particular.[/vc_column_text][vc_separator color=&#8221;custom&#8221; accent_color=&#8221;#b2c7d4&#8243;][/vc_column][vc_column width=&#8221;1/3&#8243;][vc_column_text css=&#8221;.vc_custom_1563180214848{padding-top: 25px !important;padding-right: 25px !important;padding-bottom: 25px !important;padding-left: 25px !important;background-color: #004571 !important;border-radius: 3px !important;}&#8221;]</p>
<h5 style="text-align: center;"><img loading="lazy" class="aligncenter wp-image-53273" src="https://www.fundacionnaturgy.org/wp-content/uploads/2018/12/lapiz-blanco.png" alt="lapiz-blanco" width="60" height="60" srcset="https://www.fundacionnaturgy.org/wp-content/uploads/2018/12/lapiz-blanco.png 176w, https://www.fundacionnaturgy.org/wp-content/uploads/2018/12/lapiz-blanco-150x150.png 150w, https://www.fundacionnaturgy.org/wp-content/uploads/2018/12/lapiz-blanco-140x140.png 140w" sizes="(max-width: 60px) 100vw, 60px" /><span style="color: #ffffff;"><a style="color: #ffffff;" href="https://www.fundacionnaturgy.org/wp-content/uploads/2018/12/lapiz-blanco.png"><br />
</a>23 i 24 de setembre de 2019, de 9:00 a 13:30 h.</span></h5>
<p style="text-align: center;"><span style="color: #ffffff;"><span style="text-decoration: underline;"><a style="text-decoration: underline; color: #ffffff;" href="https://www.google.com/maps/place/Auditorio+Pazo+de+Congresos+Mar+de+Vigo/@42.2314016,-8.7344735,15z/data=!4m2!3m1!1s0x0:0xa76e1afac7bfcfc9?sa=X&amp;ved=2ahUKEwjDhaCuoq3jAhUBi1wKHa2fB-0Q_BIwCnoECA8QCA" target="_blank">Auditori Pazo de Congresos Mar (Av. da Beiramar 59; 36202 Vigo, Pontevedra)</a></span></span></p>
<p style="text-align: center;"><span style="color: #ffffff;">Més informació a<br />
<a href="mailto:educacionfundacion@naturgy.com" target="_blank" rel="noopener noreferrer" data-auth="NotApplicable"><span style="text-decoration: underline;"><span style="color: #ffffff; text-decoration: underline;">educacionfundacion@naturgy.com</span></span><br />
</a>o tel. 93 412 96 80 </span><span style="text-decoration: underline; color: #ffffff;"><br />
</span></p>
<p>[/vc_column_text][/vc_column][/vc_row]</p>

<p>La Fundació Naturgy presenta “The Circular Challenge”, una experiència que presenta el gas renovable com una font d’energia clau per frenar el canvi climàtic i afavorir l’economia circular.</p>
