{"id":64445,"date":"2019-06-19T10:18:18","date_gmt":"2019-06-19T08:18:18","guid":{"rendered":"https:\/\/www.fundacionnaturgy.org\/producto\/talks-from-the-first-seminar-of-the-ii-technology-forum-technical-scientific-bases-to-improve-air-quality-in-spain-valencia\/"},"modified":"2020-02-27T17:50:36","modified_gmt":"2020-02-27T16:50:36","slug":"talks-from-the-first-seminar-of-the-ii-technology-forum-technical-scientific-bases-to-improve-air-quality-in-spain-valencia","status":"publish","type":"product","link":"https:\/\/www.fundacionnaturgy.org\/en\/producto\/talks-from-the-first-seminar-of-the-ii-technology-forum-technical-scientific-bases-to-improve-air-quality-in-spain-valencia\/","title":{"rendered":"Talks from the first seminar of the II Technology Forum \u201cTechnical scientific bases to improve air quality in Spain\u201d. Valencia"},"content":{"rendered":"<p>Here you can find the talks given at the first seminar on air quality held in Valencia on 11 June 2019 by: Alberto Campos, Natalia Alonso, Mar\u00eda Herv\u00e1s y Rebeca Javato, Ferran Ballester and Marta Garc\u00eda.<\/p>\n","protected":false},"excerpt":{"rendered":"<p>Here you can find the talks given at the first seminar on air quality held in Valencia on 11 June 2019 by: Alberto Campos, Natalia Alonso, Mar\u00eda Herv\u00e1s y Rebeca Javato, Ferran Ballester and Marta Garc\u00eda.<\/p>\n","protected":false},"featured_media":53779,"template":"","meta":{"inline_featured_image":false},"categories":[1190],"content-type":[1177],"product_tag":[],"acf":[],"post_class":["post-64445","product","type-product","status-publish","has-post-thumbnail","hentry","category-air-quality","content-type-presentations","wordpress-sticky"],"_links":{"self":[{"href":"https:\/\/www.fundacionnaturgy.org\/en\/wp-json\/wp\/v2\/product\/64445"}],"collection":[{"href":"https:\/\/www.fundacionnaturgy.org\/en\/wp-json\/wp\/v2\/product"}],"about":[{"href":"https:\/\/www.fundacionnaturgy.org\/en\/wp-json\/wp\/v2\/types\/product"}],"wp:featuredmedia":[{"embeddable":true,"href":"https:\/\/www.fundacionnaturgy.org\/en\/wp-json\/wp\/v2\/media\/53779"}],"wp:attachment":[{"href":"https:\/\/www.fundacionnaturgy.org\/en\/wp-json\/wp\/v2\/media?parent=64445"}],"wp:term":[{"taxonomy":"category","embeddable":true,"href":"https:\/\/www.fundacionnaturgy.org\/en\/wp-json\/wp\/v2\/categories?post=64445"},{"taxonomy":"content-type","embeddable":true,"href":"https:\/\/www.fundacionnaturgy.org\/en\/wp-json\/wp\/v2\/content-type?post=64445"},{"taxonomy":"product_tag","embeddable":true,"href":"https:\/\/www.fundacionnaturgy.org\/en\/wp-json\/wp\/v2\/product_tag?post=64445"}],"curies":[{"name":"wp","href":"https:\/\/api.w.org\/{rel}","templated":true}]}}

<p>Here you can find the talks given at the first seminar on air quality held in Valencia on 11 June 2019 by: Alberto Campos, Natalia Alonso, María Hervás y Rebeca Javato, Ferran Ballester and Marta García.</p>
