{"id":64449,"date":"2019-06-19T10:31:32","date_gmt":"2019-06-19T08:31:32","guid":{"rendered":"https:\/\/www.fundacionnaturgy.org\/producto\/talks-from-the-third-seminar-of-the-ii-technology-forum-technical-scientific-bases-to-improve-air-quality-in-spain-valencia\/"},"modified":"2020-02-27T17:49:41","modified_gmt":"2020-02-27T16:49:41","slug":"talks-from-the-third-seminar-of-the-ii-technology-forum-technical-scientific-bases-to-improve-air-quality-in-spain-valencia","status":"publish","type":"product","link":"https:\/\/www.fundacionnaturgy.org\/en\/producto\/talks-from-the-third-seminar-of-the-ii-technology-forum-technical-scientific-bases-to-improve-air-quality-in-spain-valencia\/","title":{"rendered":"Talks from the third seminar of the II Technology Forum \u201cTechnical scientific bases to improve air quality in Spain\u201d. Valencia"},"content":{"rendered":"<p>Here you can find the talks given at the third seminar on air quality held in Valencia on 13 June 2019 by: Maj-Britt Larka,\u00a0Mart\u00edn Fern\u00e1ndez D\u00edez-Picazo,\u00a0Rafael Borge,\u00a0Marc Guevara,\u00a0Marta Garc\u00eda Vivanco,\u00a0Irina Celades,\u00a0Xavier Querol,\u00a0Enrique Mantilla,\u00a0Gotzon Gangoiti,\u00a0Amalia Mu\u00f1oz,\u00a0M. Teresa Pay,\u00a0Juan Garc\u00eda Vicente.<\/p>\n","protected":false},"excerpt":{"rendered":"<p>Here you can find the talks given at the third seminar on air quality held in Valencia on 13 June 2019 by: Maj-Britt Larka, Mart\u00edn Fern\u00e1ndez D\u00edez-Picazo, Rafael Borge, Marc Guevara, Marta Garc\u00eda Vivanco, Irina Celades, Xavier Querol, Enrique Mantilla, Gotzon Gangoiti, Amalia Mu\u00f1oz, M. Teresa Pay, Juan Garc\u00eda Vicente.<\/p>\n","protected":false},"featured_media":53779,"template":"","meta":{"inline_featured_image":false},"categories":[1190],"content-type":[1177],"product_tag":[],"acf":[],"post_class":["post-64449","product","type-product","status-publish","has-post-thumbnail","hentry","category-air-quality","content-type-presentations","wordpress-sticky"],"_links":{"self":[{"href":"https:\/\/www.fundacionnaturgy.org\/en\/wp-json\/wp\/v2\/product\/64449"}],"collection":[{"href":"https:\/\/www.fundacionnaturgy.org\/en\/wp-json\/wp\/v2\/product"}],"about":[{"href":"https:\/\/www.fundacionnaturgy.org\/en\/wp-json\/wp\/v2\/types\/product"}],"wp:featuredmedia":[{"embeddable":true,"href":"https:\/\/www.fundacionnaturgy.org\/en\/wp-json\/wp\/v2\/media\/53779"}],"wp:attachment":[{"href":"https:\/\/www.fundacionnaturgy.org\/en\/wp-json\/wp\/v2\/media?parent=64449"}],"wp:term":[{"taxonomy":"category","embeddable":true,"href":"https:\/\/www.fundacionnaturgy.org\/en\/wp-json\/wp\/v2\/categories?post=64449"},{"taxonomy":"content-type","embeddable":true,"href":"https:\/\/www.fundacionnaturgy.org\/en\/wp-json\/wp\/v2\/content-type?post=64449"},{"taxonomy":"product_tag","embeddable":true,"href":"https:\/\/www.fundacionnaturgy.org\/en\/wp-json\/wp\/v2\/product_tag?post=64449"}],"curies":[{"name":"wp","href":"https:\/\/api.w.org\/{rel}","templated":true}]}}

<p>Here you can find the talks given at the third seminar on air quality held in Valencia on 13 June 2019 by: Maj-Britt Larka, Martín Fernández Díez-Picazo, Rafael Borge, Marc Guevara, Marta García Vivanco, Irina Celades, Xavier Querol, Enrique Mantilla, Gotzon Gangoiti, Amalia Muñoz, M. Teresa Pay, Juan García Vicente.</p>

<p>Here you can find the talks given at the third seminar on air quality held in Valencia on 13 June 2019 by: Maj-Britt Larka, Martín Fernández Díez-Picazo, Rafael Borge, Marc Guevara, Marta García Vivanco, Irina Celades, Xavier Querol, Enrique Mantilla, Gotzon Gangoiti, Amalia Muñoz, M. Teresa Pay, Juan García Vicente.</p>
