{"id":64209,"date":"2019-06-17T10:09:27","date_gmt":"2019-06-17T08:09:27","guid":{"rendered":"https:\/\/www.fundacionnaturgy.org\/actividad\/els-juliols-digitisation-practical-cases-in-7-sectors-barcelona\/?lang=es"},"modified":"2019-06-21T10:37:50","modified_gmt":"2019-06-21T08:37:50","slug":"els-juliols-digitisation-practical-cases-in-7-sectors-barcelona","status":"publish","type":"tribe_events","link":"https:\/\/www.fundacionnaturgy.org\/en\/actividad\/els-juliols-digitisation-practical-cases-in-7-sectors-barcelona\/","title":{"rendered":"Els Juliols: \u201cDigitisation: practical cases in 7 sectors\u201d. Barcelona"},"content":{"rendered":"<p>[vc_row][vc_column width=&#8221;2\/3&#8243;][vc_empty_space height=&#8221;12px&#8221;][vc_column_text]Digitisation, the<strong> intensive use of information and communication technology<\/strong>, is part of everyday life and is present in any sector and setting of an advanced society. But what do we really understand as digitisation? What is it for? What are the main technologies and applications?<\/p>\n<p>To assess these and other doubts, the University of Barcelona and the Naturgy Foundation have organised a seminar this year, which will bring together<strong> experts from academic fields and different business sectors <\/strong>in order to present the most practical aspect of implementation.[\/vc_column_text][\/vc_column][vc_column width=&#8221;1\/3&#8243;][vc_column_text css=&#8221;.vc_custom_1561106143811{padding-top: 25px !important;padding-right: 25px !important;padding-bottom: 25px !important;padding-left: 25px !important;background-color: #004571 !important;border-radius: 5px !important;}&#8221;]<\/p>\n<h5 style=\"text-align: center;\"><img loading=\"lazy\" class=\"aligncenter wp-image-53273\" src=\"https:\/\/www.fundacionnaturgy.org\/wp-content\/uploads\/2018\/12\/lapiz-blanco.png\" alt=\"lapiz-blanco\" width=\"60\" height=\"60\" srcset=\"https:\/\/www.fundacionnaturgy.org\/wp-content\/uploads\/2018\/12\/lapiz-blanco.png 176w, https:\/\/www.fundacionnaturgy.org\/wp-content\/uploads\/2018\/12\/lapiz-blanco-150x150.png 150w, https:\/\/www.fundacionnaturgy.org\/wp-content\/uploads\/2018\/12\/lapiz-blanco-140x140.png 140w\" sizes=\"(max-width: 60px) 100vw, 60px\" \/><span style=\"color: #ffffff;\"><a style=\"color: #ffffff;\" href=\"https:\/\/www.fundacionnaturgy.org\/wp-content\/uploads\/2018\/12\/lapiz-blanco.png\"><br \/>\n<\/a>9 July 2019<\/span><\/h5>\n<p style=\"text-align: center;\"><span style=\"color: #ffffff;\"><span style=\"text-decoration: underline;\"><a style=\"text-decoration: underline; color: #ffffff;\" href=\"https:\/\/www.google.com\/maps\/place\/Carrer+del+Gas,+1,+08003+Barcelona\/@41.3839744,2.1902145,17z\/data=!3m1!4b1!4m5!3m4!1s0x12a4a306431b9a85:0xb01bc9b218f76b5e!8m2!3d41.3839744!4d2.1924032\">Auditorio Sede Naturgy &#8211;<br \/>\nPl. del Gas, 1, 08003 Barcelona<\/a><\/span><\/span><\/p>\n<p style=\"text-align: center;\"><span style=\"color: #ffffff;\">Space is limited<br \/>\n<\/span><a href=\"https:\/\/www.fundacionnaturgy.org\/wp-content\/uploads\/2019\/06\/els-juliols-barcelona-2019-3.pdf\"><span style=\"text-decoration: underline; color: #ffffff;\">Programme<\/span><\/a><\/p>\n<p>[\/vc_column_text][\/vc_column][\/vc_row][vc_row][vc_column][vc_column_text]<\/p>\n<h4>Schedule<\/h4>\n<p><strong>Moderator of the seminar: <\/strong><span style=\"color: #e57200;\">Mariano Marzo<\/span>, professor, University\u00a0of Barcelona<\/p>\n<p>09.00 am\u00a0Opening session<br \/>\n<span style=\"color: #e57200;\">M\u00aa Eugenia Coronado<\/span>, managing director, Naturgy\u00a0Foundation<br \/>\n<span style=\"color: #e57200;\">Albert\u00a0Cirera<\/span>, Vice-Rector of Entrepreneurship, Transfer and Innovation, University of Barcelona<\/p>\n<p><strong>09.30\u00a0am\u00a0What is digitisation?<\/strong><strong> What is it for? What are the main technologies? Applications and impact on competitiveness\u00a0<\/strong><br \/>\n<span style=\"color: #e57200;\">Eduardo Calvo<\/span>, professor, IESE<\/p>\n<p><strong>10.15\u00a0am\u00a0The impact of digitisation on society and employment.<\/strong><strong> What should new training entail?<\/strong><br \/>\n<span style=\"color: #e57200;\">Antoni Garrell<\/span>, managing director, ESDi\u00a0Foundation\u00a0(FUNDIT)<\/p>\n<p><strong>10.45\u00a0am\u00a0<\/strong>Q&amp;A session<\/p>\n<p><strong>11.00\u00a0am\u00a0<\/strong>Coffee\u00a0break<\/p>\n<p><strong>11.30\u00a0am\u00a0<\/strong><strong>Block\u00a0I. Practical cases of digitisation<\/strong><\/p>\n<p><strong>The energy sector: encouraging the use of data analytics to optimise the photovoltaic plants<\/strong><br \/>\n<span style=\"color: #e57200;\">Beatriz von Munthe Af Morgenstierne Ramirez<\/span>, Digitisation Project, Naturgy<\/p>\n<p><strong>The\u00a0retail\u00a0sector<\/strong><br \/>\n<span style=\"color: #e57200;\">Mosiri Cabezas<\/span>,\u00a0head of digital transformation and <em>eCommerce<\/em>, IKEA Spain<\/p>\n<p><strong>The financial sector: the digital bank<\/strong><br \/>\n<span style=\"color: #e57200;\">Xavier Bomb\u00ed<\/span>, strategy partner of the financial sector, KPMG in Catalonia<\/p>\n<p><strong>The telecommunications sector: how to evolve towards digital telecoms based on platforms<\/strong><br \/>\n<span style=\"color: #e57200;\">Carlos Rabazo<\/span>, Digital Transformation Manager, Telef\u00f3nica Empresas<\/p>\n<p><strong>13. 15 pm\u00a0<\/strong>Q&amp;A session<\/p>\n<p><strong>13.30 pm\u00a0<\/strong>Cocktails\u2014Networking<\/p>\n<p><strong>14.30 pm\u00a0<\/strong><strong>Block\u00a0II. Practical cases of digitisation<\/strong><\/p>\n<p><strong>The health sector: continuous improvement with digital disruption.\u00a0Caso Sanofi<\/strong><br \/>\n<span style=\"color: #e57200;\">Borja Tinao P\u00e9rez-Miravete<\/span>, Innovation Center for Advanced Manufacturing Director, Altran<\/p>\n<p><strong>The logistics sector: creation of a new business unit<\/strong><br \/>\n<span style=\"color: #e57200;\">Fernando J. Garc\u00eda Pardo<\/span>, Enterprise Account Manager, Amazon Web Services<\/p>\n<p><strong>The tourism sector: comprehensive vision tools of the business-client impact<\/strong><br \/>\n<span style=\"color: #e57200;\">Ingrid de la Fuente<\/span>, Global Technical Services Department, Meli\u00e1 Hotels International<br \/>\n<span style=\"color: #e57200;\">Diego Viu<\/span>, Technical Projects and Compliance Specialist, Meli\u00e1 Hotels International<\/p>\n<p><strong>15.40 pm A vision of the future<\/strong><br \/>\n<span style=\"color: #e57200;\">Jos\u00e9 Manuel Garc\u00eda Gavil\u00e1n<\/span>, Strategic Customers Director, Google Cloud<\/p>\n<p><strong>16.10 pm <\/strong>Q&amp;A session<\/p>\n<p><strong>16.30\u00a0pm\u00a0<\/strong>Closing session<br \/>\n<span style=\"color: #e57200;\">M\u00aa Eugenia Coronado<\/span>, managing director, Naturgy Foundation<br \/>\n<span style=\"color: #e57200;\">Mariano Marzo<\/span>, professor, University\u00a0of\u00a0Barcelona<\/p>\n<p><strong>17.00 pm<br \/>\n<\/strong>End of seminar[\/vc_column_text][vc_empty_space height=&#8221;18px&#8221;][vc_separator color=&#8221;custom&#8221; accent_color=&#8221;#b2c7d4&#8243;][\/vc_column][\/vc_row]<\/p>\n","protected":false},"excerpt":{"rendered":"<p>The \u201cEls Juliols\u201d summer course will address the digital transformation process carried out in companies that represent seven important sectors in the business world.<\/p>\n","protected":false},"author":1454,"featured_media":63936,"template":"","meta":{"inline_featured_image":false,"_tribe_events_status":"","_tribe_events_status_reason":""},"categories":[700],"tags":[1057,711],"tribe_events_cat":[],"acf":[],"_links":{"self":[{"href":"https:\/\/www.fundacionnaturgy.org\/en\/wp-json\/wp\/v2\/tribe_events\/64209"}],"collection":[{"href":"https:\/\/www.fundacionnaturgy.org\/en\/wp-json\/wp\/v2\/tribe_events"}],"about":[{"href":"https:\/\/www.fundacionnaturgy.org\/en\/wp-json\/wp\/v2\/types\/tribe_events"}],"author":[{"embeddable":true,"href":"https:\/\/www.fundacionnaturgy.org\/en\/wp-json\/wp\/v2\/users\/1454"}],"version-history":[{"count":0,"href":"https:\/\/www.fundacionnaturgy.org\/en\/wp-json\/wp\/v2\/tribe_events\/64209\/revisions"}],"wp:featuredmedia":[{"embeddable":true,"href":"https:\/\/www.fundacionnaturgy.org\/en\/wp-json\/wp\/v2\/media\/63936"}],"wp:attachment":[{"href":"https:\/\/www.fundacionnaturgy.org\/en\/wp-json\/wp\/v2\/media?parent=64209"}],"wp:term":[{"taxonomy":"category","embeddable":true,"href":"https:\/\/www.fundacionnaturgy.org\/en\/wp-json\/wp\/v2\/categories?post=64209"},{"taxonomy":"post_tag","embeddable":true,"href":"https:\/\/www.fundacionnaturgy.org\/en\/wp-json\/wp\/v2\/tags?post=64209"},{"taxonomy":"tribe_events_cat","embeddable":true,"href":"https:\/\/www.fundacionnaturgy.org\/en\/wp-json\/wp\/v2\/tribe_events_cat?post=64209"}],"curies":[{"name":"wp","href":"https:\/\/api.w.org\/{rel}","templated":true}]}}

<p>[vc_row][vc_column width=&#8221;2/3&#8243;][vc_empty_space height=&#8221;12px&#8221;][vc_column_text]Digitisation, the<strong> intensive use of information and communication technology</strong>, is part of everyday life and is present in any sector and setting of an advanced society. But what do we really understand as digitisation? What is it for? What are the main technologies and applications?</p>
<p>To assess these and other doubts, the University of Barcelona and the Naturgy Foundation have organised a seminar this year, which will bring together<strong> experts from academic fields and different business sectors </strong>in order to present the most practical aspect of implementation.[/vc_column_text][/vc_column][vc_column width=&#8221;1/3&#8243;][vc_column_text css=&#8221;.vc_custom_1561106143811{padding-top: 25px !important;padding-right: 25px !important;padding-bottom: 25px !important;padding-left: 25px !important;background-color: #004571 !important;border-radius: 5px !important;}&#8221;]</p>
<h5 style="text-align: center;"><img loading="lazy" class="aligncenter wp-image-53273" src="https://www.fundacionnaturgy.org/wp-content/uploads/2018/12/lapiz-blanco.png" alt="lapiz-blanco" width="60" height="60" srcset="https://www.fundacionnaturgy.org/wp-content/uploads/2018/12/lapiz-blanco.png 176w, https://www.fundacionnaturgy.org/wp-content/uploads/2018/12/lapiz-blanco-150x150.png 150w, https://www.fundacionnaturgy.org/wp-content/uploads/2018/12/lapiz-blanco-140x140.png 140w" sizes="(max-width: 60px) 100vw, 60px" /><span style="color: #ffffff;"><a style="color: #ffffff;" href="https://www.fundacionnaturgy.org/wp-content/uploads/2018/12/lapiz-blanco.png"><br />
</a>9 July 2019</span></h5>
<p style="text-align: center;"><span style="color: #ffffff;"><span style="text-decoration: underline;"><a style="text-decoration: underline; color: #ffffff;" href="https://www.google.com/maps/place/Carrer+del+Gas,+1,+08003+Barcelona/@41.3839744,2.1902145,17z/data=!3m1!4b1!4m5!3m4!1s0x12a4a306431b9a85:0xb01bc9b218f76b5e!8m2!3d41.3839744!4d2.1924032">Auditorio Sede Naturgy &#8211;<br />
Pl. del Gas, 1, 08003 Barcelona</a></span></span></p>
<p style="text-align: center;"><span style="color: #ffffff;">Space is limited<br />
</span><a href="https://www.fundacionnaturgy.org/wp-content/uploads/2019/06/els-juliols-barcelona-2019-3.pdf"><span style="text-decoration: underline; color: #ffffff;">Programme</span></a></p>
<p>[/vc_column_text][/vc_column][/vc_row][vc_row][vc_column][vc_column_text]</p>
<h4>Schedule</h4>
<p><strong>Moderator of the seminar: </strong><span style="color: #e57200;">Mariano Marzo</span>, professor, University of Barcelona</p>
<p>09.00 am Opening session<br />
<span style="color: #e57200;">Mª Eugenia Coronado</span>, managing director, Naturgy Foundation<br />
<span style="color: #e57200;">Albert Cirera</span>, Vice-Rector of Entrepreneurship, Transfer and Innovation, University of Barcelona</p>
<p><strong>09.30 am What is digitisation?</strong><strong> What is it for? What are the main technologies? Applications and impact on competitiveness </strong><br />
<span style="color: #e57200;">Eduardo Calvo</span>, professor, IESE</p>
<p><strong>10.15 am The impact of digitisation on society and employment.</strong><strong> What should new training entail?</strong><br />
<span style="color: #e57200;">Antoni Garrell</span>, managing director, ESDi Foundation (FUNDIT)</p>
<p><strong>10.45 am </strong>Q&amp;A session</p>
<p><strong>11.00 am </strong>Coffee break</p>
<p><strong>11.30 am </strong><strong>Block I. Practical cases of digitisation</strong></p>
<p><strong>The energy sector: encouraging the use of data analytics to optimise the photovoltaic plants</strong><br />
<span style="color: #e57200;">Beatriz von Munthe Af Morgenstierne Ramirez</span>, Digitisation Project, Naturgy</p>
<p><strong>The retail sector</strong><br />
<span style="color: #e57200;">Mosiri Cabezas</span>, head of digital transformation and <em>eCommerce</em>, IKEA Spain</p>
<p><strong>The financial sector: the digital bank</strong><br />
<span style="color: #e57200;">Xavier Bombí</span>, strategy partner of the financial sector, KPMG in Catalonia</p>
<p><strong>The telecommunications sector: how to evolve towards digital telecoms based on platforms</strong><br />
<span style="color: #e57200;">Carlos Rabazo</span>, Digital Transformation Manager, Telefónica Empresas</p>
<p><strong>13. 15 pm </strong>Q&amp;A session</p>
<p><strong>13.30 pm </strong>Cocktails—Networking</p>
<p><strong>14.30 pm </strong><strong>Block II. Practical cases of digitisation</strong></p>
<p><strong>The health sector: continuous improvement with digital disruption. Caso Sanofi</strong><br />
<span style="color: #e57200;">Borja Tinao Pérez-Miravete</span>, Innovation Center for Advanced Manufacturing Director, Altran</p>
<p><strong>The logistics sector: creation of a new business unit</strong><br />
<span style="color: #e57200;">Fernando J. García Pardo</span>, Enterprise Account Manager, Amazon Web Services</p>
<p><strong>The tourism sector: comprehensive vision tools of the business-client impact</strong><br />
<span style="color: #e57200;">Ingrid de la Fuente</span>, Global Technical Services Department, Meliá Hotels International<br />
<span style="color: #e57200;">Diego Viu</span>, Technical Projects and Compliance Specialist, Meliá Hotels International</p>
<p><strong>15.40 pm A vision of the future</strong><br />
<span style="color: #e57200;">José Manuel García Gavilán</span>, Strategic Customers Director, Google Cloud</p>
<p><strong>16.10 pm </strong>Q&amp;A session</p>
<p><strong>16.30 pm </strong>Closing session<br />
<span style="color: #e57200;">Mª Eugenia Coronado</span>, managing director, Naturgy Foundation<br />
<span style="color: #e57200;">Mariano Marzo</span>, professor, University of Barcelona</p>
<p><strong>17.00 pm<br />
</strong>End of seminar[/vc_column_text][vc_empty_space height=&#8221;18px&#8221;][vc_separator color=&#8221;custom&#8221; accent_color=&#8221;#b2c7d4&#8243;][/vc_column][/vc_row]</p>
